{"id":36515,"date":"2018-12-10T13:57:05","date_gmt":"2018-12-10T12:57:05","guid":{"rendered":"https:\/\/alzira.es\/promocion\/"},"modified":"2021-08-31T13:53:19","modified_gmt":"2021-08-31T11:53:19","slug":"promocion","status":"publish","type":"page","link":"https:\/\/alzira.es\/es\/servicios-municipales\/serval\/promocion\/","title":{"rendered":"Promoci\u00f3n"},"content":{"rendered":"\n<p>Contenido disponible dentro del men\u00fa de Promoci\u00f3n:<\/p>\n\n\n\n<ul class=\"wp-block-list\"><li><strong><a href=\"https:\/\/alzira.es\/es\/servicios-municipales\/serval\/promocion\/campanas\/\">Campa\u00f1as<\/a><\/strong><\/li><li><a href=\"https:\/\/alzira.es\/es\/servicios-municipales\/serval\/promocion\/voluntariado-por-el-valenciano\/\"><strong>Voluntariado por el valenciano<\/strong><\/a><\/li><\/ul>\n","protected":false},"excerpt":{"rendered":"<p>Contenido disponible dentro del men\u00fa de Promoci\u00f3n: Campa\u00f1as Voluntariado por el valenciano<\/p>\n","protected":false},"author":12,"featured_media":0,"parent":34278,"menu_order":8,"comment_status":"closed","ping_status":"closed","template":"","meta":{"_acf_changed":false,"footnotes":""},"class_list":["post-36515","page","type-page","status-publish","hentry"],"acf":[],"_links":{"self":[{"href":"https:\/\/alzira.es\/es\/wp-json\/wp\/v2\/pages\/36515","targetHints":{"allow":["GET"]}}],"collection":[{"href":"https:\/\/alzira.es\/es\/wp-json\/wp\/v2\/pages"}],"about":[{"href":"https:\/\/alzira.es\/es\/wp-json\/wp\/v2\/types\/page"}],"author":[{"embeddable":true,"href":"https:\/\/alzira.es\/es\/wp-json\/wp\/v2\/users\/12"}],"replies":[{"embeddable":true,"href":"https:\/\/alzira.es\/es\/wp-json\/wp\/v2\/comments?post=36515"}],"version-history":[{"count":1,"href":"https:\/\/alzira.es\/es\/wp-json\/wp\/v2\/pages\/36515\/revisions"}],"predecessor-version":[{"id":87028,"href":"https:\/\/alzira.es\/es\/wp-json\/wp\/v2\/pages\/36515\/revisions\/87028"}],"up":[{"embeddable":true,"href":"https:\/\/alzira.es\/es\/wp-json\/wp\/v2\/pages\/34278"}],"wp:attachment":[{"href":"https:\/\/alzira.es\/es\/wp-json\/wp\/v2\/media?parent=36515"}],"curies":[{"name":"wp","href":"https:\/\/api.w.org\/{rel}","templated":true}]}}

Promoción

<p>Contenido disponible dentro del menú de Promoción:</p>



<ul class="wp-block-list"><li><strong><a href="https://alzira.es/es/servicios-municipales/serval/promocion/campanas/">Campañas</a></strong></li><li><a href="https://alzira.es/es/servicios-municipales/serval/promocion/voluntariado-por-el-valenciano/"><strong>Voluntariado por el valenciano</strong></a></li></ul>

<p>Contenido disponible dentro del menú de Promoción: Campañas Voluntariado por el valenciano</p>
