{"id":171328,"date":"2026-04-20T11:40:35","date_gmt":"2026-04-20T09:40:35","guid":{"rendered":"https:\/\/alzira.es\/?page_id=171328"},"modified":"2026-04-21T11:45:47","modified_gmt":"2026-04-21T09:45:47","slug":"convocatoria-05-2026-seleccion-en-propiedad-por-el-sistema-de-concurso-oposicion-libre-dos-plazas-de-educador-a-social-subgrupo-a2","status":"publish","type":"page","link":"https:\/\/alzira.es\/es\/servicios-municipales\/recursos-humanos\/empleo-permanente\/convocatoria-05-2026-seleccion-en-propiedad-por-el-sistema-de-concurso-oposicion-libre-dos-plazas-de-educador-a-social-subgrupo-a2\/","title":{"rendered":"CONVOCATORIA 05\/2026.- Selecci\u00f3n en propiedad por el sistema de concurso-oposici\u00f3n libre: DOS plazas de EDUCADOR\/A SOCIAL, subgrupo A2."},"content":{"rendered":"<p><span style=\"color: #000000;\"><strong>NOVEDAD: PENDIENTE DE PUBLICACI\u00d3N EN EL BOE.<\/strong><\/span><\/p>\n<\/p>\n<p><strong>DOCUMENTOS DEL EXPEDIENTE:<\/strong><\/p>\n\n\n<figure class=\"wp-block-table is-style-stripes\"><table><tbody><tr><td><strong>Nombre Fichero<\/strong><\/td><td class=\"has-text-align-center\" data-align=\"center\"><strong>Fecha Publicaci\u00f3n<\/strong><\/td><\/tr><tr><td><a href=\"https:\/\/alzira.es\/wp-content\/uploads\/2023\/03\/02_Anunci-BOPV-bases-Educador-a-Social-15042026.pdf\">Anuncio BOPV bases que han de regir la convocatoria para la selecci\u00f3n de dos plazas de Educador\/a Social, por el sistema de concurso-oposici\u00f3n libre<\/a><\/td><td class=\"has-text-align-center\" data-align=\"center\">21\/04\/2026<\/td><\/tr><tr><td>Hoja de autobaremaci\u00f3n Educador\/a Social, subgrupo A2<\/td><td class=\"has-text-align-center\" data-align=\"center\"><\/td><\/tr><tr><td>Anuncio DOGV convocatoria 05\/2026<\/td><td class=\"has-text-align-center\" data-align=\"center\"><\/td><\/tr><tr><td>Anuncio BOE convocatoria 05\/2026<\/td><td class=\"has-text-align-center\" data-align=\"center\"><\/td><\/tr><tr><td><\/td><td class=\"has-text-align-center\" data-align=\"center\"><\/td><\/tr><tr><td><\/td><td class=\"has-text-align-center\" data-align=\"center\"><\/td><\/tr><tr><td><\/td><td class=\"has-text-align-center\" data-align=\"center\"><\/td><\/tr><\/tbody><\/table><\/figure>\n\n\n\n<p><\/p>\n","protected":false},"excerpt":{"rendered":"<p>NOVEDAD: PENDIENTE DE PUBLICACI\u00d3N EN EL BOE. DOCUMENTOS DEL EXPEDIENTE: Nombre Fichero Fecha Publicaci\u00f3n Anuncio BOPV bases que han de regir la convocatoria para la selecci\u00f3n de dos plazas de Educador\/a Social, por el sistema de concurso-oposici\u00f3n libre 21\/04\/2026 Hoja de autobaremaci\u00f3n Educador\/a Social, subgrupo A2 Anuncio DOGV convocatoria 05\/2026 Anuncio BOE convocatoria 05\/2026<\/p>\n","protected":false},"author":156,"featured_media":0,"parent":105851,"menu_order":0,"comment_status":"closed","ping_status":"closed","template":"","meta":{"_acf_changed":false,"footnotes":""},"class_list":["post-171328","page","type-page","status-publish","hentry"],"acf":[],"_links":{"self":[{"href":"https:\/\/alzira.es\/es\/wp-json\/wp\/v2\/pages\/171328","targetHints":{"allow":["GET"]}}],"collection":[{"href":"https:\/\/alzira.es\/es\/wp-json\/wp\/v2\/pages"}],"about":[{"href":"https:\/\/alzira.es\/es\/wp-json\/wp\/v2\/types\/page"}],"author":[{"embeddable":true,"href":"https:\/\/alzira.es\/es\/wp-json\/wp\/v2\/users\/156"}],"replies":[{"embeddable":true,"href":"https:\/\/alzira.es\/es\/wp-json\/wp\/v2\/comments?post=171328"}],"version-history":[{"count":2,"href":"https:\/\/alzira.es\/es\/wp-json\/wp\/v2\/pages\/171328\/revisions"}],"predecessor-version":[{"id":171365,"href":"https:\/\/alzira.es\/es\/wp-json\/wp\/v2\/pages\/171328\/revisions\/171365"}],"up":[{"embeddable":true,"href":"https:\/\/alzira.es\/es\/wp-json\/wp\/v2\/pages\/105851"}],"wp:attachment":[{"href":"https:\/\/alzira.es\/es\/wp-json\/wp\/v2\/media?parent=171328"}],"curies":[{"name":"wp","href":"https:\/\/api.w.org\/{rel}","templated":true}]}}

CONVOCATORIA 05/2026.- Selección en propiedad por el sistema de concurso-oposición libre: DOS plazas de EDUCADOR/A SOCIAL, subgrupo A2.

<p><span style="color: #000000;"><strong>NOVEDAD: PENDIENTE DE PUBLICACIÓN EN EL BOE.</strong></span></p>
</p>
<p><strong>DOCUMENTOS DEL EXPEDIENTE:</strong></p>


<figure class="wp-block-table is-style-stripes"><table><tbody><tr><td><strong>Nombre Fichero</strong></td><td class="has-text-align-center" data-align="center"><strong>Fecha Publicación</strong></td></tr><tr><td><a href="https://alzira.es/wp-content/uploads/2023/03/02_Anunci-BOPV-bases-Educador-a-Social-15042026.pdf">Anuncio BOPV bases que han de regir la convocatoria para la selección de dos plazas de Educador/a Social, por el sistema de concurso-oposición libre</a></td><td class="has-text-align-center" data-align="center">21/04/2026</td></tr><tr><td>Hoja de autobaremación Educador/a Social, subgrupo A2</td><td class="has-text-align-center" data-align="center"></td></tr><tr><td>Anuncio DOGV convocatoria 05/2026</td><td class="has-text-align-center" data-align="center"></td></tr><tr><td>Anuncio BOE convocatoria 05/2026</td><td class="has-text-align-center" data-align="center"></td></tr><tr><td></td><td class="has-text-align-center" data-align="center"></td></tr><tr><td></td><td class="has-text-align-center" data-align="center"></td></tr><tr><td></td><td class="has-text-align-center" data-align="center"></td></tr></tbody></table></figure>



<p></p>

<p>NOVEDAD: PENDIENTE DE PUBLICACIÓN EN EL BOE. DOCUMENTOS DEL EXPEDIENTE: Nombre Fichero Fecha Publicación Anuncio BOPV bases que han de regir la convocatoria para la selección de dos plazas de Educador/a Social, por el sistema de concurso-oposición libre 21/04/2026 Hoja de autobaremación Educador/a Social, subgrupo A2 Anuncio DOGV convocatoria 05/2026 Anuncio BOE convocatoria 05/2026</p>
