{"id":171466,"date":"2026-04-27T13:11:40","date_gmt":"2026-04-27T11:11:40","guid":{"rendered":"https:\/\/alzira.es\/?post_type=mec-events&#038;p=171466"},"modified":"2026-04-27T13:11:40","modified_gmt":"2026-04-27T11:11:40","slug":"club-de-lectura-ulleres-lila-2","status":"publish","type":"mec-events","link":"https:\/\/alzira.es\/es\/agenda-alzira\/club-de-lectura-ulleres-lila-2\/","title":{"rendered":"Club de Lectura Ulleres Lila"},"content":{"rendered":"<p>\ud83d\udcda Club de Lectura Ulleres Lila \ud83d\udcda<br \/>\n\ud83d\uddd3 Dijous, 30 d&#8217;abril<br \/>\n\ud83d\udd55 18:00<br \/>\n\ud83d\udccd Biblioteca Municipal d&#8217;Alzira<br \/>\n\ud83d\udcd6 Llibre: \u201cDESPR\u00c9S DEL SALT\u00bb, de Nat\u00e0lia Gibert Abad<\/p>\n<p>\u2728 Sinopsi: Quan Sofia Pastor, una jove i prometedora psic\u00f2loga, es precipita des de la imponent cascada del Salt d\u2019Alcoi, la vida de la seua fam\u00edlia cau tamb\u00e9 en l\u2019abisme. Tot i que les proves forenses inicials apunten cap a un su\u00efcidi, una fotografia enigm\u00e0tica desvela la possible pres\u00e8ncia d\u2019una altra persona en el lloc dels fets. Negant-se a acceptar la versi\u00f3 oficial, J\u00falia Pastor, la germana de Sofia, s\u2019enfronta a una realitat trencadora. Conven\u00e7uda que la germana no hauria optat mai per acabar amb la seua vida, J\u00falia s\u2019endinsa en una investigaci\u00f3 personal plena de riscos. Amb cada nova pista, s\u2019obrin m\u00e9s interrogants sobre les circumst\u00e0ncies que envolten la mort de Sofia. Qui estava amb ella a la cascada? Quins secrets amagava Sofia?<\/p>\n<p>\ud83d\udc49 Dinamitza: Nat\u00e0lia Gibert Abad i la Unitat d&#8217;Igualtat de Serveis Socials.<\/p>\n<p><a href=\"https:\/\/alzira.es\/wp-content\/uploads\/2026\/04\/despres-del-salt.jpg\" target=\"_blank\" rel=\"noopener\"><img fetchpriority=\"high\" decoding=\"async\" class=\"aligncenter wp-image-171467 size-full\" src=\"https:\/\/alzira.es\/wp-content\/uploads\/2026\/04\/despres-del-salt.jpg\" alt=\"Club de Lectura Ulleres Lila\" width=\"1600\" height=\"1130\" srcset=\"https:\/\/alzira.es\/wp-content\/uploads\/2026\/04\/despres-del-salt.jpg 1600w, https:\/\/alzira.es\/wp-content\/uploads\/2026\/04\/despres-del-salt-680x480.jpg 680w, https:\/\/alzira.es\/wp-content\/uploads\/2026\/04\/despres-del-salt-1430x1010.jpg 1430w, https:\/\/alzira.es\/wp-content\/uploads\/2026\/04\/despres-del-salt-768x542.jpg 768w, https:\/\/alzira.es\/wp-content\/uploads\/2026\/04\/despres-del-salt-1536x1085.jpg 1536w\" sizes=\"(max-width: 706px) 89vw, (max-width: 767px) 82vw, 740px\" \/><\/a><\/p>\n","protected":false},"excerpt":{"rendered":"<p>\ud83d\udcda Club de Lectura Ulleres Lila \ud83d\udcda \ud83d\uddd3 Dijous, 30 d&#8217;abril \ud83d\udd55 18:00 \ud83d\udccd Biblioteca Municipal d&#8217;Alzira \ud83d\udcd6 Llibre: \u201cDESPR\u00c9S DEL SALT\u00bb, de Nat\u00e0lia Gibert Abad \u2728 Sinopsi: Quan Sofia Pastor, una jove i prometedora psic\u00f2loga, es precipita des de la imponent cascada del Salt d\u2019Alcoi, la vida de la seua fam\u00edlia cau tamb\u00e9 en &hellip; <\/p>\n<p class=\"link-more\"><a href=\"https:\/\/alzira.es\/es\/agenda-alzira\/club-de-lectura-ulleres-lila-2\/\" class=\"more-link\">Continuar leyendo<span class=\"screen-reader-text\"> \u00abClub de Lectura Ulleres Lila\u00bb<\/span><\/a><\/p>\n","protected":false},"author":29,"featured_media":171467,"comment_status":"closed","ping_status":"closed","template":"","tags":[],"mec_category":[5173],"class_list":["post-171466","mec-events","type-mec-events","status-publish","has-post-thumbnail","hentry","mec_category-igualtat"],"acf":[],"_links":{"self":[{"href":"https:\/\/alzira.es\/es\/wp-json\/wp\/v2\/mec-events\/171466","targetHints":{"allow":["GET"]}}],"collection":[{"href":"https:\/\/alzira.es\/es\/wp-json\/wp\/v2\/mec-events"}],"about":[{"href":"https:\/\/alzira.es\/es\/wp-json\/wp\/v2\/types\/mec-events"}],"author":[{"embeddable":true,"href":"https:\/\/alzira.es\/es\/wp-json\/wp\/v2\/users\/29"}],"replies":[{"embeddable":true,"href":"https:\/\/alzira.es\/es\/wp-json\/wp\/v2\/comments?post=171466"}],"wp:featuredmedia":[{"embeddable":true,"href":"https:\/\/alzira.es\/es\/wp-json\/wp\/v2\/media\/171467"}],"wp:attachment":[{"href":"https:\/\/alzira.es\/es\/wp-json\/wp\/v2\/media?parent=171466"}],"wp:term":[{"taxonomy":"post_tag","embeddable":true,"href":"https:\/\/alzira.es\/es\/wp-json\/wp\/v2\/tags?post=171466"},{"taxonomy":"mec_category","embeddable":true,"href":"https:\/\/alzira.es\/es\/wp-json\/wp\/v2\/mec_category?post=171466"}],"curies":[{"name":"wp","href":"https:\/\/api.w.org\/{rel}","templated":true}]}}

<p>📚 Club de Lectura Ulleres Lila 📚<br />
🗓 Dijous, 30 d&#8217;abril<br />
🕕 18:00<br />
📍 Biblioteca Municipal d&#8217;Alzira<br />
📖 Llibre: “DESPRÉS DEL SALT», de Natàlia Gibert Abad</p>
<p>✨ Sinopsi: Quan Sofia Pastor, una jove i prometedora psicòloga, es precipita des de la imponent cascada del Salt d’Alcoi, la vida de la seua família cau també en l’abisme. Tot i que les proves forenses inicials apunten cap a un suïcidi, una fotografia enigmàtica desvela la possible presència d’una altra persona en el lloc dels fets. Negant-se a acceptar la versió oficial, Júlia Pastor, la germana de Sofia, s’enfronta a una realitat trencadora. Convençuda que la germana no hauria optat mai per acabar amb la seua vida, Júlia s’endinsa en una investigació personal plena de riscos. Amb cada nova pista, s’obrin més interrogants sobre les circumstàncies que envolten la mort de Sofia. Qui estava amb ella a la cascada? Quins secrets amagava Sofia?</p>
<p>👉 Dinamitza: Natàlia Gibert Abad i la Unitat d&#8217;Igualtat de Serveis Socials.</p>
<p><a href="https://alzira.es/wp-content/uploads/2026/04/despres-del-salt.jpg" target="_blank" rel="noopener"><img fetchpriority="high" decoding="async" class="aligncenter wp-image-171467 size-full" src="https://alzira.es/wp-content/uploads/2026/04/despres-del-salt.jpg" alt="Club de Lectura Ulleres Lila" width="1600" height="1130" srcset="https://alzira.es/wp-content/uploads/2026/04/despres-del-salt.jpg 1600w, https://alzira.es/wp-content/uploads/2026/04/despres-del-salt-680x480.jpg 680w, https://alzira.es/wp-content/uploads/2026/04/despres-del-salt-1430x1010.jpg 1430w, https://alzira.es/wp-content/uploads/2026/04/despres-del-salt-768x542.jpg 768w, https://alzira.es/wp-content/uploads/2026/04/despres-del-salt-1536x1085.jpg 1536w" sizes="(max-width: 706px) 89vw, (max-width: 767px) 82vw, 740px" /></a></p>

<p>📚 Club de Lectura Ulleres Lila 📚 🗓 Dijous, 30 d&#8217;abril 🕕 18:00 📍 Biblioteca Municipal d&#8217;Alzira 📖 Llibre: “DESPRÉS DEL SALT», de Natàlia Gibert Abad ✨ Sinopsi: Quan Sofia Pastor, una jove i prometedora psicòloga, es precipita des de la imponent cascada del Salt d’Alcoi, la vida de la seua família cau també en &hellip; </p>
<p class="link-more"><a href="https://alzira.es/es/agenda-alzira/club-de-lectura-ulleres-lila-2/" class="more-link">Continuar leyendo<span class="screen-reader-text"> «Club de Lectura Ulleres Lila»</span></a></p>
