{"id":171358,"date":"2026-04-20T15:02:17","date_gmt":"2026-04-20T13:02:17","guid":{"rendered":"https:\/\/alzira.es\/?post_type=mec-events&#038;p=171358"},"modified":"2026-04-20T15:02:17","modified_gmt":"2026-04-20T13:02:17","slug":"presentacio-del-poemari-el-arte-de-amar-tras-desamar","status":"publish","type":"mec-events","link":"https:\/\/alzira.es\/es\/agenda-alzira\/presentacio-del-poemari-el-arte-de-amar-tras-desamar\/","title":{"rendered":"Presentaci\u00f3 del poemari \u00abEl arte de amar tras (des)amar\u00bb"},"content":{"rendered":"<div><b><u data-olk-copy-source=\"MessageBody\">Divendres 24 d\u00b4abril de 2026 a les 18:00 hores<\/u><\/b><\/div>\n<div><b><u>\u00a0<\/u><\/b><\/div>\n<div>Presentaci\u00f3 del poemari \u00abEl arte de amar tras (des)amar\u00bb, a c\u00e0rrec de\u00a0Yasmina Mayordomo Martinez.<\/div>\n<div aria-hidden=\"true\"><\/div>\n<div>Lloc: 3\u00aa planta de la biblioteca. Per a p\u00fablic adult.<\/div>\n<div><b><u>\u00a0<\/u><\/b><\/div>\n<div>Sinopsi: \u00bfAlguna vez te has sentido tan perdida que no has logrado reconocerte en el espejo? \u201cEl arte de amar tras (des)amar\u201d es un viaje visceral por el naufragio del amor. Un recorrido a trav\u00e9s de la experiencia de verlo morir y de la ca\u00edda posterior: esa en la que una termina rota en mil pedazos y consumida por la culpa hasta perder la propia identidad. Culpa por haberse ido, por haberse quedado demasiado tiempo o, incluso, por el miedo a volver a enamorarse.<\/div>\n<div>A trav\u00e9s de versos crudos y honestos, este poemario nos sumerge en el dolor m\u00e1s profundo, en el lento proceso de reconstrucci\u00f3n y en el valor de atreverse a elegir el amor, con miedo o sin \u00e9l, pero con la certeza de que siempre vale la pena volver a sentir. Porque no importa cu\u00e1n roto est\u00e9, el coraz\u00f3n siempre encuentra la forma de seguir latiendo.<b><u><\/u><\/b><\/div>\n<div><\/div>\n<div>Vos esperem!<\/div>\n<div><\/div>\n<p><a href=\"https:\/\/alzira.es\/wp-content\/uploads\/2026\/04\/24042026_El_arte_de_amar_tras_des_amar-scaled.jpg\"><img fetchpriority=\"high\" decoding=\"async\" class=\"aligncenter size-full wp-image-171359\" src=\"https:\/\/alzira.es\/wp-content\/uploads\/2026\/04\/24042026_El_arte_de_amar_tras_des_amar-scaled.jpg\" alt=\"Presentaci\u00f3 del poemari &quot;El arte de amar tras (des)amar&quot;,\" width=\"1686\" height=\"2560\" srcset=\"https:\/\/alzira.es\/wp-content\/uploads\/2026\/04\/24042026_El_arte_de_amar_tras_des_amar-scaled.jpg 1686w, https:\/\/alzira.es\/wp-content\/uploads\/2026\/04\/24042026_El_arte_de_amar_tras_des_amar-336x510.jpg 336w, https:\/\/alzira.es\/wp-content\/uploads\/2026\/04\/24042026_El_arte_de_amar_tras_des_amar-706x1072.jpg 706w, https:\/\/alzira.es\/wp-content\/uploads\/2026\/04\/24042026_El_arte_de_amar_tras_des_amar-768x1166.jpg 768w, https:\/\/alzira.es\/wp-content\/uploads\/2026\/04\/24042026_El_arte_de_amar_tras_des_amar-1012x1536.jpg 1012w, https:\/\/alzira.es\/wp-content\/uploads\/2026\/04\/24042026_El_arte_de_amar_tras_des_amar-1349x2048.jpg 1349w\" sizes=\"(max-width: 706px) 89vw, (max-width: 767px) 82vw, 740px\" \/><\/a><\/p>\n","protected":false},"excerpt":{"rendered":"<p>Divendres 24 d\u00b4abril de 2026 a les 18:00 hores \u00a0 Presentaci\u00f3 del poemari \u00abEl arte de amar tras (des)amar\u00bb, a c\u00e0rrec de\u00a0Yasmina Mayordomo Martinez. Lloc: 3\u00aa planta de la biblioteca. Per a p\u00fablic adult. \u00a0 Sinopsi: \u00bfAlguna vez te has sentido tan perdida que no has logrado reconocerte en el espejo? \u201cEl arte de amar &hellip; <\/p>\n<p class=\"link-more\"><a href=\"https:\/\/alzira.es\/es\/agenda-alzira\/presentacio-del-poemari-el-arte-de-amar-tras-desamar\/\" class=\"more-link\">Continuar leyendo<span class=\"screen-reader-text\"> \u00abPresentaci\u00f3 del poemari \u00abEl arte de amar tras (des)amar\u00bb\u00bb<\/span><\/a><\/p>\n","protected":false},"author":29,"featured_media":171359,"comment_status":"closed","ping_status":"closed","template":"","tags":[],"mec_category":[5165],"class_list":["post-171358","mec-events","type-mec-events","status-publish","has-post-thumbnail","hentry","mec_category-presentacio"],"acf":[],"_links":{"self":[{"href":"https:\/\/alzira.es\/es\/wp-json\/wp\/v2\/mec-events\/171358","targetHints":{"allow":["GET"]}}],"collection":[{"href":"https:\/\/alzira.es\/es\/wp-json\/wp\/v2\/mec-events"}],"about":[{"href":"https:\/\/alzira.es\/es\/wp-json\/wp\/v2\/types\/mec-events"}],"author":[{"embeddable":true,"href":"https:\/\/alzira.es\/es\/wp-json\/wp\/v2\/users\/29"}],"replies":[{"embeddable":true,"href":"https:\/\/alzira.es\/es\/wp-json\/wp\/v2\/comments?post=171358"}],"wp:featuredmedia":[{"embeddable":true,"href":"https:\/\/alzira.es\/es\/wp-json\/wp\/v2\/media\/171359"}],"wp:attachment":[{"href":"https:\/\/alzira.es\/es\/wp-json\/wp\/v2\/media?parent=171358"}],"wp:term":[{"taxonomy":"post_tag","embeddable":true,"href":"https:\/\/alzira.es\/es\/wp-json\/wp\/v2\/tags?post=171358"},{"taxonomy":"mec_category","embeddable":true,"href":"https:\/\/alzira.es\/es\/wp-json\/wp\/v2\/mec_category?post=171358"}],"curies":[{"name":"wp","href":"https:\/\/api.w.org\/{rel}","templated":true}]}}

Presentació del poemari «El arte de amar tras (des)amar»

<div><b><u data-olk-copy-source="MessageBody">Divendres 24 d´abril de 2026 a les 18:00 hores</u></b></div>
<div><b><u> </u></b></div>
<div>Presentació del poemari «El arte de amar tras (des)amar», a càrrec de Yasmina Mayordomo Martinez.</div>
<div aria-hidden="true"></div>
<div>Lloc: 3ª planta de la biblioteca. Per a públic adult.</div>
<div><b><u> </u></b></div>
<div>Sinopsi: ¿Alguna vez te has sentido tan perdida que no has logrado reconocerte en el espejo? “El arte de amar tras (des)amar” es un viaje visceral por el naufragio del amor. Un recorrido a través de la experiencia de verlo morir y de la caída posterior: esa en la que una termina rota en mil pedazos y consumida por la culpa hasta perder la propia identidad. Culpa por haberse ido, por haberse quedado demasiado tiempo o, incluso, por el miedo a volver a enamorarse.</div>
<div>A través de versos crudos y honestos, este poemario nos sumerge en el dolor más profundo, en el lento proceso de reconstrucción y en el valor de atreverse a elegir el amor, con miedo o sin él, pero con la certeza de que siempre vale la pena volver a sentir. Porque no importa cuán roto esté, el corazón siempre encuentra la forma de seguir latiendo.<b><u></u></b></div>
<div></div>
<div>Vos esperem!</div>
<div></div>
<p><a href="https://alzira.es/wp-content/uploads/2026/04/24042026_El_arte_de_amar_tras_des_amar-scaled.jpg"><img fetchpriority="high" decoding="async" class="aligncenter size-full wp-image-171359" src="https://alzira.es/wp-content/uploads/2026/04/24042026_El_arte_de_amar_tras_des_amar-scaled.jpg" alt="Presentació del poemari &quot;El arte de amar tras (des)amar&quot;," width="1686" height="2560" srcset="https://alzira.es/wp-content/uploads/2026/04/24042026_El_arte_de_amar_tras_des_amar-scaled.jpg 1686w, https://alzira.es/wp-content/uploads/2026/04/24042026_El_arte_de_amar_tras_des_amar-336x510.jpg 336w, https://alzira.es/wp-content/uploads/2026/04/24042026_El_arte_de_amar_tras_des_amar-706x1072.jpg 706w, https://alzira.es/wp-content/uploads/2026/04/24042026_El_arte_de_amar_tras_des_amar-768x1166.jpg 768w, https://alzira.es/wp-content/uploads/2026/04/24042026_El_arte_de_amar_tras_des_amar-1012x1536.jpg 1012w, https://alzira.es/wp-content/uploads/2026/04/24042026_El_arte_de_amar_tras_des_amar-1349x2048.jpg 1349w" sizes="(max-width: 706px) 89vw, (max-width: 767px) 82vw, 740px" /></a></p>

<p>Divendres 24 d´abril de 2026 a les 18:00 hores   Presentació del poemari «El arte de amar tras (des)amar», a càrrec de Yasmina Mayordomo Martinez. Lloc: 3ª planta de la biblioteca. Per a públic adult.   Sinopsi: ¿Alguna vez te has sentido tan perdida que no has logrado reconocerte en el espejo? “El arte de amar &hellip; </p>
<p class="link-more"><a href="https://alzira.es/es/agenda-alzira/presentacio-del-poemari-el-arte-de-amar-tras-desamar/" class="more-link">Continuar leyendo<span class="screen-reader-text"> «Presentació del poemari «El arte de amar tras (des)amar»»</span></a></p>
