{"id":171349,"date":"2026-04-20T14:54:53","date_gmt":"2026-04-20T12:54:53","guid":{"rendered":"https:\/\/alzira.es\/?post_type=mec-events&#038;p=171349"},"modified":"2026-04-20T14:54:53","modified_gmt":"2026-04-20T12:54:53","slug":"v-lliga-benjami-i-alevi-de-natacio","status":"publish","type":"mec-events","link":"https:\/\/alzira.es\/es\/agenda-alzira\/v-lliga-benjami-i-alevi-de-natacio\/","title":{"rendered":"V Lliga Benjam\u00ed i Alev\u00ed de nataci\u00f3"},"content":{"rendered":"<p>\ud83d\udcc5 Diumenge 26 d&#8217;abril de 2026<br \/>\n\ud83d\udccd Piscines Municipals<br \/>\n\ud83d\udc49 Informen als usuaries, que amb motiu d&#8217;una competici\u00f3 de nataci\u00f3, les piscines d&#8217;estiu romandran tancades. Disculpen les mol\u00e8sties.<\/p>\n<p><a href=\"https:\/\/alzira.es\/wp-content\/uploads\/2026\/04\/compteticio-de-natacio.jpeg\" target=\"_blank\" rel=\"noopener\"><img fetchpriority=\"high\" decoding=\"async\" class=\"aligncenter wp-image-171350 size-full\" src=\"https:\/\/alzira.es\/wp-content\/uploads\/2026\/04\/compteticio-de-natacio.jpeg\" alt=\"Competici\u00f3 de nataci\u00f3\" width=\"592\" height=\"780\" srcset=\"https:\/\/alzira.es\/wp-content\/uploads\/2026\/04\/compteticio-de-natacio.jpeg 592w, https:\/\/alzira.es\/wp-content\/uploads\/2026\/04\/compteticio-de-natacio-387x510.jpeg 387w\" sizes=\"(max-width: 592px) 100vw, 592px\" \/><\/a><\/p>\n","protected":false},"excerpt":{"rendered":"<p>\ud83d\udcc5 Diumenge 26 d&#8217;abril de 2026 \ud83d\udccd Piscines Municipals \ud83d\udc49 Informen als usuaries, que amb motiu d&#8217;una competici\u00f3 de nataci\u00f3, les piscines d&#8217;estiu romandran tancades. Disculpen les mol\u00e8sties.<\/p>\n","protected":false},"author":29,"featured_media":171350,"comment_status":"closed","ping_status":"closed","template":"","tags":[],"mec_category":[5016],"class_list":["post-171349","mec-events","type-mec-events","status-publish","has-post-thumbnail","hentry","mec_category-esport"],"acf":[],"_links":{"self":[{"href":"https:\/\/alzira.es\/es\/wp-json\/wp\/v2\/mec-events\/171349","targetHints":{"allow":["GET"]}}],"collection":[{"href":"https:\/\/alzira.es\/es\/wp-json\/wp\/v2\/mec-events"}],"about":[{"href":"https:\/\/alzira.es\/es\/wp-json\/wp\/v2\/types\/mec-events"}],"author":[{"embeddable":true,"href":"https:\/\/alzira.es\/es\/wp-json\/wp\/v2\/users\/29"}],"replies":[{"embeddable":true,"href":"https:\/\/alzira.es\/es\/wp-json\/wp\/v2\/comments?post=171349"}],"wp:featuredmedia":[{"embeddable":true,"href":"https:\/\/alzira.es\/es\/wp-json\/wp\/v2\/media\/171350"}],"wp:attachment":[{"href":"https:\/\/alzira.es\/es\/wp-json\/wp\/v2\/media?parent=171349"}],"wp:term":[{"taxonomy":"post_tag","embeddable":true,"href":"https:\/\/alzira.es\/es\/wp-json\/wp\/v2\/tags?post=171349"},{"taxonomy":"mec_category","embeddable":true,"href":"https:\/\/alzira.es\/es\/wp-json\/wp\/v2\/mec_category?post=171349"}],"curies":[{"name":"wp","href":"https:\/\/api.w.org\/{rel}","templated":true}]}}

V Lliga Benjamí i Aleví de natació

<p>📅 Diumenge 26 d&#8217;abril de 2026<br />
📍 Piscines Municipals<br />
👉 Informen als usuaries, que amb motiu d&#8217;una competició de natació, les piscines d&#8217;estiu romandran tancades. Disculpen les molèsties.</p>
<p><a href="https://alzira.es/wp-content/uploads/2026/04/compteticio-de-natacio.jpeg" target="_blank" rel="noopener"><img fetchpriority="high" decoding="async" class="aligncenter wp-image-171350 size-full" src="https://alzira.es/wp-content/uploads/2026/04/compteticio-de-natacio.jpeg" alt="Competició de natació" width="592" height="780" srcset="https://alzira.es/wp-content/uploads/2026/04/compteticio-de-natacio.jpeg 592w, https://alzira.es/wp-content/uploads/2026/04/compteticio-de-natacio-387x510.jpeg 387w" sizes="(max-width: 592px) 100vw, 592px" /></a></p>

<p>📅 Diumenge 26 d&#8217;abril de 2026 📍 Piscines Municipals 👉 Informen als usuaries, que amb motiu d&#8217;una competició de natació, les piscines d&#8217;estiu romandran tancades. Disculpen les molèsties.</p>
