{"id":160530,"date":"2025-05-13T12:06:38","date_gmt":"2025-05-13T10:06:38","guid":{"rendered":"https:\/\/alzira.es\/?post_type=mec-events&#038;p=160530"},"modified":"2025-05-21T14:11:07","modified_gmt":"2025-05-21T12:11:07","slug":"alzira-aposta-pel-verd","status":"publish","type":"mec-events","link":"https:\/\/alzira.es\/es\/agenda-alzira\/alzira-aposta-pel-verd\/","title":{"rendered":"Alzira aposta pel verd"},"content":{"rendered":"<p>\u267b\ufe0f \ud835\uddd4\ud835\uddf9\ud835\ude07\ud835\uddf6\ud835\uddff\ud835\uddee \ud835\uddee\ud835\uddfd\ud835\uddfc\ud835\ude00\ud835\ude01\ud835\uddee \ud835\uddfd\ud835\uddf2\ud835\uddf9 \ud835\ude03\ud835\uddf2\ud835\uddff\ud835\uddf1: en la nova edici\u00f3 de la Biosfira 2.0 i la segona edici\u00f3 de les Jornades Alzira en Verd, per a una Transici\u00f3 Ecol\u00f2gica Justa<br \/>\n\ud83d\udcc5 Del19 al 25 de maig es concentren m\u00e9s de 70 \ud835\uddee\ud835\uddf0\ud835\ude01\ud835\uddf6\ud835\ude03\ud835\uddf6\ud835\ude01\ud835\uddee\ud835\ude01\ud835\ude00 entre xarrades, tallers, taules redones, m\u00fasica, expositors o mercat de la terra<br \/>\n\ud83d\udfe2 Comen\u00e7arem amb la segona edici\u00f3 de de les Jornades Alzira en verd que es faran al MUMA i a la Casa de la Cultura del 19 al 23 de maig<br \/>\n\ud83d\udfe2La Biosfira 2.0 , ser\u00e0 com sempre al parc de l\u2019Alquen\u00e8ncia durant el cap de setmana del 24 i 25 de maig<\/p>\n<p><a href=\"https:\/\/alzira.es\/wp-content\/uploads\/2025\/05\/JORNADES.pdf\" target=\"_blank\" rel=\"noopener\"><img fetchpriority=\"high\" decoding=\"async\" class=\"aligncenter size-full wp-image-160531\" src=\"https:\/\/alzira.es\/wp-content\/uploads\/2025\/05\/jornades.png\" alt=\"\" width=\"1083\" height=\"1531\" srcset=\"https:\/\/alzira.es\/wp-content\/uploads\/2025\/05\/jornades.png 1083w, https:\/\/alzira.es\/wp-content\/uploads\/2025\/05\/jornades-361x510.png 361w, https:\/\/alzira.es\/wp-content\/uploads\/2025\/05\/jornades-758x1072.png 758w, https:\/\/alzira.es\/wp-content\/uploads\/2025\/05\/jornades-768x1086.png 768w\" sizes=\"(max-width: 706px) 89vw, (max-width: 767px) 82vw, 740px\" \/><\/a> <a href=\"https:\/\/alzira.es\/wp-content\/uploads\/2025\/05\/CARTELL_BIOSFIRA.pdf\" target=\"_blank\" rel=\"noopener\"><img decoding=\"async\" class=\"aligncenter wp-image-160533 size-full lazyload\" data-src=\"https:\/\/alzira.es\/wp-content\/uploads\/2025\/05\/CARTELL_BIOSFIRA.png\" alt=\"\" width=\"1107\" height=\"1565\" data-srcset=\"https:\/\/alzira.es\/wp-content\/uploads\/2025\/05\/CARTELL_BIOSFIRA.png 1107w, https:\/\/alzira.es\/wp-content\/uploads\/2025\/05\/CARTELL_BIOSFIRA-361x510.png 361w, https:\/\/alzira.es\/wp-content\/uploads\/2025\/05\/CARTELL_BIOSFIRA-758x1072.png 758w, https:\/\/alzira.es\/wp-content\/uploads\/2025\/05\/CARTELL_BIOSFIRA-768x1086.png 768w, https:\/\/alzira.es\/wp-content\/uploads\/2025\/05\/CARTELL_BIOSFIRA-1086x1536.png 1086w\" data-sizes=\"(max-width: 706px) 89vw, (max-width: 767px) 82vw, 740px\" src=\"data:image\/svg+xml;base64,PHN2ZyB3aWR0aD0iMSIgaGVpZ2h0PSIxIiB4bWxucz0iaHR0cDovL3d3dy53My5vcmcvMjAwMC9zdmciPjwvc3ZnPg==\" style=\"--smush-placeholder-width: 1107px; --smush-placeholder-aspect-ratio: 1107\/1565;\" \/><\/a><\/p>\n","protected":false},"excerpt":{"rendered":"<p>\u267b\ufe0f \ud835\uddd4\ud835\uddf9\ud835\ude07\ud835\uddf6\ud835\uddff\ud835\uddee \ud835\uddee\ud835\uddfd\ud835\uddfc\ud835\ude00\ud835\ude01\ud835\uddee \ud835\uddfd\ud835\uddf2\ud835\uddf9 \ud835\ude03\ud835\uddf2\ud835\uddff\ud835\uddf1: en la nova edici\u00f3 de la Biosfira 2.0 i la segona edici\u00f3 de les Jornades Alzira en Verd, per a una Transici\u00f3 Ecol\u00f2gica Justa \ud83d\udcc5 Del19 al 25 de maig es concentren m\u00e9s de 70 \ud835\uddee\ud835\uddf0\ud835\ude01\ud835\uddf6\ud835\ude03\ud835\uddf6\ud835\ude01\ud835\uddee\ud835\ude01\ud835\ude00 entre xarrades, tallers, taules redones, m\u00fasica, expositors o mercat de la terra \ud83d\udfe2 Comen\u00e7arem &hellip; <\/p>\n<p class=\"link-more\"><a href=\"https:\/\/alzira.es\/es\/agenda-alzira\/alzira-aposta-pel-verd\/\" class=\"more-link\">Continuar leyendo<span class=\"screen-reader-text\"> \u00abAlzira aposta pel verd\u00bb<\/span><\/a><\/p>\n","protected":false},"author":29,"featured_media":160531,"comment_status":"closed","ping_status":"closed","template":"","tags":[],"mec_category":[],"class_list":["post-160530","mec-events","type-mec-events","status-publish","has-post-thumbnail","hentry"],"acf":[],"_links":{"self":[{"href":"https:\/\/alzira.es\/es\/wp-json\/wp\/v2\/mec-events\/160530","targetHints":{"allow":["GET"]}}],"collection":[{"href":"https:\/\/alzira.es\/es\/wp-json\/wp\/v2\/mec-events"}],"about":[{"href":"https:\/\/alzira.es\/es\/wp-json\/wp\/v2\/types\/mec-events"}],"author":[{"embeddable":true,"href":"https:\/\/alzira.es\/es\/wp-json\/wp\/v2\/users\/29"}],"replies":[{"embeddable":true,"href":"https:\/\/alzira.es\/es\/wp-json\/wp\/v2\/comments?post=160530"}],"wp:featuredmedia":[{"embeddable":true,"href":"https:\/\/alzira.es\/es\/wp-json\/wp\/v2\/media\/160531"}],"wp:attachment":[{"href":"https:\/\/alzira.es\/es\/wp-json\/wp\/v2\/media?parent=160530"}],"wp:term":[{"taxonomy":"post_tag","embeddable":true,"href":"https:\/\/alzira.es\/es\/wp-json\/wp\/v2\/tags?post=160530"},{"taxonomy":"mec_category","embeddable":true,"href":"https:\/\/alzira.es\/es\/wp-json\/wp\/v2\/mec_category?post=160530"}],"curies":[{"name":"wp","href":"https:\/\/api.w.org\/{rel}","templated":true}]}}

<p>♻️ 𝗔𝗹𝘇𝗶𝗿𝗮 𝗮𝗽𝗼𝘀𝘁𝗮 𝗽𝗲𝗹 𝘃𝗲𝗿𝗱: en la nova edició de la Biosfira 2.0 i la segona edició de les Jornades Alzira en Verd, per a una Transició Ecològica Justa<br />
📅 Del19 al 25 de maig es concentren més de 70 𝗮𝗰𝘁𝗶𝘃𝗶𝘁𝗮𝘁𝘀 entre xarrades, tallers, taules redones, música, expositors o mercat de la terra<br />
🟢 Començarem amb la segona edició de de les Jornades Alzira en verd que es faran al MUMA i a la Casa de la Cultura del 19 al 23 de maig<br />
🟢La Biosfira 2.0 , serà com sempre al parc de l’Alquenència durant el cap de setmana del 24 i 25 de maig</p>
<p><a href="https://alzira.es/wp-content/uploads/2025/05/JORNADES.pdf" target="_blank" rel="noopener"><img fetchpriority="high" decoding="async" class="aligncenter size-full wp-image-160531" src="https://alzira.es/wp-content/uploads/2025/05/jornades.png" alt="" width="1083" height="1531" srcset="https://alzira.es/wp-content/uploads/2025/05/jornades.png 1083w, https://alzira.es/wp-content/uploads/2025/05/jornades-361x510.png 361w, https://alzira.es/wp-content/uploads/2025/05/jornades-758x1072.png 758w, https://alzira.es/wp-content/uploads/2025/05/jornades-768x1086.png 768w" sizes="(max-width: 706px) 89vw, (max-width: 767px) 82vw, 740px" /></a> <a href="https://alzira.es/wp-content/uploads/2025/05/CARTELL_BIOSFIRA.pdf" target="_blank" rel="noopener"><img decoding="async" class="aligncenter wp-image-160533 size-full lazyload" data-src="https://alzira.es/wp-content/uploads/2025/05/CARTELL_BIOSFIRA.png" alt="" width="1107" height="1565" data-srcset="https://alzira.es/wp-content/uploads/2025/05/CARTELL_BIOSFIRA.png 1107w, https://alzira.es/wp-content/uploads/2025/05/CARTELL_BIOSFIRA-361x510.png 361w, https://alzira.es/wp-content/uploads/2025/05/CARTELL_BIOSFIRA-758x1072.png 758w, https://alzira.es/wp-content/uploads/2025/05/CARTELL_BIOSFIRA-768x1086.png 768w, https://alzira.es/wp-content/uploads/2025/05/CARTELL_BIOSFIRA-1086x1536.png 1086w" data-sizes="(max-width: 706px) 89vw, (max-width: 767px) 82vw, 740px" src="data:image/svg+xml;base64,PHN2ZyB3aWR0aD0iMSIgaGVpZ2h0PSIxIiB4bWxucz0iaHR0cDovL3d3dy53My5vcmcvMjAwMC9zdmciPjwvc3ZnPg==" style="--smush-placeholder-width: 1107px; --smush-placeholder-aspect-ratio: 1107/1565;" /></a></p>

<p>♻️ 𝗔𝗹𝘇𝗶𝗿𝗮 𝗮𝗽𝗼𝘀𝘁𝗮 𝗽𝗲𝗹 𝘃𝗲𝗿𝗱: en la nova edició de la Biosfira 2.0 i la segona edició de les Jornades Alzira en Verd, per a una Transició Ecològica Justa 📅 Del19 al 25 de maig es concentren més de 70 𝗮𝗰𝘁𝗶𝘃𝗶𝘁𝗮𝘁𝘀 entre xarrades, tallers, taules redones, música, expositors o mercat de la terra 🟢 Començarem &hellip; </p>
<p class="link-more"><a href="https://alzira.es/es/agenda-alzira/alzira-aposta-pel-verd/" class="more-link">Continuar leyendo<span class="screen-reader-text"> «Alzira aposta pel verd»</span></a></p>
