{"id":160398,"date":"2025-05-07T13:07:42","date_gmt":"2025-05-07T11:07:42","guid":{"rendered":"https:\/\/alzira.es\/?post_type=mec-events&#038;p=160398"},"modified":"2025-05-07T13:07:42","modified_gmt":"2025-05-07T11:07:42","slug":"alzira-celebra-sant-isidre-sant-abdo-i-sant-senen","status":"publish","type":"mec-events","link":"https:\/\/alzira.es\/es\/agenda-alzira\/alzira-celebra-sant-isidre-sant-abdo-i-sant-senen\/","title":{"rendered":"Alzira celebra Sant Isidre, Sant Abd\u00f3 i Sant Sen\u00e9n"},"content":{"rendered":"<p>\ud83d\udcc5 Divendres 16 de Maig de 2025<br \/>\n\u23f0 a les 19.00 h.<\/p>\n<p>Alzira celebrar\u00e0 el pr\u00f2xim 16 de maig, la festivitat de Sant Isidre, patr\u00f3 dels agricultors. L&#8217;Ajuntament d&#8217;Alzira, a trav\u00e9s de la Regidoria d&#8217;Agricultura i Servicis per a la Ciutat, mant\u00e9 un any m\u00e9s, les activitats, per a la celebraci\u00f3 del dia de Sant Isidre, patr\u00f3 dels agricultors i Sant Abd\u00f3 i Sant Sen\u00e9n, patrons valencians del camp.<\/p>\n<p>El Consell Agrari Local, durant la reuni\u00f3 celebrada ahir 6 de maig, va decidir per unanimitat atorgar la Ins\u00edgnia de Plata de la Ciutat a Andr\u00e9s Rubio Magraner i a Salvador Iborra Llinares, per la seua llarga i intensa traject\u00f2ria lligada al camp i vinculada a l&#8217;agricultura. Estes ins\u00edgnies els seran imposades durant l&#8217;acte que se celebrar\u00e0 el pr\u00f2xim divendres dia 16 de maig en l\u2019auditori de la Casa de la Cultura d&#8217;Alzira.<\/p>\n<p>Els actes de celebraci\u00f3, comen\u00e7aran a les 19 hores en la pla\u00e7a del Regne, davant el Monument al Llaurador, en el qual es depositar\u00e0 una corona de llorer. A les 19.30 h tindr\u00e0 lloc, a l&#8217;esgl\u00e9sia de Santa Caterina, la missa de Sant Isidre en mem\u00f2ria de tots els agricultors alzirenys que han faltat. Se celebrar\u00e0 en l&#8217;altar de Sant Bernat, on es troben les imatges dels Patrons valencians, Sant Abd\u00f3 i Sant Sen\u00e9n.<\/p>\n<p>Una vegada finalitze la cerim\u00f2nia s&#8217;imposaran les dos ins\u00edgnies de plata en el Sal\u00f3 Noble de l&#8217;Ajuntament d&#8217;Alzira amb pres\u00e8ncia de representants de les diferents associacions que componen la societat agr\u00edcola alzirenya. Per a finalitzar s&#8217;oferir\u00e0 un vi d&#8217;honor als assistents.<\/p>\n<p>El regidor d&#8217;Agricultura i Servicis per a la Ciutat, Enrique Montalv\u00e1 Espa\u00f1a, ha animat a tots els agricultors i agricultores a participar en el dia del seu patr\u00f3 i convida tamb\u00e9 a tots els familiars i a totes aquelles persones que se senten vinculades al camp i que creuen en l&#8217;agricultura.<\/p>\n<p>El trasllat dels participants comptar\u00e0 amb l\u2019acompanyament de la Colla de tabals i dol\u00e7aines Les Raboses d\u2019Alzira. En l\u2019acte d\u2019entrega d\u2019ins\u00edgnies participar\u00e0 l\u2019alzirenya Mar\u00eda Belda<\/p>\n<p><a href=\"https:\/\/alzira.es\/wp-content\/uploads\/2025\/05\/sant-isidre-1.jpeg\" target=\"_blank\" rel=\"noopener\"><img fetchpriority=\"high\" decoding=\"async\" class=\"aligncenter wp-image-160399 size-full\" src=\"https:\/\/alzira.es\/wp-content\/uploads\/2025\/05\/sant-isidre-1.jpeg\" alt=\"Alzira celebra Sant Isidre, Sant Abd\u00f3 i Sant Sen\u00e9n\" width=\"1378\" height=\"2048\" srcset=\"https:\/\/alzira.es\/wp-content\/uploads\/2025\/05\/sant-isidre-1.jpeg 1378w, https:\/\/alzira.es\/wp-content\/uploads\/2025\/05\/sant-isidre-1-343x510.jpeg 343w, https:\/\/alzira.es\/wp-content\/uploads\/2025\/05\/sant-isidre-1-721x1072.jpeg 721w, https:\/\/alzira.es\/wp-content\/uploads\/2025\/05\/sant-isidre-1-768x1141.jpeg 768w, https:\/\/alzira.es\/wp-content\/uploads\/2025\/05\/sant-isidre-1-1034x1536.jpeg 1034w\" sizes=\"(max-width: 706px) 89vw, (max-width: 767px) 82vw, 740px\" \/><\/a><\/p>\n","protected":false},"excerpt":{"rendered":"<p>\ud83d\udcc5 Divendres 16 de Maig de 2025 \u23f0 a les 19.00 h. Alzira celebrar\u00e0 el pr\u00f2xim 16 de maig, la festivitat de Sant Isidre, patr\u00f3 dels agricultors. L&#8217;Ajuntament d&#8217;Alzira, a trav\u00e9s de la Regidoria d&#8217;Agricultura i Servicis per a la Ciutat, mant\u00e9 un any m\u00e9s, les activitats, per a la celebraci\u00f3 del dia de Sant &hellip; <\/p>\n<p class=\"link-more\"><a href=\"https:\/\/alzira.es\/es\/agenda-alzira\/alzira-celebra-sant-isidre-sant-abdo-i-sant-senen\/\" class=\"more-link\">Continuar leyendo<span class=\"screen-reader-text\"> \u00abAlzira celebra Sant Isidre, Sant Abd\u00f3 i Sant Sen\u00e9n\u00bb<\/span><\/a><\/p>\n","protected":false},"author":29,"featured_media":160399,"comment_status":"closed","ping_status":"closed","template":"","tags":[],"mec_category":[5178],"class_list":["post-160398","mec-events","type-mec-events","status-publish","has-post-thumbnail","hentry","mec_category-homenatge"],"acf":[],"_links":{"self":[{"href":"https:\/\/alzira.es\/es\/wp-json\/wp\/v2\/mec-events\/160398","targetHints":{"allow":["GET"]}}],"collection":[{"href":"https:\/\/alzira.es\/es\/wp-json\/wp\/v2\/mec-events"}],"about":[{"href":"https:\/\/alzira.es\/es\/wp-json\/wp\/v2\/types\/mec-events"}],"author":[{"embeddable":true,"href":"https:\/\/alzira.es\/es\/wp-json\/wp\/v2\/users\/29"}],"replies":[{"embeddable":true,"href":"https:\/\/alzira.es\/es\/wp-json\/wp\/v2\/comments?post=160398"}],"wp:featuredmedia":[{"embeddable":true,"href":"https:\/\/alzira.es\/es\/wp-json\/wp\/v2\/media\/160399"}],"wp:attachment":[{"href":"https:\/\/alzira.es\/es\/wp-json\/wp\/v2\/media?parent=160398"}],"wp:term":[{"taxonomy":"post_tag","embeddable":true,"href":"https:\/\/alzira.es\/es\/wp-json\/wp\/v2\/tags?post=160398"},{"taxonomy":"mec_category","embeddable":true,"href":"https:\/\/alzira.es\/es\/wp-json\/wp\/v2\/mec_category?post=160398"}],"curies":[{"name":"wp","href":"https:\/\/api.w.org\/{rel}","templated":true}]}}

Alzira celebra Sant Isidre, Sant Abdó i Sant Senén

<p>📅 Divendres 16 de Maig de 2025<br />
⏰ a les 19.00 h.</p>
<p>Alzira celebrarà el pròxim 16 de maig, la festivitat de Sant Isidre, patró dels agricultors. L&#8217;Ajuntament d&#8217;Alzira, a través de la Regidoria d&#8217;Agricultura i Servicis per a la Ciutat, manté un any més, les activitats, per a la celebració del dia de Sant Isidre, patró dels agricultors i Sant Abdó i Sant Senén, patrons valencians del camp.</p>
<p>El Consell Agrari Local, durant la reunió celebrada ahir 6 de maig, va decidir per unanimitat atorgar la Insígnia de Plata de la Ciutat a Andrés Rubio Magraner i a Salvador Iborra Llinares, per la seua llarga i intensa trajectòria lligada al camp i vinculada a l&#8217;agricultura. Estes insígnies els seran imposades durant l&#8217;acte que se celebrarà el pròxim divendres dia 16 de maig en l’auditori de la Casa de la Cultura d&#8217;Alzira.</p>
<p>Els actes de celebració, començaran a les 19 hores en la plaça del Regne, davant el Monument al Llaurador, en el qual es depositarà una corona de llorer. A les 19.30 h tindrà lloc, a l&#8217;església de Santa Caterina, la missa de Sant Isidre en memòria de tots els agricultors alzirenys que han faltat. Se celebrarà en l&#8217;altar de Sant Bernat, on es troben les imatges dels Patrons valencians, Sant Abdó i Sant Senén.</p>
<p>Una vegada finalitze la cerimònia s&#8217;imposaran les dos insígnies de plata en el Saló Noble de l&#8217;Ajuntament d&#8217;Alzira amb presència de representants de les diferents associacions que componen la societat agrícola alzirenya. Per a finalitzar s&#8217;oferirà un vi d&#8217;honor als assistents.</p>
<p>El regidor d&#8217;Agricultura i Servicis per a la Ciutat, Enrique Montalvá España, ha animat a tots els agricultors i agricultores a participar en el dia del seu patró i convida també a tots els familiars i a totes aquelles persones que se senten vinculades al camp i que creuen en l&#8217;agricultura.</p>
<p>El trasllat dels participants comptarà amb l’acompanyament de la Colla de tabals i dolçaines Les Raboses d’Alzira. En l’acte d’entrega d’insígnies participarà l’alzirenya María Belda</p>
<p><a href="https://alzira.es/wp-content/uploads/2025/05/sant-isidre-1.jpeg" target="_blank" rel="noopener"><img fetchpriority="high" decoding="async" class="aligncenter wp-image-160399 size-full" src="https://alzira.es/wp-content/uploads/2025/05/sant-isidre-1.jpeg" alt="Alzira celebra Sant Isidre, Sant Abdó i Sant Senén" width="1378" height="2048" srcset="https://alzira.es/wp-content/uploads/2025/05/sant-isidre-1.jpeg 1378w, https://alzira.es/wp-content/uploads/2025/05/sant-isidre-1-343x510.jpeg 343w, https://alzira.es/wp-content/uploads/2025/05/sant-isidre-1-721x1072.jpeg 721w, https://alzira.es/wp-content/uploads/2025/05/sant-isidre-1-768x1141.jpeg 768w, https://alzira.es/wp-content/uploads/2025/05/sant-isidre-1-1034x1536.jpeg 1034w" sizes="(max-width: 706px) 89vw, (max-width: 767px) 82vw, 740px" /></a></p>

<p>📅 Divendres 16 de Maig de 2025 ⏰ a les 19.00 h. Alzira celebrarà el pròxim 16 de maig, la festivitat de Sant Isidre, patró dels agricultors. L&#8217;Ajuntament d&#8217;Alzira, a través de la Regidoria d&#8217;Agricultura i Servicis per a la Ciutat, manté un any més, les activitats, per a la celebració del dia de Sant &hellip; </p>
<p class="link-more"><a href="https://alzira.es/es/agenda-alzira/alzira-celebra-sant-isidre-sant-abdo-i-sant-senen/" class="more-link">Continuar leyendo<span class="screen-reader-text"> «Alzira celebra Sant Isidre, Sant Abdó i Sant Senén»</span></a></p>
