{"id":160380,"date":"2025-05-07T12:00:31","date_gmt":"2025-05-07T10:00:31","guid":{"rendered":"https:\/\/alzira.es\/?post_type=mec-events&#038;p=160380"},"modified":"2026-04-22T11:47:12","modified_gmt":"2026-04-22T09:47:12","slug":"carrera-solidaria-a-favor-daspanion","status":"publish","type":"mec-events","link":"https:\/\/alzira.es\/es\/agenda-alzira\/carrera-solidaria-a-favor-daspanion\/","title":{"rendered":"Carrera Solid\u00e0ria a favor d&#8217;ASPANION"},"content":{"rendered":"<p>Compartim la informaci\u00f3 sobre la carrera Solid\u00e0ria a favor d&#8217;ASPANION\ud83d\udc47<br \/>\nL&#8217;Associaci\u00f3 de Mares i Pares de Xiquetes i Xiquets amb C\u00e0ncer de la Comunitat Valenciana, una entitat que treballa dia a dia en benefici del col\u00b7lectiu d&#8217;afectats.<\/p>\n<p>\ud83d\udcc5El pr\u00f2xim 17 de maig<br \/>\n\u23f0a les 10.30 hores<br \/>\n\ud83d\udccddes de la Pla\u00e7a Major<\/p>\n<p><a href=\"https:\/\/alzira.es\/wp-content\/uploads\/2025\/05\/CARTELL_CARRERA_ASPANION.jpeg\" target=\"_blank\" rel=\"noopener\"><img fetchpriority=\"high\" decoding=\"async\" class=\"aligncenter wp-image-171400 size-full\" src=\"https:\/\/alzira.es\/wp-content\/uploads\/2025\/05\/CARTELL_CARRERA_ASPANION.jpeg\" alt=\"\" width=\"818\" height=\"1600\" srcset=\"https:\/\/alzira.es\/wp-content\/uploads\/2025\/05\/CARTELL_CARRERA_ASPANION.jpeg 818w, https:\/\/alzira.es\/wp-content\/uploads\/2025\/05\/CARTELL_CARRERA_ASPANION-261x510.jpeg 261w, https:\/\/alzira.es\/wp-content\/uploads\/2025\/05\/CARTELL_CARRERA_ASPANION-548x1072.jpeg 548w, https:\/\/alzira.es\/wp-content\/uploads\/2025\/05\/CARTELL_CARRERA_ASPANION-768x1502.jpeg 768w, https:\/\/alzira.es\/wp-content\/uploads\/2025\/05\/CARTELL_CARRERA_ASPANION-785x1536.jpeg 785w\" sizes=\"(max-width: 706px) 89vw, (max-width: 767px) 82vw, 740px\" \/><\/a><\/p>\n","protected":false},"excerpt":{"rendered":"<p>Compartim la informaci\u00f3 sobre la carrera Solid\u00e0ria a favor d&#8217;ASPANION\ud83d\udc47 L&#8217;Associaci\u00f3 de Mares i Pares de Xiquetes i Xiquets amb C\u00e0ncer de la Comunitat Valenciana, una entitat que treballa dia a dia en benefici del col\u00b7lectiu d&#8217;afectats. \ud83d\udcc5El pr\u00f2xim 17 de maig \u23f0a les 10.30 hores \ud83d\udccddes de la Pla\u00e7a Major<\/p>\n","protected":false},"author":29,"featured_media":171400,"comment_status":"closed","ping_status":"closed","template":"","tags":[],"mec_category":[],"class_list":["post-160380","mec-events","type-mec-events","status-publish","has-post-thumbnail","hentry"],"acf":[],"_links":{"self":[{"href":"https:\/\/alzira.es\/es\/wp-json\/wp\/v2\/mec-events\/160380","targetHints":{"allow":["GET"]}}],"collection":[{"href":"https:\/\/alzira.es\/es\/wp-json\/wp\/v2\/mec-events"}],"about":[{"href":"https:\/\/alzira.es\/es\/wp-json\/wp\/v2\/types\/mec-events"}],"author":[{"embeddable":true,"href":"https:\/\/alzira.es\/es\/wp-json\/wp\/v2\/users\/29"}],"replies":[{"embeddable":true,"href":"https:\/\/alzira.es\/es\/wp-json\/wp\/v2\/comments?post=160380"}],"wp:featuredmedia":[{"embeddable":true,"href":"https:\/\/alzira.es\/es\/wp-json\/wp\/v2\/media\/171400"}],"wp:attachment":[{"href":"https:\/\/alzira.es\/es\/wp-json\/wp\/v2\/media?parent=160380"}],"wp:term":[{"taxonomy":"post_tag","embeddable":true,"href":"https:\/\/alzira.es\/es\/wp-json\/wp\/v2\/tags?post=160380"},{"taxonomy":"mec_category","embeddable":true,"href":"https:\/\/alzira.es\/es\/wp-json\/wp\/v2\/mec_category?post=160380"}],"curies":[{"name":"wp","href":"https:\/\/api.w.org\/{rel}","templated":true}]}}

Carrera Solidària a favor d&#8217;ASPANION

<p>Compartim la informació sobre la carrera Solidària a favor d&#8217;ASPANION👇<br />
L&#8217;Associació de Mares i Pares de Xiquetes i Xiquets amb Càncer de la Comunitat Valenciana, una entitat que treballa dia a dia en benefici del col·lectiu d&#8217;afectats.</p>
<p>📅El pròxim 17 de maig<br />
⏰a les 10.30 hores<br />
📍des de la Plaça Major</p>
<p><a href="https://alzira.es/wp-content/uploads/2025/05/CARTELL_CARRERA_ASPANION.jpeg" target="_blank" rel="noopener"><img fetchpriority="high" decoding="async" class="aligncenter wp-image-171400 size-full" src="https://alzira.es/wp-content/uploads/2025/05/CARTELL_CARRERA_ASPANION.jpeg" alt="" width="818" height="1600" srcset="https://alzira.es/wp-content/uploads/2025/05/CARTELL_CARRERA_ASPANION.jpeg 818w, https://alzira.es/wp-content/uploads/2025/05/CARTELL_CARRERA_ASPANION-261x510.jpeg 261w, https://alzira.es/wp-content/uploads/2025/05/CARTELL_CARRERA_ASPANION-548x1072.jpeg 548w, https://alzira.es/wp-content/uploads/2025/05/CARTELL_CARRERA_ASPANION-768x1502.jpeg 768w, https://alzira.es/wp-content/uploads/2025/05/CARTELL_CARRERA_ASPANION-785x1536.jpeg 785w" sizes="(max-width: 706px) 89vw, (max-width: 767px) 82vw, 740px" /></a></p>

<p>Compartim la informació sobre la carrera Solidària a favor d&#8217;ASPANION👇 L&#8217;Associació de Mares i Pares de Xiquetes i Xiquets amb Càncer de la Comunitat Valenciana, una entitat que treballa dia a dia en benefici del col·lectiu d&#8217;afectats. 📅El pròxim 17 de maig ⏰a les 10.30 hores 📍des de la Plaça Major</p>
