{"id":154938,"date":"2024-10-14T11:44:58","date_gmt":"2024-10-14T09:44:58","guid":{"rendered":"https:\/\/alzira.es\/?post_type=mec-events&#038;p=154938"},"modified":"2024-11-26T13:05:18","modified_gmt":"2024-11-26T12:05:18","slug":"lultim-toc-teatre-presenta-lhome-elefant-el-musical","status":"publish","type":"mec-events","link":"https:\/\/alzira.es\/es\/agenda-alzira\/lultim-toc-teatre-presenta-lhome-elefant-el-musical\/","title":{"rendered":"L\u2019\u00daltim Toc Teatre presenta: L\u2019HOME ELEFANT \u2013 El musical"},"content":{"rendered":"<div>\n<div data-olk-copy-source=\"MessageBody\">TEATRE MUSICAL PER A J\u00d3VENS I ADULTS<\/div>\n<div>Divendres 29 de novembre<\/div>\n<div>Gran Teatre d\u2019Alzira<\/div>\n<div>20.30 h<\/div>\n<div aria-hidden=\"true\"><\/div>\n<div>L\u2019\u00daltim Toc Teatre presenta L\u2019HOME ELEFANT \u2013 El musical<\/div>\n<div>Text i m\u00fasica d\u2019Emili Chaqu\u00e9s. Direcci\u00f3: Julio Mart\u00ed Zahonero. Direcci\u00f3 musical: Borja Granell.<\/div>\n<div>Elenc: Emili Chaqu\u00e9s, Aitana Munera, Juanfran S\u00e1ez, Laura Renard i Carles Sanchis.<\/div>\n<div>Espectacle nominat a Millor Espectacle Musical dels XXVII Premis MAX de les Arts Esc\u00e8niques. Premi Escalante 2021.<\/div>\n<div>Conegut com \u00abl\u2019home elefant\u00bb a causa de la malformaci\u00f3 que sofria, Joseph pat\u00ed incomptables vexacions al llarg de la seua vida i podem afirmar que la quantitat de desgr\u00e0cies que va patir eren directament proporcionals a la seua qualitat humana. Mai mostr\u00e0 ni un gram de maldat o d\u2019\u00e0nim de venjan\u00e7a, a pesar de tindre-hi raons. Tampoc sarcasme o cinisme, ni tan sols una mala paraula per a ning\u00fa. Era exquisidament educat, a m\u00e9s de culte, gran lector i poeta. Fou capa\u00e7 de superar la mort de sa mare, l\u2019abandonament del pare, les pen\u00faries laborals, la vida en el circ o l\u2019escarni p\u00fablic fent gala d\u2019una resili\u00e8ncia exemplar. La seua hist\u00f2ria va commoure la mateixa princesa de Gal\u00b7les, a qui conegu\u00e9 personalment. Tal com explica el seu \u00fanic amic, el doctor Treves: \u00abMolts en la seua pell, s\u2019hagueren ensorrat, per\u00f2 Joseph Merrick, l\u2019home elefant, era l\u2019\u00e9sser m\u00e9s hum\u00e0 que la humanitat ha conegut. I ara i sempre, ser\u00e0 etern.<\/div>\n<div aria-hidden=\"true\"><\/div>\n<div>Espectacle musical en valenci\u00e0.<\/div>\n<div>Recomanat a partir de 7 anys. Durada de 60 min.<\/div>\n<div>Entrades: 8 \u20ac (redu\u00efdes amb carnet jove i jubilats: 6\u20ac)<\/div>\n<div aria-hidden=\"true\"><\/div>\n<div>Entrades:<\/div>\n<div>\u2022 TAQUILLA DEL GRAN TEATRE: dimarts i dijous, de 19.30 a 21 h<\/div>\n<div>\u2022 INTERNET:\u00a0<b><a id=\"OWAca72e788-1da8-2317-62aa-23fa30668825\" class=\"x_OWAAutoLink\" title=\"https:\/\/www.notikumi.com\/2024\/11\/29\/lhome-elefant?fbclid=IwZXh0bgNhZW0CMTAAAR2c2XO0FHShVLke5-2l9_EPlNzO68oWwH5lxinLjloBxB4kBH77tRBb0U0_aem_OJfPEimIPu4j067vmuPXxw\" href=\"https:\/\/www.notikumi.com\/2024\/11\/29\/lhome-elefant?fbclid=IwZXh0bgNhZW0CMTAAAR2c2XO0FHShVLke5-2l9_EPlNzO68oWwH5lxinLjloBxB4kBH77tRBb0U0_aem_OJfPEimIPu4j067vmuPXxw\" target=\"_blank\" rel=\"noopener noreferrer\" data-auth=\"NotApplicable\" data-linkindex=\"0\">https:\/\/www.notikumi.com\/2024\/11\/29\/lhome-elefant<\/a><\/b><\/div>\n<\/div>\n<div><b>\u00a0<\/b><\/div>\n<div><a href=\"https:\/\/alzira.es\/wp-content\/uploads\/2024\/10\/l-home-elefant.png\" target=\"_blank\" rel=\"noopener\"><img fetchpriority=\"high\" decoding=\"async\" class=\"aligncenter wp-image-154939 size-full\" src=\"https:\/\/alzira.es\/wp-content\/uploads\/2024\/10\/l-home-elefant.png\" alt=\"L\u2019HOME ELEFANT \u2013 El musical\" width=\"1588\" height=\"2397\" srcset=\"https:\/\/alzira.es\/wp-content\/uploads\/2024\/10\/l-home-elefant.png 1588w, https:\/\/alzira.es\/wp-content\/uploads\/2024\/10\/l-home-elefant-338x510.png 338w, https:\/\/alzira.es\/wp-content\/uploads\/2024\/10\/l-home-elefant-710x1072.png 710w, https:\/\/alzira.es\/wp-content\/uploads\/2024\/10\/l-home-elefant-768x1159.png 768w, https:\/\/alzira.es\/wp-content\/uploads\/2024\/10\/l-home-elefant-1018x1536.png 1018w, https:\/\/alzira.es\/wp-content\/uploads\/2024\/10\/l-home-elefant-1357x2048.png 1357w\" sizes=\"(max-width: 706px) 89vw, (max-width: 767px) 82vw, 740px\" \/><\/a><\/div>\n<div><\/div>\n<div>\n<div data-olk-copy-source=\"MessageBody\">Preu ABONAMENT TEATRAL ALZIRA TARDOR 2024: 40 \u20ac \/ redu\u00efda per a carnet jove i jubilats: 30 \u20ac<\/div>\n<div>Compra de l\u2019abonament del 08\/10\/24 al 10\/10\/24<\/div>\n<ul data-editing-info=\"{&quot;unorderedStyleType&quot;:2}\">\n<li>Internet\u00a0<u><a id=\"LPlnkOWA4d2877fe-7956-8ce6-6958-a6360609a272\" class=\"x_OWAAutoLink\" href=\"http:\/\/www.notikumi.com\/\" target=\"_blank\" rel=\"noopener noreferrer\" data-auth=\"NotApplicable\" data-linkindex=\"0\">www.notikumi.com<\/a><\/u>\u00a0(a partir de les 21 hores del 08\/10\/24).<\/li>\n<li>Taquilla del Gran Teatre: dimarts i dijous de 19.30 a 21 hores.<\/li>\n<\/ul>\n<div aria-hidden=\"true\"><\/div>\n<div><b>Entrades individuals dels espectacles inclosos en l\u2019abonament, a partir de les 21 hores del 10\/10\/24, tant per internet com en taquilla.<\/b><\/div>\n<\/div>\n","protected":false},"excerpt":{"rendered":"<p>TEATRE MUSICAL PER A J\u00d3VENS I ADULTS Divendres 29 de novembre Gran Teatre d\u2019Alzira 20.30 h L\u2019\u00daltim Toc Teatre presenta L\u2019HOME ELEFANT \u2013 El musical Text i m\u00fasica d\u2019Emili Chaqu\u00e9s. Direcci\u00f3: Julio Mart\u00ed Zahonero. Direcci\u00f3 musical: Borja Granell. Elenc: Emili Chaqu\u00e9s, Aitana Munera, Juanfran S\u00e1ez, Laura Renard i Carles Sanchis. Espectacle nominat a Millor Espectacle &hellip; <\/p>\n<p class=\"link-more\"><a href=\"https:\/\/alzira.es\/es\/agenda-alzira\/lultim-toc-teatre-presenta-lhome-elefant-el-musical\/\" class=\"more-link\">Continuar leyendo<span class=\"screen-reader-text\"> \u00abL\u2019\u00daltim Toc Teatre presenta: L\u2019HOME ELEFANT \u2013 El musical\u00bb<\/span><\/a><\/p>\n","protected":false},"author":29,"featured_media":154939,"comment_status":"closed","ping_status":"closed","template":"","tags":[],"mec_category":[5092],"class_list":["post-154938","mec-events","type-mec-events","status-publish","has-post-thumbnail","hentry","mec_category-teatre-musical"],"acf":[],"_links":{"self":[{"href":"https:\/\/alzira.es\/es\/wp-json\/wp\/v2\/mec-events\/154938","targetHints":{"allow":["GET"]}}],"collection":[{"href":"https:\/\/alzira.es\/es\/wp-json\/wp\/v2\/mec-events"}],"about":[{"href":"https:\/\/alzira.es\/es\/wp-json\/wp\/v2\/types\/mec-events"}],"author":[{"embeddable":true,"href":"https:\/\/alzira.es\/es\/wp-json\/wp\/v2\/users\/29"}],"replies":[{"embeddable":true,"href":"https:\/\/alzira.es\/es\/wp-json\/wp\/v2\/comments?post=154938"}],"wp:featuredmedia":[{"embeddable":true,"href":"https:\/\/alzira.es\/es\/wp-json\/wp\/v2\/media\/154939"}],"wp:attachment":[{"href":"https:\/\/alzira.es\/es\/wp-json\/wp\/v2\/media?parent=154938"}],"wp:term":[{"taxonomy":"post_tag","embeddable":true,"href":"https:\/\/alzira.es\/es\/wp-json\/wp\/v2\/tags?post=154938"},{"taxonomy":"mec_category","embeddable":true,"href":"https:\/\/alzira.es\/es\/wp-json\/wp\/v2\/mec_category?post=154938"}],"curies":[{"name":"wp","href":"https:\/\/api.w.org\/{rel}","templated":true}]}}

L’Últim Toc Teatre presenta: L’HOME ELEFANT – El musical

<div>
<div data-olk-copy-source="MessageBody">TEATRE MUSICAL PER A JÓVENS I ADULTS</div>
<div>Divendres 29 de novembre</div>
<div>Gran Teatre d’Alzira</div>
<div>20.30 h</div>
<div aria-hidden="true"></div>
<div>L’Últim Toc Teatre presenta L’HOME ELEFANT – El musical</div>
<div>Text i música d’Emili Chaqués. Direcció: Julio Martí Zahonero. Direcció musical: Borja Granell.</div>
<div>Elenc: Emili Chaqués, Aitana Munera, Juanfran Sáez, Laura Renard i Carles Sanchis.</div>
<div>Espectacle nominat a Millor Espectacle Musical dels XXVII Premis MAX de les Arts Escèniques. Premi Escalante 2021.</div>
<div>Conegut com «l’home elefant» a causa de la malformació que sofria, Joseph patí incomptables vexacions al llarg de la seua vida i podem afirmar que la quantitat de desgràcies que va patir eren directament proporcionals a la seua qualitat humana. Mai mostrà ni un gram de maldat o d’ànim de venjança, a pesar de tindre-hi raons. Tampoc sarcasme o cinisme, ni tan sols una mala paraula per a ningú. Era exquisidament educat, a més de culte, gran lector i poeta. Fou capaç de superar la mort de sa mare, l’abandonament del pare, les penúries laborals, la vida en el circ o l’escarni públic fent gala d’una resiliència exemplar. La seua història va commoure la mateixa princesa de Gal·les, a qui conegué personalment. Tal com explica el seu únic amic, el doctor Treves: «Molts en la seua pell, s’hagueren ensorrat, però Joseph Merrick, l’home elefant, era l’ésser més humà que la humanitat ha conegut. I ara i sempre, serà etern.</div>
<div aria-hidden="true"></div>
<div>Espectacle musical en valencià.</div>
<div>Recomanat a partir de 7 anys. Durada de 60 min.</div>
<div>Entrades: 8 € (reduïdes amb carnet jove i jubilats: 6€)</div>
<div aria-hidden="true"></div>
<div>Entrades:</div>
<div>• TAQUILLA DEL GRAN TEATRE: dimarts i dijous, de 19.30 a 21 h</div>
<div>• INTERNET: <b><a id="OWAca72e788-1da8-2317-62aa-23fa30668825" class="x_OWAAutoLink" title="https://www.notikumi.com/2024/11/29/lhome-elefant?fbclid=IwZXh0bgNhZW0CMTAAAR2c2XO0FHShVLke5-2l9_EPlNzO68oWwH5lxinLjloBxB4kBH77tRBb0U0_aem_OJfPEimIPu4j067vmuPXxw" href="https://www.notikumi.com/2024/11/29/lhome-elefant?fbclid=IwZXh0bgNhZW0CMTAAAR2c2XO0FHShVLke5-2l9_EPlNzO68oWwH5lxinLjloBxB4kBH77tRBb0U0_aem_OJfPEimIPu4j067vmuPXxw" target="_blank" rel="noopener noreferrer" data-auth="NotApplicable" data-linkindex="0">https://www.notikumi.com/2024/11/29/lhome-elefant</a></b></div>
</div>
<div><b> </b></div>
<div><a href="https://alzira.es/wp-content/uploads/2024/10/l-home-elefant.png" target="_blank" rel="noopener"><img fetchpriority="high" decoding="async" class="aligncenter wp-image-154939 size-full" src="https://alzira.es/wp-content/uploads/2024/10/l-home-elefant.png" alt="L’HOME ELEFANT – El musical" width="1588" height="2397" srcset="https://alzira.es/wp-content/uploads/2024/10/l-home-elefant.png 1588w, https://alzira.es/wp-content/uploads/2024/10/l-home-elefant-338x510.png 338w, https://alzira.es/wp-content/uploads/2024/10/l-home-elefant-710x1072.png 710w, https://alzira.es/wp-content/uploads/2024/10/l-home-elefant-768x1159.png 768w, https://alzira.es/wp-content/uploads/2024/10/l-home-elefant-1018x1536.png 1018w, https://alzira.es/wp-content/uploads/2024/10/l-home-elefant-1357x2048.png 1357w" sizes="(max-width: 706px) 89vw, (max-width: 767px) 82vw, 740px" /></a></div>
<div></div>
<div>
<div data-olk-copy-source="MessageBody">Preu ABONAMENT TEATRAL ALZIRA TARDOR 2024: 40 € / reduïda per a carnet jove i jubilats: 30 €</div>
<div>Compra de l’abonament del 08/10/24 al 10/10/24</div>
<ul data-editing-info="{&quot;unorderedStyleType&quot;:2}">
<li>Internet <u><a id="LPlnkOWA4d2877fe-7956-8ce6-6958-a6360609a272" class="x_OWAAutoLink" href="http://www.notikumi.com/" target="_blank" rel="noopener noreferrer" data-auth="NotApplicable" data-linkindex="0">www.notikumi.com</a></u> (a partir de les 21 hores del 08/10/24).</li>
<li>Taquilla del Gran Teatre: dimarts i dijous de 19.30 a 21 hores.</li>
</ul>
<div aria-hidden="true"></div>
<div><b>Entrades individuals dels espectacles inclosos en l’abonament, a partir de les 21 hores del 10/10/24, tant per internet com en taquilla.</b></div>
</div>

<p>TEATRE MUSICAL PER A JÓVENS I ADULTS Divendres 29 de novembre Gran Teatre d’Alzira 20.30 h L’Últim Toc Teatre presenta L’HOME ELEFANT – El musical Text i música d’Emili Chaqués. Direcció: Julio Martí Zahonero. Direcció musical: Borja Granell. Elenc: Emili Chaqués, Aitana Munera, Juanfran Sáez, Laura Renard i Carles Sanchis. Espectacle nominat a Millor Espectacle &hellip; </p>
<p class="link-more"><a href="https://alzira.es/es/agenda-alzira/lultim-toc-teatre-presenta-lhome-elefant-el-musical/" class="more-link">Continuar leyendo<span class="screen-reader-text"> «L’Últim Toc Teatre presenta: L’HOME ELEFANT – El musical»</span></a></p>
