{"id":146177,"date":"2024-01-22T13:49:09","date_gmt":"2024-01-22T12:49:09","guid":{"rendered":"https:\/\/alzira.es\/?post_type=mec-events&#038;p=146177"},"modified":"2024-01-22T13:49:09","modified_gmt":"2024-01-22T12:49:09","slug":"homenatge-a-les-victimes-alzirenyes-de-lholocaust-a-mauthausen","status":"publish","type":"mec-events","link":"https:\/\/alzira.es\/es\/agenda-alzira\/homenatge-a-les-victimes-alzirenyes-de-lholocaust-a-mauthausen\/","title":{"rendered":"Homenatge a les v\u00edctimes alzirenyes de l&#8217;holocaust a Mauthausen"},"content":{"rendered":"<p>\ud83d\udc65 Assistir\u00e0 l&#8217;alcalde, Alfons Dom\u00ednguez, junt al regidor de Patrimoni Hist\u00f2ric i Mem\u00f2ria Democr\u00e0tica, Xavier P\u00e9rez.<\/p>\n<p>\ud83d\udcc5 Dia \u2013 Dijous 25 de gener<br \/>\n\ud83d\udd57 Hora \u2013 12 h<br \/>\n\ud83d\udccd Lloc \u2013 Pla\u00e7a dels Herois de Mauthausen<\/p>\n<p>T&#8217;esperem! \ud83c\udff5<\/p>\n<p><a href=\"https:\/\/alzira.es\/wp-content\/uploads\/2024\/01\/Saluda-Mauthausen.png\" target=\"_blank\" rel=\"noopener\"><img fetchpriority=\"high\" decoding=\"async\" class=\"aligncenter wp-image-146178 size-full\" src=\"https:\/\/alzira.es\/wp-content\/uploads\/2024\/01\/Saluda-Mauthausen.png\" alt=\"Homenatge a les v\u00edctimes alzirenyes de l'holocaust a Mauthausen\" width=\"2000\" height=\"1414\" srcset=\"https:\/\/alzira.es\/wp-content\/uploads\/2024\/01\/Saluda-Mauthausen.png 2000w, https:\/\/alzira.es\/wp-content\/uploads\/2024\/01\/Saluda-Mauthausen-680x481.png 680w, https:\/\/alzira.es\/wp-content\/uploads\/2024\/01\/Saluda-Mauthausen-1430x1011.png 1430w, https:\/\/alzira.es\/wp-content\/uploads\/2024\/01\/Saluda-Mauthausen-768x543.png 768w, https:\/\/alzira.es\/wp-content\/uploads\/2024\/01\/Saluda-Mauthausen-1536x1086.png 1536w\" sizes=\"(max-width: 706px) 89vw, (max-width: 767px) 82vw, 740px\" \/><\/a><\/p>\n","protected":false},"excerpt":{"rendered":"<p>\ud83d\udc65 Assistir\u00e0 l&#8217;alcalde, Alfons Dom\u00ednguez, junt al regidor de Patrimoni Hist\u00f2ric i Mem\u00f2ria Democr\u00e0tica, Xavier P\u00e9rez. \ud83d\udcc5 Dia \u2013 Dijous 25 de gener \ud83d\udd57 Hora \u2013 12 h \ud83d\udccd Lloc \u2013 Pla\u00e7a dels Herois de Mauthausen T&#8217;esperem! \ud83c\udff5<\/p>\n","protected":false},"author":29,"featured_media":146178,"comment_status":"closed","ping_status":"closed","template":"","tags":[],"mec_category":[5178],"class_list":["post-146177","mec-events","type-mec-events","status-publish","has-post-thumbnail","hentry","mec_category-homenatge"],"acf":[],"_links":{"self":[{"href":"https:\/\/alzira.es\/es\/wp-json\/wp\/v2\/mec-events\/146177","targetHints":{"allow":["GET"]}}],"collection":[{"href":"https:\/\/alzira.es\/es\/wp-json\/wp\/v2\/mec-events"}],"about":[{"href":"https:\/\/alzira.es\/es\/wp-json\/wp\/v2\/types\/mec-events"}],"author":[{"embeddable":true,"href":"https:\/\/alzira.es\/es\/wp-json\/wp\/v2\/users\/29"}],"replies":[{"embeddable":true,"href":"https:\/\/alzira.es\/es\/wp-json\/wp\/v2\/comments?post=146177"}],"wp:featuredmedia":[{"embeddable":true,"href":"https:\/\/alzira.es\/es\/wp-json\/wp\/v2\/media\/146178"}],"wp:attachment":[{"href":"https:\/\/alzira.es\/es\/wp-json\/wp\/v2\/media?parent=146177"}],"wp:term":[{"taxonomy":"post_tag","embeddable":true,"href":"https:\/\/alzira.es\/es\/wp-json\/wp\/v2\/tags?post=146177"},{"taxonomy":"mec_category","embeddable":true,"href":"https:\/\/alzira.es\/es\/wp-json\/wp\/v2\/mec_category?post=146177"}],"curies":[{"name":"wp","href":"https:\/\/api.w.org\/{rel}","templated":true}]}}

Homenatge a les víctimes alzirenyes de l&#8217;holocaust a Mauthausen

<p>👥 Assistirà l&#8217;alcalde, Alfons Domínguez, junt al regidor de Patrimoni Històric i Memòria Democràtica, Xavier Pérez.</p>
<p>📅 Dia – Dijous 25 de gener<br />
🕗 Hora – 12 h<br />
📍 Lloc – Plaça dels Herois de Mauthausen</p>
<p>T&#8217;esperem! 🏵</p>
<p><a href="https://alzira.es/wp-content/uploads/2024/01/Saluda-Mauthausen.png" target="_blank" rel="noopener"><img fetchpriority="high" decoding="async" class="aligncenter wp-image-146178 size-full" src="https://alzira.es/wp-content/uploads/2024/01/Saluda-Mauthausen.png" alt="Homenatge a les víctimes alzirenyes de l'holocaust a Mauthausen" width="2000" height="1414" srcset="https://alzira.es/wp-content/uploads/2024/01/Saluda-Mauthausen.png 2000w, https://alzira.es/wp-content/uploads/2024/01/Saluda-Mauthausen-680x481.png 680w, https://alzira.es/wp-content/uploads/2024/01/Saluda-Mauthausen-1430x1011.png 1430w, https://alzira.es/wp-content/uploads/2024/01/Saluda-Mauthausen-768x543.png 768w, https://alzira.es/wp-content/uploads/2024/01/Saluda-Mauthausen-1536x1086.png 1536w" sizes="(max-width: 706px) 89vw, (max-width: 767px) 82vw, 740px" /></a></p>

<p>👥 Assistirà l&#8217;alcalde, Alfons Domínguez, junt al regidor de Patrimoni Històric i Memòria Democràtica, Xavier Pérez. 📅 Dia – Dijous 25 de gener 🕗 Hora – 12 h 📍 Lloc – Plaça dels Herois de Mauthausen T&#8217;esperem! 🏵</p>
