{"id":144418,"date":"2023-11-13T13:16:29","date_gmt":"2023-11-13T12:16:29","guid":{"rendered":"https:\/\/alzira.es\/?post_type=mec-events&#038;p=144418"},"modified":"2023-11-13T13:16:29","modified_gmt":"2023-11-13T12:16:29","slug":"teatre-familiar-rudolph-el-musical","status":"publish","type":"mec-events","link":"https:\/\/alzira.es\/es\/agenda-alzira\/teatre-familiar-rudolph-el-musical\/","title":{"rendered":"TEATRE FAMILIAR \u00abRudolph, el musical\u00bb"},"content":{"rendered":"<p>\ud83d\udcc6 Dissabte 23 de desembre<br \/>\n\u23f0 A les 19.00 hores<br \/>\n\ud83d\udccd\u00a0 Gran Teatre<\/p>\n<h2>Compa\u00f1\u00eda de Row<\/h2>\n<p>Rub\u00e9n \u00e9s un xiquet amb una gran creativitat i que no aconseguix fer lliga amb els companys de classe. De fet, se\u2019n burlen, i li diuen \u00abRudolph\u00bb, perqu\u00e8 t\u00e9 piguetes roges al nas. Per\u00f2 \u00e9s la nit de Nadal i la m\u00e0gia est\u00e0 a punt de passar. En sonar les notes de la nadala de \u00abRudolph\u00bb, Rub\u00e9n es transforma en el fam\u00f3s ren i apareix al taller del Pare Noel. L\u2019ha d\u2019ajudar a salvar la festa de Nadal. Tot i que pot ser que tamb\u00e9 aprenga a salvar-se a ell mateix.<\/p>\n<p>\ud83c\udf9f\ufe0f 5 \u20ac<br \/>\nEspectacle musical en castell\u00e0.<br \/>\nDuraci\u00f3: 60 min<br \/>\nRecomanat a partir de quatre anys.<\/p>\n<p><a href=\"https:\/\/alzira.es\/wp-content\/uploads\/2023\/11\/rudolph.png\" target=\"_blank\" rel=\"noopener\"><img fetchpriority=\"high\" decoding=\"async\" class=\"aligncenter wp-image-144416 size-full\" src=\"https:\/\/alzira.es\/wp-content\/uploads\/2023\/11\/rudolph.png\" alt=\"TEATRE FAMILIAR &quot;Rudolph, el musical&quot;\" width=\"1064\" height=\"744\" srcset=\"https:\/\/alzira.es\/wp-content\/uploads\/2023\/11\/rudolph.png 1064w, https:\/\/alzira.es\/wp-content\/uploads\/2023\/11\/rudolph-680x475.png 680w, https:\/\/alzira.es\/wp-content\/uploads\/2023\/11\/rudolph-768x537.png 768w\" sizes=\"(max-width: 706px) 89vw, (max-width: 767px) 82vw, 740px\" \/><\/a><\/p>\n","protected":false},"excerpt":{"rendered":"<p>\ud83d\udcc6 Dissabte 23 de desembre \u23f0 A les 19.00 hores \ud83d\udccd\u00a0 Gran Teatre Compa\u00f1\u00eda de Row Rub\u00e9n \u00e9s un xiquet amb una gran creativitat i que no aconseguix fer lliga amb els companys de classe. De fet, se\u2019n burlen, i li diuen \u00abRudolph\u00bb, perqu\u00e8 t\u00e9 piguetes roges al nas. Per\u00f2 \u00e9s la nit de Nadal &hellip; <\/p>\n<p class=\"link-more\"><a href=\"https:\/\/alzira.es\/es\/agenda-alzira\/teatre-familiar-rudolph-el-musical\/\" class=\"more-link\">Continuar leyendo<span class=\"screen-reader-text\"> \u00abTEATRE FAMILIAR \u00abRudolph, el musical\u00bb\u00bb<\/span><\/a><\/p>\n","protected":false},"author":29,"featured_media":144416,"comment_status":"closed","ping_status":"closed","template":"","tags":[],"mec_category":[5092],"class_list":["post-144418","mec-events","type-mec-events","status-publish","has-post-thumbnail","hentry","mec_category-teatre-musical"],"acf":[],"_links":{"self":[{"href":"https:\/\/alzira.es\/es\/wp-json\/wp\/v2\/mec-events\/144418","targetHints":{"allow":["GET"]}}],"collection":[{"href":"https:\/\/alzira.es\/es\/wp-json\/wp\/v2\/mec-events"}],"about":[{"href":"https:\/\/alzira.es\/es\/wp-json\/wp\/v2\/types\/mec-events"}],"author":[{"embeddable":true,"href":"https:\/\/alzira.es\/es\/wp-json\/wp\/v2\/users\/29"}],"replies":[{"embeddable":true,"href":"https:\/\/alzira.es\/es\/wp-json\/wp\/v2\/comments?post=144418"}],"wp:featuredmedia":[{"embeddable":true,"href":"https:\/\/alzira.es\/es\/wp-json\/wp\/v2\/media\/144416"}],"wp:attachment":[{"href":"https:\/\/alzira.es\/es\/wp-json\/wp\/v2\/media?parent=144418"}],"wp:term":[{"taxonomy":"post_tag","embeddable":true,"href":"https:\/\/alzira.es\/es\/wp-json\/wp\/v2\/tags?post=144418"},{"taxonomy":"mec_category","embeddable":true,"href":"https:\/\/alzira.es\/es\/wp-json\/wp\/v2\/mec_category?post=144418"}],"curies":[{"name":"wp","href":"https:\/\/api.w.org\/{rel}","templated":true}]}}

<p>📆 Dissabte 23 de desembre<br />
⏰ A les 19.00 hores<br />
📍  Gran Teatre</p>
<h2>Compañía de Row</h2>
<p>Rubén és un xiquet amb una gran creativitat i que no aconseguix fer lliga amb els companys de classe. De fet, se’n burlen, i li diuen «Rudolph», perquè té piguetes roges al nas. Però és la nit de Nadal i la màgia està a punt de passar. En sonar les notes de la nadala de «Rudolph», Rubén es transforma en el famós ren i apareix al taller del Pare Noel. L’ha d’ajudar a salvar la festa de Nadal. Tot i que pot ser que també aprenga a salvar-se a ell mateix.</p>
<p>🎟️ 5 €<br />
Espectacle musical en castellà.<br />
Duració: 60 min<br />
Recomanat a partir de quatre anys.</p>
<p><a href="https://alzira.es/wp-content/uploads/2023/11/rudolph.png" target="_blank" rel="noopener"><img fetchpriority="high" decoding="async" class="aligncenter wp-image-144416 size-full" src="https://alzira.es/wp-content/uploads/2023/11/rudolph.png" alt="TEATRE FAMILIAR &quot;Rudolph, el musical&quot;" width="1064" height="744" srcset="https://alzira.es/wp-content/uploads/2023/11/rudolph.png 1064w, https://alzira.es/wp-content/uploads/2023/11/rudolph-680x475.png 680w, https://alzira.es/wp-content/uploads/2023/11/rudolph-768x537.png 768w" sizes="(max-width: 706px) 89vw, (max-width: 767px) 82vw, 740px" /></a></p>

<p>📆 Dissabte 23 de desembre ⏰ A les 19.00 hores 📍  Gran Teatre Compañía de Row Rubén és un xiquet amb una gran creativitat i que no aconseguix fer lliga amb els companys de classe. De fet, se’n burlen, i li diuen «Rudolph», perquè té piguetes roges al nas. Però és la nit de Nadal &hellip; </p>
<p class="link-more"><a href="https://alzira.es/es/agenda-alzira/teatre-familiar-rudolph-el-musical/" class="more-link">Continuar leyendo<span class="screen-reader-text"> «TEATRE FAMILIAR «Rudolph, el musical»»</span></a></p>
