{"id":144314,"date":"2023-11-09T13:09:34","date_gmt":"2023-11-09T12:09:34","guid":{"rendered":"https:\/\/alzira.es\/?post_type=mec-events&#038;p=144314"},"modified":"2023-11-09T13:09:34","modified_gmt":"2023-11-09T12:09:34","slug":"taller-de-dibuix-manga","status":"publish","type":"mec-events","link":"https:\/\/alzira.es\/es\/agenda-alzira\/taller-de-dibuix-manga\/","title":{"rendered":"Taller de Dibuix Manga"},"content":{"rendered":"<p>\ud83d\udc49 Eres fan del manga i t&#8217;agradaria \ud835\udc1a\ud835\udc29\ud835\udc2b\ud835\udc1e\ud835\udc27\ud835\udc1d\ud835\udc2b\ud835\udc1e \ud835\udc1a \ud835\udc1d\ud835\udc22\ud835\udc1b\ud835\udc2e\ud835\udc22\ud835\udc31\ud835\udc1a\ud835\udc2b en este estil?<\/p>\n<p>\ud83d\udd8b\ufe0f No te pots perdre el taller per a \ud835\udc29\ud835\udc2e\u0301\ud835\udc1b\ud835\udc25\ud835\udc22\ud835\udc1c \ud835\udc23\ud835\udc2e\ud835\udc2f\ud835\udc1e\ud835\udc27\ud835\udc22\ud835\udc25 que se celebrar\u00e0 dem\u00e0 a la Biblioteca!<\/p>\n<p>\ud83d\udcc6 \ud835\udc03\ud835\udc22\ud835\udc1a &#8211; Divendres 10 de novembre<br \/>\n\u23f0 \ud835\udc07\ud835\udc28\ud835\udc2b\ud835\udc1a &#8211; 18h<br \/>\n\ud83d\udccd \ud835\udc0b\ud835\udc25\ud835\udc28\ud835\udc1c &#8211; Sala d&#8217;estudis [annexa a la Biblioteca Municipal]<\/p>\n<p>\u2757 \u00c9s important realitzar una inscripci\u00f3 pr\u00e8via ja que les places s\u00f3n \ud835\udc25\ud835\udc22\ud835\udc26\ud835\udc22\ud835\udc2d\ud835\udc1a\ud835\udc1d\ud835\udc1e\ud835\udc2c \u2757<\/p>\n<p>\ud83d\udcdd Pots fer la inscripci\u00f3 cridant al \ud835\udc2d\ud835\udc1e\ud835\udc25\ud835\udc1e\u0300\ud835\udc1f\ud835\udc28\ud835\udc27 962012981 \/ manant un \ud835\udc1c\ud835\udc28\ud835\udc2b\ud835\udc2b\ud835\udc1e\ud835\udc2e a biblioteca@alzira.es \/ al \ud835\udc26\ud835\udc28\ud835\udc2c\ud835\udc2d\ud835\udc2b\ud835\udc1a\ud835\udc1d\ud835\udc28\ud835\udc2b de la biblioteca.<\/p>\n<p>\ud83c\udf1f Vine i explota la teua creativitat en este taller ple de diversi\u00f3 i aprenentatge!<\/p>\n<p><a href=\"https:\/\/alzira.es\/wp-content\/uploads\/2023\/11\/taller-de-dibuix-manga.png\" target=\"_blank\" rel=\"noopener\"><img fetchpriority=\"high\" decoding=\"async\" class=\"aligncenter wp-image-144315 size-full\" src=\"https:\/\/alzira.es\/wp-content\/uploads\/2023\/11\/taller-de-dibuix-manga.png\" alt=\"\ud835\udc13\ud835\udc1a\ud835\udc25\ud835\udc25\ud835\udc1e\ud835\udc2b \ud835\udc1d\ud835\udc1e \ud835\udc03\ud835\udc22\ud835\udc1b\ud835\udc2e\ud835\udc22\ud835\udc31 \ud835\udc0c\ud835\udc1a\ud835\udc27\ud835\udc20\ud835\udc1a \" width=\"1587\" height=\"2245\" srcset=\"https:\/\/alzira.es\/wp-content\/uploads\/2023\/11\/taller-de-dibuix-manga.png 1587w, https:\/\/alzira.es\/wp-content\/uploads\/2023\/11\/taller-de-dibuix-manga-361x510.png 361w, https:\/\/alzira.es\/wp-content\/uploads\/2023\/11\/taller-de-dibuix-manga-758x1072.png 758w, https:\/\/alzira.es\/wp-content\/uploads\/2023\/11\/taller-de-dibuix-manga-768x1086.png 768w, https:\/\/alzira.es\/wp-content\/uploads\/2023\/11\/taller-de-dibuix-manga-1086x1536.png 1086w, https:\/\/alzira.es\/wp-content\/uploads\/2023\/11\/taller-de-dibuix-manga-1448x2048.png 1448w\" sizes=\"(max-width: 706px) 89vw, (max-width: 767px) 82vw, 740px\" \/><\/a><\/p>\n","protected":false},"excerpt":{"rendered":"<p>\ud83d\udc49 Eres fan del manga i t&#8217;agradaria \ud835\udc1a\ud835\udc29\ud835\udc2b\ud835\udc1e\ud835\udc27\ud835\udc1d\ud835\udc2b\ud835\udc1e \ud835\udc1a \ud835\udc1d\ud835\udc22\ud835\udc1b\ud835\udc2e\ud835\udc22\ud835\udc31\ud835\udc1a\ud835\udc2b en este estil? \ud83d\udd8b\ufe0f No te pots perdre el taller per a \ud835\udc29\ud835\udc2e\u0301\ud835\udc1b\ud835\udc25\ud835\udc22\ud835\udc1c \ud835\udc23\ud835\udc2e\ud835\udc2f\ud835\udc1e\ud835\udc27\ud835\udc22\ud835\udc25 que se celebrar\u00e0 dem\u00e0 a la Biblioteca! \ud83d\udcc6 \ud835\udc03\ud835\udc22\ud835\udc1a &#8211; Divendres 10 de novembre \u23f0 \ud835\udc07\ud835\udc28\ud835\udc2b\ud835\udc1a &#8211; 18h \ud83d\udccd \ud835\udc0b\ud835\udc25\ud835\udc28\ud835\udc1c &#8211; Sala d&#8217;estudis [annexa a la Biblioteca Municipal] \u2757 \u00c9s important &hellip; <\/p>\n<p class=\"link-more\"><a href=\"https:\/\/alzira.es\/es\/agenda-alzira\/taller-de-dibuix-manga\/\" class=\"more-link\">Continuar leyendo<span class=\"screen-reader-text\"> \u00abTaller de Dibuix Manga\u00bb<\/span><\/a><\/p>\n","protected":false},"author":29,"featured_media":144315,"comment_status":"closed","ping_status":"closed","template":"","tags":[],"mec_category":[],"class_list":["post-144314","mec-events","type-mec-events","status-publish","has-post-thumbnail","hentry"],"acf":[],"_links":{"self":[{"href":"https:\/\/alzira.es\/es\/wp-json\/wp\/v2\/mec-events\/144314","targetHints":{"allow":["GET"]}}],"collection":[{"href":"https:\/\/alzira.es\/es\/wp-json\/wp\/v2\/mec-events"}],"about":[{"href":"https:\/\/alzira.es\/es\/wp-json\/wp\/v2\/types\/mec-events"}],"author":[{"embeddable":true,"href":"https:\/\/alzira.es\/es\/wp-json\/wp\/v2\/users\/29"}],"replies":[{"embeddable":true,"href":"https:\/\/alzira.es\/es\/wp-json\/wp\/v2\/comments?post=144314"}],"wp:featuredmedia":[{"embeddable":true,"href":"https:\/\/alzira.es\/es\/wp-json\/wp\/v2\/media\/144315"}],"wp:attachment":[{"href":"https:\/\/alzira.es\/es\/wp-json\/wp\/v2\/media?parent=144314"}],"wp:term":[{"taxonomy":"post_tag","embeddable":true,"href":"https:\/\/alzira.es\/es\/wp-json\/wp\/v2\/tags?post=144314"},{"taxonomy":"mec_category","embeddable":true,"href":"https:\/\/alzira.es\/es\/wp-json\/wp\/v2\/mec_category?post=144314"}],"curies":[{"name":"wp","href":"https:\/\/api.w.org\/{rel}","templated":true}]}}

<p>👉 Eres fan del manga i t&#8217;agradaria 𝐚𝐩𝐫𝐞𝐧𝐝𝐫𝐞 𝐚 𝐝𝐢𝐛𝐮𝐢𝐱𝐚𝐫 en este estil?</p>
<p>🖋️ No te pots perdre el taller per a 𝐩𝐮́𝐛𝐥𝐢𝐜 𝐣𝐮𝐯𝐞𝐧𝐢𝐥 que se celebrarà demà a la Biblioteca!</p>
<p>📆 𝐃𝐢𝐚 &#8211; Divendres 10 de novembre<br />
⏰ 𝐇𝐨𝐫𝐚 &#8211; 18h<br />
📍 𝐋𝐥𝐨𝐜 &#8211; Sala d&#8217;estudis [annexa a la Biblioteca Municipal]</p>
<p>❗ És important realitzar una inscripció prèvia ja que les places són 𝐥𝐢𝐦𝐢𝐭𝐚𝐝𝐞𝐬 ❗</p>
<p>📝 Pots fer la inscripció cridant al 𝐭𝐞𝐥𝐞̀𝐟𝐨𝐧 962012981 / manant un 𝐜𝐨𝐫𝐫𝐞𝐮 a biblioteca@alzira.es / al 𝐦𝐨𝐬𝐭𝐫𝐚𝐝𝐨𝐫 de la biblioteca.</p>
<p>🌟 Vine i explota la teua creativitat en este taller ple de diversió i aprenentatge!</p>
<p><a href="https://alzira.es/wp-content/uploads/2023/11/taller-de-dibuix-manga.png" target="_blank" rel="noopener"><img fetchpriority="high" decoding="async" class="aligncenter wp-image-144315 size-full" src="https://alzira.es/wp-content/uploads/2023/11/taller-de-dibuix-manga.png" alt="𝐓𝐚𝐥𝐥𝐞𝐫 𝐝𝐞 𝐃𝐢𝐛𝐮𝐢𝐱 𝐌𝐚𝐧𝐠𝐚 " width="1587" height="2245" srcset="https://alzira.es/wp-content/uploads/2023/11/taller-de-dibuix-manga.png 1587w, https://alzira.es/wp-content/uploads/2023/11/taller-de-dibuix-manga-361x510.png 361w, https://alzira.es/wp-content/uploads/2023/11/taller-de-dibuix-manga-758x1072.png 758w, https://alzira.es/wp-content/uploads/2023/11/taller-de-dibuix-manga-768x1086.png 768w, https://alzira.es/wp-content/uploads/2023/11/taller-de-dibuix-manga-1086x1536.png 1086w, https://alzira.es/wp-content/uploads/2023/11/taller-de-dibuix-manga-1448x2048.png 1448w" sizes="(max-width: 706px) 89vw, (max-width: 767px) 82vw, 740px" /></a></p>

<p>👉 Eres fan del manga i t&#8217;agradaria 𝐚𝐩𝐫𝐞𝐧𝐝𝐫𝐞 𝐚 𝐝𝐢𝐛𝐮𝐢𝐱𝐚𝐫 en este estil? 🖋️ No te pots perdre el taller per a 𝐩𝐮́𝐛𝐥𝐢𝐜 𝐣𝐮𝐯𝐞𝐧𝐢𝐥 que se celebrarà demà a la Biblioteca! 📆 𝐃𝐢𝐚 &#8211; Divendres 10 de novembre ⏰ 𝐇𝐨𝐫𝐚 &#8211; 18h 📍 𝐋𝐥𝐨𝐜 &#8211; Sala d&#8217;estudis [annexa a la Biblioteca Municipal] ❗ És important &hellip; </p>
<p class="link-more"><a href="https://alzira.es/es/agenda-alzira/taller-de-dibuix-manga/" class="more-link">Continuar leyendo<span class="screen-reader-text"> «Taller de Dibuix Manga»</span></a></p>
