{"id":138378,"date":"2023-06-12T08:46:13","date_gmt":"2023-06-12T06:46:13","guid":{"rendered":"https:\/\/alzira.es\/?post_type=mec-events&#038;p=138378"},"modified":"2023-07-19T09:58:54","modified_gmt":"2023-07-19T07:58:54","slug":"boscoleta-destiu","status":"publish","type":"mec-events","link":"https:\/\/alzira.es\/es\/agenda-alzira\/boscoleta-destiu\/","title":{"rendered":"BOSCOLETA D&#8217;ESTIU"},"content":{"rendered":"<h1>BOSCOLETA D\u2019ESTIU<\/h1>\n<h1>AL PARATGE NATURAL DE LA MURTA<\/h1>\n<h4>JULIOL 2023<\/h4>\n<p>&nbsp;<\/p>\n<p>Vols guadir de la Murta i convertir-te en tot un\/a guardi\u00e0\/na de la Natura?<\/p>\n<p>Apr\u00e8n sobre aus aut\u00f2ctones, com rastrejar mam\u00edfers, a diferenciar insectes i protegir als pol\u00b7linitzadors. Converteix-te en un\/a reconegut bot\u00e0nic\/a i ajuda a conservar la joia d\u2019Alzira.<\/p>\n<h4><em>PROGRAMACI\u00d3<\/em><\/h4>\n<p>\u2014\u00a0<strong>BON DIA ESTUSIASME<\/strong>\u2014<br \/>\nLa primera acci\u00f3 pret\u00e9n despertar l\u2019entusiasme, base de l\u2019aprenentatge, mitjan\u00e7ant<br \/>\nl\u2019activaci\u00f3 f\u00edsica i mental.<br \/>\n\u2014\u00a0<strong>AC\u00cd I ARA<\/strong>\u00a0\u2014<br \/>\nPer a continuar, hem de portar l\u2019entusiasme cap a un enfocament calmat que ens<br \/>\npermeta ser conscients de la naturalesa.<br \/>\n\u2014\u00a0<strong>FRUITA DE TEMPORADA<\/strong>\u00a0\u2014<br \/>\n\u00c9s l\u2019hora de l\u2019esmorzar. Per\u00f2 no podem oblidar-nos dels principis de l\u2019agroecologia,<br \/>\nper la qual cosa els convidarem a provar cada dia, al costat del seu esmorzar, una<br \/>\nfruita de temporada. A m\u00e9s analitzarem els residus generats.<br \/>\n\u2014\u00a0<strong>ACTIVITATS VIVENCIALS I TALLERS EXPERIENCIALS<\/strong>\u00a0\u2014<br \/>\nAquesta activitat di\u00e0ria ens oferir\u00e0 una experi\u00e8ncia directa d\u2019immersi\u00f3 dirigida a<br \/>\nconnectar amb la naturalesa, basada en l\u2019entusiasme i la receptivitat generada<br \/>\nanteriorment<br \/>\n\u2014\u00a0<strong>COMPARTIR LA INSPIRACI\u00d3<\/strong>\u00a0\u2014<br \/>\nL\u2019\u00faltima din\u00e0mica del dia ens far\u00e0 reflexionar i compartir sobre els sentiments<br \/>\nexperimentats convertint la viv\u00e8ncia en records, generant aix\u00ed un vincle<br \/>\nm\u00e9s estret amb el tema.<\/p>\n<h4>La programaci\u00f3 de cada setmana desenvolupar\u00e0 tem\u00e0tiques relacionades amb el<br \/>\nmedi ambient i la naturalesa:<br \/>\nOcells, fauna auxiliar, rastreig i ecosistema.<\/h4>\n<p>&nbsp;<\/p>\n<p><strong>HORARI:<\/strong>\u00a0De 09.30 a 13.30 hores<\/p>\n<p><strong>Lloc<\/strong>: P\u00e0rquing de la Murta.<\/p>\n<p>EDAD: De 8 a 12 annys<\/p>\n<p><strong>Dies:<\/strong><\/p>\n<ul>\n<li>Setmana del 3 al 7 de juliol<\/li>\n<li>Setmana de 10 al 14 de juliol<\/li>\n<li>Setmana del 17 al 21 de juliol<\/li>\n<li>Setmana del 24 al 28 de juliol<\/li>\n<\/ul>\n<p>Tu elegeixes les setmanes que vols!<\/p>\n<h4><strong>Preu:<\/strong>\u00a030\u20ac\/Setmana<\/h4>\n<p>* Inclou samarreta i borsa sostenible.<\/p>\n<p>&nbsp;<\/p>\n<p>\u201c<b>Boscoleta<\/b>\u201d, pretende crear conexiones y experiencias entre el mundo natural m\u00e1s cercano y los ni\u00f1os con el fin de recuperar la salud individual y comunitaria posiblemente perdida durante estos tan necesarios d\u00edas de confinamiento.<\/p>\n<h4>Qu\u00e8 anem a conseguir?<\/h4>\n<ul>\n<li>Fomentar la creativitat, l\u2019expressi\u00f3 i l\u2019\u00fas del llenguatge.<\/li>\n<li>Promoure el desenvolupament social dels xiquets\/as i aconseguir un entorn d\u2019igualtat.<\/li>\n<li>Impulsar l\u2019activitat f\u00edsica i recuperar la salut individual i comunit\u00e0ria dels participants.<\/li>\n<li>Adquirir una relaci\u00f3 de comprom\u00eds amb la naturalesa, ja que totes les experi\u00e8ncies s\u00f3n reals.<\/li>\n<li>Conciliar la vida laboral i familiar.<\/li>\n<\/ul>\n<p>Si teniu qualsevol dubte, podeu enviar un correu a reservas@interpretayeduca.com o al 640 352 991<\/p>\n<p><a href=\"https:\/\/interpretayeduca.com\/producto\/boscoleta-destiu-al-pnm-de-la-murta-23\/\" target=\"_blank\" rel=\"noopener\"><img fetchpriority=\"high\" decoding=\"async\" class=\"aligncenter wp-image-138379 size-full\" src=\"https:\/\/alzira.es\/wp-content\/uploads\/2023\/06\/boscoleta-d-estiu.jpeg\" alt=\"BOSCOLETA D\u2019ESTIU\" width=\"1131\" height=\"1600\" srcset=\"https:\/\/alzira.es\/wp-content\/uploads\/2023\/06\/boscoleta-d-estiu.jpeg 1131w, https:\/\/alzira.es\/wp-content\/uploads\/2023\/06\/boscoleta-d-estiu-361x510.jpeg 361w, https:\/\/alzira.es\/wp-content\/uploads\/2023\/06\/boscoleta-d-estiu-758x1072.jpeg 758w, https:\/\/alzira.es\/wp-content\/uploads\/2023\/06\/boscoleta-d-estiu-768x1086.jpeg 768w, https:\/\/alzira.es\/wp-content\/uploads\/2023\/06\/boscoleta-d-estiu-1086x1536.jpeg 1086w\" sizes=\"(max-width: 706px) 89vw, (max-width: 767px) 82vw, 740px\" \/><\/a><\/p>\n","protected":false},"excerpt":{"rendered":"<p>BOSCOLETA D\u2019ESTIU AL PARATGE NATURAL DE LA MURTA JULIOL 2023 &nbsp; Vols guadir de la Murta i convertir-te en tot un\/a guardi\u00e0\/na de la Natura? Apr\u00e8n sobre aus aut\u00f2ctones, com rastrejar mam\u00edfers, a diferenciar insectes i protegir als pol\u00b7linitzadors. Converteix-te en un\/a reconegut bot\u00e0nic\/a i ajuda a conservar la joia d\u2019Alzira. PROGRAMACI\u00d3 \u2014\u00a0BON DIA ESTUSIASME\u2014 &hellip; <\/p>\n<p class=\"link-more\"><a href=\"https:\/\/alzira.es\/es\/agenda-alzira\/boscoleta-destiu\/\" class=\"more-link\">Continuar leyendo<span class=\"screen-reader-text\"> \u00abBOSCOLETA D&#8217;ESTIU\u00bb<\/span><\/a><\/p>\n","protected":false},"author":29,"featured_media":138379,"comment_status":"closed","ping_status":"closed","template":"","tags":[],"mec_category":[],"class_list":["post-138378","mec-events","type-mec-events","status-publish","has-post-thumbnail","hentry"],"acf":[],"_links":{"self":[{"href":"https:\/\/alzira.es\/es\/wp-json\/wp\/v2\/mec-events\/138378","targetHints":{"allow":["GET"]}}],"collection":[{"href":"https:\/\/alzira.es\/es\/wp-json\/wp\/v2\/mec-events"}],"about":[{"href":"https:\/\/alzira.es\/es\/wp-json\/wp\/v2\/types\/mec-events"}],"author":[{"embeddable":true,"href":"https:\/\/alzira.es\/es\/wp-json\/wp\/v2\/users\/29"}],"replies":[{"embeddable":true,"href":"https:\/\/alzira.es\/es\/wp-json\/wp\/v2\/comments?post=138378"}],"wp:featuredmedia":[{"embeddable":true,"href":"https:\/\/alzira.es\/es\/wp-json\/wp\/v2\/media\/138379"}],"wp:attachment":[{"href":"https:\/\/alzira.es\/es\/wp-json\/wp\/v2\/media?parent=138378"}],"wp:term":[{"taxonomy":"post_tag","embeddable":true,"href":"https:\/\/alzira.es\/es\/wp-json\/wp\/v2\/tags?post=138378"},{"taxonomy":"mec_category","embeddable":true,"href":"https:\/\/alzira.es\/es\/wp-json\/wp\/v2\/mec_category?post=138378"}],"curies":[{"name":"wp","href":"https:\/\/api.w.org\/{rel}","templated":true}]}}

<h1>BOSCOLETA D’ESTIU</h1>
<h1>AL PARATGE NATURAL DE LA MURTA</h1>
<h4>JULIOL 2023</h4>
<p>&nbsp;</p>
<p>Vols guadir de la Murta i convertir-te en tot un/a guardià/na de la Natura?</p>
<p>Aprèn sobre aus autòctones, com rastrejar mamífers, a diferenciar insectes i protegir als pol·linitzadors. Converteix-te en un/a reconegut botànic/a i ajuda a conservar la joia d’Alzira.</p>
<h4><em>PROGRAMACIÓ</em></h4>
<p>— <strong>BON DIA ESTUSIASME</strong>—<br />
La primera acció pretén despertar l’entusiasme, base de l’aprenentatge, mitjançant<br />
l’activació física i mental.<br />
— <strong>ACÍ I ARA</strong> —<br />
Per a continuar, hem de portar l’entusiasme cap a un enfocament calmat que ens<br />
permeta ser conscients de la naturalesa.<br />
— <strong>FRUITA DE TEMPORADA</strong> —<br />
És l’hora de l’esmorzar. Però no podem oblidar-nos dels principis de l’agroecologia,<br />
per la qual cosa els convidarem a provar cada dia, al costat del seu esmorzar, una<br />
fruita de temporada. A més analitzarem els residus generats.<br />
— <strong>ACTIVITATS VIVENCIALS I TALLERS EXPERIENCIALS</strong> —<br />
Aquesta activitat diària ens oferirà una experiència directa d’immersió dirigida a<br />
connectar amb la naturalesa, basada en l’entusiasme i la receptivitat generada<br />
anteriorment<br />
— <strong>COMPARTIR LA INSPIRACIÓ</strong> —<br />
L’última dinàmica del dia ens farà reflexionar i compartir sobre els sentiments<br />
experimentats convertint la vivència en records, generant així un vincle<br />
més estret amb el tema.</p>
<h4>La programació de cada setmana desenvoluparà temàtiques relacionades amb el<br />
medi ambient i la naturalesa:<br />
Ocells, fauna auxiliar, rastreig i ecosistema.</h4>
<p>&nbsp;</p>
<p><strong>HORARI:</strong> De 09.30 a 13.30 hores</p>
<p><strong>Lloc</strong>: Pàrquing de la Murta.</p>
<p>EDAD: De 8 a 12 annys</p>
<p><strong>Dies:</strong></p>
<ul>
<li>Setmana del 3 al 7 de juliol</li>
<li>Setmana de 10 al 14 de juliol</li>
<li>Setmana del 17 al 21 de juliol</li>
<li>Setmana del 24 al 28 de juliol</li>
</ul>
<p>Tu elegeixes les setmanes que vols!</p>
<h4><strong>Preu:</strong> 30€/Setmana</h4>
<p>* Inclou samarreta i borsa sostenible.</p>
<p>&nbsp;</p>
<p>“<b>Boscoleta</b>”, pretende crear conexiones y experiencias entre el mundo natural más cercano y los niños con el fin de recuperar la salud individual y comunitaria posiblemente perdida durante estos tan necesarios días de confinamiento.</p>
<h4>Què anem a conseguir?</h4>
<ul>
<li>Fomentar la creativitat, l’expressió i l’ús del llenguatge.</li>
<li>Promoure el desenvolupament social dels xiquets/as i aconseguir un entorn d’igualtat.</li>
<li>Impulsar l’activitat física i recuperar la salut individual i comunitària dels participants.</li>
<li>Adquirir una relació de compromís amb la naturalesa, ja que totes les experiències són reals.</li>
<li>Conciliar la vida laboral i familiar.</li>
</ul>
<p>Si teniu qualsevol dubte, podeu enviar un correu a reservas@interpretayeduca.com o al 640 352 991</p>
<p><a href="https://interpretayeduca.com/producto/boscoleta-destiu-al-pnm-de-la-murta-23/" target="_blank" rel="noopener"><img fetchpriority="high" decoding="async" class="aligncenter wp-image-138379 size-full" src="https://alzira.es/wp-content/uploads/2023/06/boscoleta-d-estiu.jpeg" alt="BOSCOLETA D’ESTIU" width="1131" height="1600" srcset="https://alzira.es/wp-content/uploads/2023/06/boscoleta-d-estiu.jpeg 1131w, https://alzira.es/wp-content/uploads/2023/06/boscoleta-d-estiu-361x510.jpeg 361w, https://alzira.es/wp-content/uploads/2023/06/boscoleta-d-estiu-758x1072.jpeg 758w, https://alzira.es/wp-content/uploads/2023/06/boscoleta-d-estiu-768x1086.jpeg 768w, https://alzira.es/wp-content/uploads/2023/06/boscoleta-d-estiu-1086x1536.jpeg 1086w" sizes="(max-width: 706px) 89vw, (max-width: 767px) 82vw, 740px" /></a></p>

<p>BOSCOLETA D’ESTIU AL PARATGE NATURAL DE LA MURTA JULIOL 2023 &nbsp; Vols guadir de la Murta i convertir-te en tot un/a guardià/na de la Natura? Aprèn sobre aus autòctones, com rastrejar mamífers, a diferenciar insectes i protegir als pol·linitzadors. Converteix-te en un/a reconegut botànic/a i ajuda a conservar la joia d’Alzira. PROGRAMACIÓ — BON DIA ESTUSIASME— &hellip; </p>
<p class="link-more"><a href="https://alzira.es/es/agenda-alzira/boscoleta-destiu/" class="more-link">Continuar leyendo<span class="screen-reader-text"> «BOSCOLETA D&#8217;ESTIU»</span></a></p>
