{"id":137093,"date":"2023-05-09T09:16:11","date_gmt":"2023-05-09T07:16:11","guid":{"rendered":"https:\/\/alzira.es\/?post_type=mec-events&#038;p=137093"},"modified":"2023-05-09T09:16:52","modified_gmt":"2023-05-09T07:16:52","slug":"mig-any-fester-moros-i-cristians-de-la-vila-dalzira","status":"publish","type":"mec-events","link":"https:\/\/alzira.es\/es\/agenda-alzira\/mig-any-fester-moros-i-cristians-de-la-vila-dalzira\/","title":{"rendered":"Mig Any fester MOROS I CRISTIANS DE LA VILA D&#8217;ALZIRA"},"content":{"rendered":"<div class=\"x11i5rnm xat24cr x1mh8g0r x1vvkbs xtlvy1s x126k92a\">\n<div dir=\"auto\"><span class=\"x3nfvp2 x1j61x8r x1fcty0u xdj266r xhhsvwb xat24cr xgzva0m xxymvpz xlup9mm x1kky2od\"><img decoding=\"async\" data-src=\"https:\/\/static.xx.fbcdn.net\/images\/emoji.php\/v9\/tcc\/2\/16\/1f4cd.png\" alt=\"\ud83d\udccd\" width=\"16\" height=\"16\" src=\"data:image\/svg+xml;base64,PHN2ZyB3aWR0aD0iMSIgaGVpZ2h0PSIxIiB4bWxucz0iaHR0cDovL3d3dy53My5vcmcvMjAwMC9zdmciPjwvc3ZnPg==\" class=\"lazyload\" style=\"--smush-placeholder-width: 16px; --smush-placeholder-aspect-ratio: 16\/16;\" \/><\/span>Divendres 12 i dissabte 13 de maig.<\/div>\n<\/div>\n<div class=\"x11i5rnm xat24cr x1mh8g0r x1vvkbs xtlvy1s x126k92a\">\n<div dir=\"auto\">La programaci\u00f3 ser\u00e0 la seg\u00fcent<span class=\"x3nfvp2 x1j61x8r x1fcty0u xdj266r xhhsvwb xat24cr xgzva0m xxymvpz xlup9mm x1kky2od\"><img decoding=\"async\" data-src=\"https:\/\/static.xx.fbcdn.net\/images\/emoji.php\/v9\/ta1\/2\/16\/2b07.png\" alt=\"\u2b07\ufe0f\" width=\"16\" height=\"16\" src=\"data:image\/svg+xml;base64,PHN2ZyB3aWR0aD0iMSIgaGVpZ2h0PSIxIiB4bWxucz0iaHR0cDovL3d3dy53My5vcmcvMjAwMC9zdmciPjwvc3ZnPg==\" class=\"lazyload\" style=\"--smush-placeholder-width: 16px; --smush-placeholder-aspect-ratio: 16\/16;\" \/><\/span><span class=\"x3nfvp2 x1j61x8r x1fcty0u xdj266r xhhsvwb xat24cr xgzva0m xxymvpz xlup9mm x1kky2od\"><img decoding=\"async\" data-src=\"https:\/\/static.xx.fbcdn.net\/images\/emoji.php\/v9\/ta1\/2\/16\/2b07.png\" alt=\"\u2b07\ufe0f\" width=\"16\" height=\"16\" src=\"data:image\/svg+xml;base64,PHN2ZyB3aWR0aD0iMSIgaGVpZ2h0PSIxIiB4bWxucz0iaHR0cDovL3d3dy53My5vcmcvMjAwMC9zdmciPjwvc3ZnPg==\" class=\"lazyload\" style=\"--smush-placeholder-width: 16px; --smush-placeholder-aspect-ratio: 16\/16;\" \/><\/span><span class=\"x3nfvp2 x1j61x8r x1fcty0u xdj266r xhhsvwb xat24cr xgzva0m xxymvpz xlup9mm x1kky2od\"><img decoding=\"async\" data-src=\"https:\/\/static.xx.fbcdn.net\/images\/emoji.php\/v9\/ta1\/2\/16\/2b07.png\" alt=\"\u2b07\ufe0f\" width=\"16\" height=\"16\" src=\"data:image\/svg+xml;base64,PHN2ZyB3aWR0aD0iMSIgaGVpZ2h0PSIxIiB4bWxucz0iaHR0cDovL3d3dy53My5vcmcvMjAwMC9zdmciPjwvc3ZnPg==\" class=\"lazyload\" style=\"--smush-placeholder-width: 16px; --smush-placeholder-aspect-ratio: 16\/16;\" \/><\/span><\/div>\n<div dir=\"auto\"><img fetchpriority=\"high\" decoding=\"async\" class=\"alignnone size-medium wp-image-137094\" src=\"https:\/\/alzira.es\/wp-content\/uploads\/2023\/05\/345880333_1329380744311349_4443453397739786708_n-360x510.jpg\" alt=\"\" width=\"360\" height=\"510\" srcset=\"https:\/\/alzira.es\/wp-content\/uploads\/2023\/05\/345880333_1329380744311349_4443453397739786708_n-360x510.jpg 360w, https:\/\/alzira.es\/wp-content\/uploads\/2023\/05\/345880333_1329380744311349_4443453397739786708_n-757x1072.jpg 757w, https:\/\/alzira.es\/wp-content\/uploads\/2023\/05\/345880333_1329380744311349_4443453397739786708_n-768x1087.jpg 768w, https:\/\/alzira.es\/wp-content\/uploads\/2023\/05\/345880333_1329380744311349_4443453397739786708_n-1085x1536.jpg 1085w, https:\/\/alzira.es\/wp-content\/uploads\/2023\/05\/345880333_1329380744311349_4443453397739786708_n.jpg 1447w\" sizes=\"(max-width: 360px) 100vw, 360px\" \/><\/div>\n<\/div>\n","protected":false},"excerpt":{"rendered":"<p>Divendres 12 i dissabte 13 de maig. La programaci\u00f3 ser\u00e0 la seg\u00fcent<\/p>\n","protected":false},"author":36,"featured_media":137094,"comment_status":"closed","ping_status":"closed","template":"","tags":[],"mec_category":[5185],"class_list":["post-137093","mec-events","type-mec-events","status-publish","has-post-thumbnail","hentry","mec_category-festes"],"acf":[],"_links":{"self":[{"href":"https:\/\/alzira.es\/es\/wp-json\/wp\/v2\/mec-events\/137093","targetHints":{"allow":["GET"]}}],"collection":[{"href":"https:\/\/alzira.es\/es\/wp-json\/wp\/v2\/mec-events"}],"about":[{"href":"https:\/\/alzira.es\/es\/wp-json\/wp\/v2\/types\/mec-events"}],"author":[{"embeddable":true,"href":"https:\/\/alzira.es\/es\/wp-json\/wp\/v2\/users\/36"}],"replies":[{"embeddable":true,"href":"https:\/\/alzira.es\/es\/wp-json\/wp\/v2\/comments?post=137093"}],"wp:featuredmedia":[{"embeddable":true,"href":"https:\/\/alzira.es\/es\/wp-json\/wp\/v2\/media\/137094"}],"wp:attachment":[{"href":"https:\/\/alzira.es\/es\/wp-json\/wp\/v2\/media?parent=137093"}],"wp:term":[{"taxonomy":"post_tag","embeddable":true,"href":"https:\/\/alzira.es\/es\/wp-json\/wp\/v2\/tags?post=137093"},{"taxonomy":"mec_category","embeddable":true,"href":"https:\/\/alzira.es\/es\/wp-json\/wp\/v2\/mec_category?post=137093"}],"curies":[{"name":"wp","href":"https:\/\/api.w.org\/{rel}","templated":true}]}}

<div class="x11i5rnm xat24cr x1mh8g0r x1vvkbs xtlvy1s x126k92a">
<div dir="auto"><span class="x3nfvp2 x1j61x8r x1fcty0u xdj266r xhhsvwb xat24cr xgzva0m xxymvpz xlup9mm x1kky2od"><img decoding="async" data-src="https://static.xx.fbcdn.net/images/emoji.php/v9/tcc/2/16/1f4cd.png" alt="📍" width="16" height="16" src="data:image/svg+xml;base64,PHN2ZyB3aWR0aD0iMSIgaGVpZ2h0PSIxIiB4bWxucz0iaHR0cDovL3d3dy53My5vcmcvMjAwMC9zdmciPjwvc3ZnPg==" class="lazyload" style="--smush-placeholder-width: 16px; --smush-placeholder-aspect-ratio: 16/16;" /></span>Divendres 12 i dissabte 13 de maig.</div>
</div>
<div class="x11i5rnm xat24cr x1mh8g0r x1vvkbs xtlvy1s x126k92a">
<div dir="auto">La programació serà la següent<span class="x3nfvp2 x1j61x8r x1fcty0u xdj266r xhhsvwb xat24cr xgzva0m xxymvpz xlup9mm x1kky2od"><img decoding="async" data-src="https://static.xx.fbcdn.net/images/emoji.php/v9/ta1/2/16/2b07.png" alt="⬇️" width="16" height="16" src="data:image/svg+xml;base64,PHN2ZyB3aWR0aD0iMSIgaGVpZ2h0PSIxIiB4bWxucz0iaHR0cDovL3d3dy53My5vcmcvMjAwMC9zdmciPjwvc3ZnPg==" class="lazyload" style="--smush-placeholder-width: 16px; --smush-placeholder-aspect-ratio: 16/16;" /></span><span class="x3nfvp2 x1j61x8r x1fcty0u xdj266r xhhsvwb xat24cr xgzva0m xxymvpz xlup9mm x1kky2od"><img decoding="async" data-src="https://static.xx.fbcdn.net/images/emoji.php/v9/ta1/2/16/2b07.png" alt="⬇️" width="16" height="16" src="data:image/svg+xml;base64,PHN2ZyB3aWR0aD0iMSIgaGVpZ2h0PSIxIiB4bWxucz0iaHR0cDovL3d3dy53My5vcmcvMjAwMC9zdmciPjwvc3ZnPg==" class="lazyload" style="--smush-placeholder-width: 16px; --smush-placeholder-aspect-ratio: 16/16;" /></span><span class="x3nfvp2 x1j61x8r x1fcty0u xdj266r xhhsvwb xat24cr xgzva0m xxymvpz xlup9mm x1kky2od"><img decoding="async" data-src="https://static.xx.fbcdn.net/images/emoji.php/v9/ta1/2/16/2b07.png" alt="⬇️" width="16" height="16" src="data:image/svg+xml;base64,PHN2ZyB3aWR0aD0iMSIgaGVpZ2h0PSIxIiB4bWxucz0iaHR0cDovL3d3dy53My5vcmcvMjAwMC9zdmciPjwvc3ZnPg==" class="lazyload" style="--smush-placeholder-width: 16px; --smush-placeholder-aspect-ratio: 16/16;" /></span></div>
<div dir="auto"><img fetchpriority="high" decoding="async" class="alignnone size-medium wp-image-137094" src="https://alzira.es/wp-content/uploads/2023/05/345880333_1329380744311349_4443453397739786708_n-360x510.jpg" alt="" width="360" height="510" srcset="https://alzira.es/wp-content/uploads/2023/05/345880333_1329380744311349_4443453397739786708_n-360x510.jpg 360w, https://alzira.es/wp-content/uploads/2023/05/345880333_1329380744311349_4443453397739786708_n-757x1072.jpg 757w, https://alzira.es/wp-content/uploads/2023/05/345880333_1329380744311349_4443453397739786708_n-768x1087.jpg 768w, https://alzira.es/wp-content/uploads/2023/05/345880333_1329380744311349_4443453397739786708_n-1085x1536.jpg 1085w, https://alzira.es/wp-content/uploads/2023/05/345880333_1329380744311349_4443453397739786708_n.jpg 1447w" sizes="(max-width: 360px) 100vw, 360px" /></div>
</div>

<p>Divendres 12 i dissabte 13 de maig. La programació serà la següent</p>
