{"id":136974,"date":"2023-05-03T08:03:01","date_gmt":"2023-05-03T06:03:01","guid":{"rendered":"https:\/\/alzira.es\/?post_type=mec-events&#038;p=136974"},"modified":"2023-05-03T08:38:19","modified_gmt":"2023-05-03T06:38:19","slug":"tallers-pecart-lego","status":"publish","type":"mec-events","link":"https:\/\/alzira.es\/es\/agenda-alzira\/tallers-pecart-lego\/","title":{"rendered":"Tallers Pe\u00e7art (Lego)"},"content":{"rendered":"<div class=\"x_xdj266r x_x11i5rnm x_xat24cr x_x1mh8g0r x_x1vvkbs x_x126k92a\">Els dies 5, 19 i 26 de maig V\u00edctor Bosc\u00e1 realitzar\u00e0 un taller sobre peces de construcci\u00f3 LEGO.<\/div>\n<div class=\"x_x11i5rnm x_xat24cr x_x1mh8g0r x_x1vvkbs x_xtlvy1s x_x126k92a\">\n<div class=\"x_ContentPasted0\" dir=\"auto\"><span class=\"x_x3nfvp2 x_x1j61x8r x_x1fcty0u x_xdj266r x_xhhsvwb x_xat24cr x_xgzva0m x_xxymvpz x_xlup9mm x_x1kky2od\"><img decoding=\"async\" class=\"x_ContentPasted0 lazyload\" data-src=\"https:\/\/static.xx.fbcdn.net\/images\/emoji.php\/v9\/tcc\/2\/16\/1f4cd.png\" alt=\"\ud83d\udccd\" width=\"16\" height=\"16\" data-imagetype=\"External\" src=\"data:image\/svg+xml;base64,PHN2ZyB3aWR0aD0iMSIgaGVpZ2h0PSIxIiB4bWxucz0iaHR0cDovL3d3dy53My5vcmcvMjAwMC9zdmciPjwvc3ZnPg==\" style=\"--smush-placeholder-width: 16px; --smush-placeholder-aspect-ratio: 16\/16;\" \/><\/span>Divendres 5 de maig a la\u00a0<a class=\"x_x1i10hfl x_xjbqb8w x_x6umtig x_x1b1mbwd x_xaqea5y x_xav7gou x_x9f619 x_x1ypdohk x_xt0psk2 x_xe8uvvx x_xdj266r x_x11i5rnm x_xat24cr x_x1mh8g0r x_xexx8yu x_x4uap5 x_x18d9i69 x_xkhd6sd x_x16tdsg8 x_x1hl2dhg x_xggy1nq x_x1a2a7pz x_xt0b8zv x_x1qq9wsj x_xo1l8bm x_ContentPasted0\" tabindex=\"0\" href=\"https:\/\/www.facebook.com\/profile.php?id=100045235797295&amp;__cft__[0]=AZWR0wKPpLSUr4nRJHwgSFvdpPwTCWCII9JowLtbFtBv73eXAPKAF_tKtqM05rG-S_pxhRPlH2reX4zFVi0KOBXD0qP2dHf4zmQL0y0MC3e6a_kR0PHcDXm3uUftmi0LxMA&amp;__tn__=-]K-R\" target=\"_blank\" rel=\"noopener noreferrer\" data-auth=\"NotApplicable\" data-safelink=\"true\" data-linkindex=\"0\"><span class=\"x_xt0psk2\">Biblioteca Municipal d&#8217;Alzira<\/span><\/a><\/div>\n<div class=\"x_ContentPasted0\" dir=\"auto\"><span class=\"x_x3nfvp2 x_x1j61x8r x_x1fcty0u x_xdj266r x_xhhsvwb x_xat24cr x_xgzva0m x_xxymvpz x_xlup9mm x_x1kky2od\"><img decoding=\"async\" class=\"x_ContentPasted0 lazyload\" data-src=\"https:\/\/static.xx.fbcdn.net\/images\/emoji.php\/v9\/tcc\/2\/16\/1f4cd.png\" alt=\"\ud83d\udccd\" width=\"16\" height=\"16\" data-imagetype=\"External\" src=\"data:image\/svg+xml;base64,PHN2ZyB3aWR0aD0iMSIgaGVpZ2h0PSIxIiB4bWxucz0iaHR0cDovL3d3dy53My5vcmcvMjAwMC9zdmciPjwvc3ZnPg==\" style=\"--smush-placeholder-width: 16px; --smush-placeholder-aspect-ratio: 16\/16;\" \/><\/span>Divendres 19 i 26 de maig\u00a0<a class=\"x_x1i10hfl x_xjbqb8w x_x6umtig x_x1b1mbwd x_xaqea5y x_xav7gou x_x9f619 x_x1ypdohk x_xt0psk2 x_xe8uvvx x_xdj266r x_x11i5rnm x_xat24cr x_x1mh8g0r x_xexx8yu x_x4uap5 x_x18d9i69 x_xkhd6sd x_x16tdsg8 x_x1hl2dhg x_xggy1nq x_x1a2a7pz x_xt0b8zv x_x1qq9wsj x_xo1l8bm x_ContentPasted0\" tabindex=\"0\" href=\"https:\/\/www.facebook.com\/MUMAMuseuMunicipalAlzira?__cft__[0]=AZWR0wKPpLSUr4nRJHwgSFvdpPwTCWCII9JowLtbFtBv73eXAPKAF_tKtqM05rG-S_pxhRPlH2reX4zFVi0KOBXD0qP2dHf4zmQL0y0MC3e6a_kR0PHcDXm3uUftmi0LxMA&amp;__tn__=-]K-R\" target=\"_blank\" rel=\"noopener noreferrer\" data-auth=\"NotApplicable\" data-safelink=\"true\" data-linkindex=\"1\"><span class=\"x_xt0psk2\">MUMA &#8211; Museu Municipal d&#8217;Alzira<\/span><\/a><\/div>\n<\/div>\n<div class=\"x_x11i5rnm x_xat24cr x_x1mh8g0r x_x1vvkbs x_xtlvy1s x_x126k92a\">\n<div class=\"x_ContentPasted0\" dir=\"auto\"><span class=\"x_x3nfvp2 x_x1j61x8r x_x1fcty0u x_xdj266r x_xhhsvwb x_xat24cr x_xgzva0m x_xxymvpz x_xlup9mm x_x1kky2od\"><img decoding=\"async\" class=\"x_ContentPasted0 lazyload\" data-src=\"https:\/\/static.xx.fbcdn.net\/images\/emoji.php\/v9\/tb5\/2\/16\/23f0.png\" alt=\"\u23f0\" width=\"16\" height=\"16\" data-imagetype=\"External\" src=\"data:image\/svg+xml;base64,PHN2ZyB3aWR0aD0iMSIgaGVpZ2h0PSIxIiB4bWxucz0iaHR0cDovL3d3dy53My5vcmcvMjAwMC9zdmciPjwvc3ZnPg==\" style=\"--smush-placeholder-width: 16px; --smush-placeholder-aspect-ratio: 16\/16;\" \/><\/span>\u00a0a les 17.30 i a les 18.30 hores<\/div>\n<\/div>\n<div class=\"x_x11i5rnm x_xat24cr x_x1mh8g0r x_x1vvkbs x_xtlvy1s x_x126k92a\">\n<div class=\"x_ContentPasted0\" dir=\"auto\">Tota aquella persona interessada en participar pot enviar la inscripci\u00f3 al MUMA, correu\u00a0<span class=\"x_x3nfvp2 x_x1j61x8r x_x1fcty0u x_xdj266r x_xhhsvwb x_xat24cr x_xgzva0m x_xxymvpz x_xlup9mm x_x1kky2od\"><img decoding=\"async\" class=\"x_ContentPasted0 lazyload\" data-src=\"https:\/\/static.xx.fbcdn.net\/images\/emoji.php\/v9\/t5d\/2\/16\/1f4e7.png\" alt=\"\ud83d\udce7\" width=\"16\" height=\"16\" data-imagetype=\"External\" src=\"data:image\/svg+xml;base64,PHN2ZyB3aWR0aD0iMSIgaGVpZ2h0PSIxIiB4bWxucz0iaHR0cDovL3d3dy53My5vcmcvMjAwMC9zdmciPjwvc3ZnPg==\" style=\"--smush-placeholder-width: 16px; --smush-placeholder-aspect-ratio: 16\/16;\" \/><\/span>\u00a0museu@alzira.es.<\/div>\n<div dir=\"auto\"><\/div>\n<\/div>\n<div class=\"x_x11i5rnm x_xat24cr x_x1mh8g0r x_x1vvkbs x_xtlvy1s x_x126k92a\">\n<div class=\"x_ContentPasted0\" dir=\"auto\">\n<div dir=\"auto\"><span class=\"x3nfvp2 x1j61x8r x1fcty0u xdj266r xhhsvwb xat24cr xgzva0m xxymvpz xlup9mm x1kky2od\"><img decoding=\"async\" data-src=\"https:\/\/static.xx.fbcdn.net\/images\/emoji.php\/v9\/t5b\/2\/16\/1f4e5.png\" alt=\"\ud83d\udce5\" width=\"16\" height=\"16\" src=\"data:image\/svg+xml;base64,PHN2ZyB3aWR0aD0iMSIgaGVpZ2h0PSIxIiB4bWxucz0iaHR0cDovL3d3dy53My5vcmcvMjAwMC9zdmciPjwvc3ZnPg==\" class=\"lazyload\" style=\"--smush-placeholder-width: 16px; --smush-placeholder-aspect-ratio: 16\/16;\" \/><\/span>Desc\u00e0rrega ac\u00ed el full d&#8217;inscripci\u00f3 de majors d&#8217;edat: <a class=\"x1i10hfl xjbqb8w x6umtig x1b1mbwd xaqea5y xav7gou x9f619 x1ypdohk xt0psk2 xe8uvvx xdj266r x11i5rnm xat24cr x1mh8g0r xexx8yu x4uap5 x18d9i69 xkhd6sd x16tdsg8 x1hl2dhg xggy1nq x1a2a7pz xt0b8zv x1fey0fg\" tabindex=\"0\" role=\"link\" href=\"https:\/\/alzira.es\/wp-content\/uploads\/2023\/05\/Pecart-2-20232.pdf?fbclid=IwAR3jXodV6JF_0nbV2QZMu8pW22i7RmlQxzky6CX2JYsrW9WoUifPsESi-jM\" target=\"_blank\" rel=\"nofollow noopener\">https:\/\/alzira.es\/&#8230;\/uploads\/2023\/05\/Pecart-2-20232.pdf<\/a><\/div>\n<div dir=\"auto\"><span class=\"x3nfvp2 x1j61x8r x1fcty0u xdj266r xhhsvwb xat24cr xgzva0m xxymvpz xlup9mm x1kky2od\"><img decoding=\"async\" data-src=\"https:\/\/static.xx.fbcdn.net\/images\/emoji.php\/v9\/t5b\/2\/16\/1f4e5.png\" alt=\"\ud83d\udce5\" width=\"16\" height=\"16\" src=\"data:image\/svg+xml;base64,PHN2ZyB3aWR0aD0iMSIgaGVpZ2h0PSIxIiB4bWxucz0iaHR0cDovL3d3dy53My5vcmcvMjAwMC9zdmciPjwvc3ZnPg==\" class=\"lazyload\" style=\"--smush-placeholder-width: 16px; --smush-placeholder-aspect-ratio: 16\/16;\" \/><\/span>Desc\u00e0rrega ac\u00ed el full d&#8217;inscripci\u00f3 de menor autoritzat\/a: <a class=\"x1i10hfl xjbqb8w x6umtig x1b1mbwd xaqea5y xav7gou x9f619 x1ypdohk xt0psk2 xe8uvvx xdj266r x11i5rnm xat24cr x1mh8g0r xexx8yu x4uap5 x18d9i69 xkhd6sd x16tdsg8 x1hl2dhg xggy1nq x1a2a7pz xt0b8zv x1fey0fg\" tabindex=\"0\" role=\"link\" href=\"https:\/\/alzira.es\/wp-content\/uploads\/2023\/05\/Pecart-3-2023.pdf?fbclid=IwAR27VdDFF0dRGUkvt4tKgIQof2HKW7l9TWYoBOUVZ8rSGKIRdVvXOEvkZws\" target=\"_blank\" rel=\"nofollow noopener\">https:\/\/alzira.es\/&#8230;\/uploads\/2023\/05\/Pecart-3-2023.pdf<\/a><\/div>\n<\/div>\n<\/div>\n<div class=\"x_x11i5rnm x_xat24cr x_x1mh8g0r x_x1vvkbs x_xtlvy1s x_x126k92a\">\n<div class=\"x_ContentPasted0\" dir=\"auto\"><\/div>\n<div class=\"x_ContentPasted0\" dir=\"auto\"><span class=\"x_x3nfvp2 x_x1j61x8r x_x1fcty0u x_xdj266r x_xhhsvwb x_xat24cr x_xgzva0m x_xxymvpz x_xlup9mm x_x1kky2od\"><img decoding=\"async\" class=\"x_ContentPasted0 lazyload\" data-src=\"https:\/\/static.xx.fbcdn.net\/images\/emoji.php\/v9\/tf\/2\/16\/2139.png\" alt=\"\u2139\ufe0f\" width=\"16\" height=\"16\" data-imagetype=\"External\" src=\"data:image\/svg+xml;base64,PHN2ZyB3aWR0aD0iMSIgaGVpZ2h0PSIxIiB4bWxucz0iaHR0cDovL3d3dy53My5vcmcvMjAwMC9zdmciPjwvc3ZnPg==\" style=\"--smush-placeholder-width: 16px; --smush-placeholder-aspect-ratio: 16\/16;\" \/><\/span>La participaci\u00f3 es gratu\u00efta, tant per a menuts\/des, a partir de 4 anys, com per adults, en un total de 25 persones per grup.<\/div>\n<div dir=\"auto\"><img decoding=\"async\" class=\"aligncenter size-full wp-image-136967 lazyload\" data-src=\"https:\/\/alzira.es\/wp-content\/uploads\/2023\/05\/Pecart-1-2023.jpg\" alt=\"TALLERS PE\u00c7ART\" width=\"1012\" height=\"1383\" data-srcset=\"https:\/\/alzira.es\/wp-content\/uploads\/2023\/05\/Pecart-1-2023.jpg 1012w, https:\/\/alzira.es\/wp-content\/uploads\/2023\/05\/Pecart-1-2023-373x510.jpg 373w, https:\/\/alzira.es\/wp-content\/uploads\/2023\/05\/Pecart-1-2023-784x1072.jpg 784w, https:\/\/alzira.es\/wp-content\/uploads\/2023\/05\/Pecart-1-2023-768x1050.jpg 768w\" data-sizes=\"(max-width: 706px) 89vw, (max-width: 767px) 82vw, 740px\" src=\"data:image\/svg+xml;base64,PHN2ZyB3aWR0aD0iMSIgaGVpZ2h0PSIxIiB4bWxucz0iaHR0cDovL3d3dy53My5vcmcvMjAwMC9zdmciPjwvc3ZnPg==\" style=\"--smush-placeholder-width: 1012px; --smush-placeholder-aspect-ratio: 1012\/1383;\" \/><\/div>\n<\/div>\n","protected":false},"excerpt":{"rendered":"<p>Els dies 5, 19 i 26 de maig V\u00edctor Bosc\u00e1 realitzar\u00e0 un taller sobre peces de construcci\u00f3 LEGO. Divendres 5 de maig a la\u00a0Biblioteca Municipal d&#8217;Alzira Divendres 19 i 26 de maig\u00a0MUMA &#8211; Museu Municipal d&#8217;Alzira \u00a0a les 17.30 i a les 18.30 hores Tota aquella persona interessada en participar pot enviar la inscripci\u00f3 al &hellip; <\/p>\n<p class=\"link-more\"><a href=\"https:\/\/alzira.es\/es\/agenda-alzira\/tallers-pecart-lego\/\" class=\"more-link\">Continuar leyendo<span class=\"screen-reader-text\"> \u00abTallers Pe\u00e7art (Lego)\u00bb<\/span><\/a><\/p>\n","protected":false},"author":29,"featured_media":136967,"comment_status":"closed","ping_status":"closed","template":"","tags":[],"mec_category":[],"class_list":["post-136974","mec-events","type-mec-events","status-publish","has-post-thumbnail","hentry"],"acf":[],"_links":{"self":[{"href":"https:\/\/alzira.es\/es\/wp-json\/wp\/v2\/mec-events\/136974","targetHints":{"allow":["GET"]}}],"collection":[{"href":"https:\/\/alzira.es\/es\/wp-json\/wp\/v2\/mec-events"}],"about":[{"href":"https:\/\/alzira.es\/es\/wp-json\/wp\/v2\/types\/mec-events"}],"author":[{"embeddable":true,"href":"https:\/\/alzira.es\/es\/wp-json\/wp\/v2\/users\/29"}],"replies":[{"embeddable":true,"href":"https:\/\/alzira.es\/es\/wp-json\/wp\/v2\/comments?post=136974"}],"wp:featuredmedia":[{"embeddable":true,"href":"https:\/\/alzira.es\/es\/wp-json\/wp\/v2\/media\/136967"}],"wp:attachment":[{"href":"https:\/\/alzira.es\/es\/wp-json\/wp\/v2\/media?parent=136974"}],"wp:term":[{"taxonomy":"post_tag","embeddable":true,"href":"https:\/\/alzira.es\/es\/wp-json\/wp\/v2\/tags?post=136974"},{"taxonomy":"mec_category","embeddable":true,"href":"https:\/\/alzira.es\/es\/wp-json\/wp\/v2\/mec_category?post=136974"}],"curies":[{"name":"wp","href":"https:\/\/api.w.org\/{rel}","templated":true}]}}

Tallers Peçart (Lego)

<div class="x_xdj266r x_x11i5rnm x_xat24cr x_x1mh8g0r x_x1vvkbs x_x126k92a">Els dies 5, 19 i 26 de maig Víctor Boscá realitzarà un taller sobre peces de construcció LEGO.</div>
<div class="x_x11i5rnm x_xat24cr x_x1mh8g0r x_x1vvkbs x_xtlvy1s x_x126k92a">
<div class="x_ContentPasted0" dir="auto"><span class="x_x3nfvp2 x_x1j61x8r x_x1fcty0u x_xdj266r x_xhhsvwb x_xat24cr x_xgzva0m x_xxymvpz x_xlup9mm x_x1kky2od"><img decoding="async" class="x_ContentPasted0 lazyload" data-src="https://static.xx.fbcdn.net/images/emoji.php/v9/tcc/2/16/1f4cd.png" alt="📍" width="16" height="16" data-imagetype="External" src="data:image/svg+xml;base64,PHN2ZyB3aWR0aD0iMSIgaGVpZ2h0PSIxIiB4bWxucz0iaHR0cDovL3d3dy53My5vcmcvMjAwMC9zdmciPjwvc3ZnPg==" style="--smush-placeholder-width: 16px; --smush-placeholder-aspect-ratio: 16/16;" /></span>Divendres 5 de maig a la <a class="x_x1i10hfl x_xjbqb8w x_x6umtig x_x1b1mbwd x_xaqea5y x_xav7gou x_x9f619 x_x1ypdohk x_xt0psk2 x_xe8uvvx x_xdj266r x_x11i5rnm x_xat24cr x_x1mh8g0r x_xexx8yu x_x4uap5 x_x18d9i69 x_xkhd6sd x_x16tdsg8 x_x1hl2dhg x_xggy1nq x_x1a2a7pz x_xt0b8zv x_x1qq9wsj x_xo1l8bm x_ContentPasted0" tabindex="0" href="https://www.facebook.com/profile.php?id=100045235797295&amp;__cft__[0]=AZWR0wKPpLSUr4nRJHwgSFvdpPwTCWCII9JowLtbFtBv73eXAPKAF_tKtqM05rG-S_pxhRPlH2reX4zFVi0KOBXD0qP2dHf4zmQL0y0MC3e6a_kR0PHcDXm3uUftmi0LxMA&amp;__tn__=-]K-R" target="_blank" rel="noopener noreferrer" data-auth="NotApplicable" data-safelink="true" data-linkindex="0"><span class="x_xt0psk2">Biblioteca Municipal d&#8217;Alzira</span></a></div>
<div class="x_ContentPasted0" dir="auto"><span class="x_x3nfvp2 x_x1j61x8r x_x1fcty0u x_xdj266r x_xhhsvwb x_xat24cr x_xgzva0m x_xxymvpz x_xlup9mm x_x1kky2od"><img decoding="async" class="x_ContentPasted0 lazyload" data-src="https://static.xx.fbcdn.net/images/emoji.php/v9/tcc/2/16/1f4cd.png" alt="📍" width="16" height="16" data-imagetype="External" src="data:image/svg+xml;base64,PHN2ZyB3aWR0aD0iMSIgaGVpZ2h0PSIxIiB4bWxucz0iaHR0cDovL3d3dy53My5vcmcvMjAwMC9zdmciPjwvc3ZnPg==" style="--smush-placeholder-width: 16px; --smush-placeholder-aspect-ratio: 16/16;" /></span>Divendres 19 i 26 de maig <a class="x_x1i10hfl x_xjbqb8w x_x6umtig x_x1b1mbwd x_xaqea5y x_xav7gou x_x9f619 x_x1ypdohk x_xt0psk2 x_xe8uvvx x_xdj266r x_x11i5rnm x_xat24cr x_x1mh8g0r x_xexx8yu x_x4uap5 x_x18d9i69 x_xkhd6sd x_x16tdsg8 x_x1hl2dhg x_xggy1nq x_x1a2a7pz x_xt0b8zv x_x1qq9wsj x_xo1l8bm x_ContentPasted0" tabindex="0" href="https://www.facebook.com/MUMAMuseuMunicipalAlzira?__cft__[0]=AZWR0wKPpLSUr4nRJHwgSFvdpPwTCWCII9JowLtbFtBv73eXAPKAF_tKtqM05rG-S_pxhRPlH2reX4zFVi0KOBXD0qP2dHf4zmQL0y0MC3e6a_kR0PHcDXm3uUftmi0LxMA&amp;__tn__=-]K-R" target="_blank" rel="noopener noreferrer" data-auth="NotApplicable" data-safelink="true" data-linkindex="1"><span class="x_xt0psk2">MUMA &#8211; Museu Municipal d&#8217;Alzira</span></a></div>
</div>
<div class="x_x11i5rnm x_xat24cr x_x1mh8g0r x_x1vvkbs x_xtlvy1s x_x126k92a">
<div class="x_ContentPasted0" dir="auto"><span class="x_x3nfvp2 x_x1j61x8r x_x1fcty0u x_xdj266r x_xhhsvwb x_xat24cr x_xgzva0m x_xxymvpz x_xlup9mm x_x1kky2od"><img decoding="async" class="x_ContentPasted0 lazyload" data-src="https://static.xx.fbcdn.net/images/emoji.php/v9/tb5/2/16/23f0.png" alt="⏰" width="16" height="16" data-imagetype="External" src="data:image/svg+xml;base64,PHN2ZyB3aWR0aD0iMSIgaGVpZ2h0PSIxIiB4bWxucz0iaHR0cDovL3d3dy53My5vcmcvMjAwMC9zdmciPjwvc3ZnPg==" style="--smush-placeholder-width: 16px; --smush-placeholder-aspect-ratio: 16/16;" /></span> a les 17.30 i a les 18.30 hores</div>
</div>
<div class="x_x11i5rnm x_xat24cr x_x1mh8g0r x_x1vvkbs x_xtlvy1s x_x126k92a">
<div class="x_ContentPasted0" dir="auto">Tota aquella persona interessada en participar pot enviar la inscripció al MUMA, correu <span class="x_x3nfvp2 x_x1j61x8r x_x1fcty0u x_xdj266r x_xhhsvwb x_xat24cr x_xgzva0m x_xxymvpz x_xlup9mm x_x1kky2od"><img decoding="async" class="x_ContentPasted0 lazyload" data-src="https://static.xx.fbcdn.net/images/emoji.php/v9/t5d/2/16/1f4e7.png" alt="📧" width="16" height="16" data-imagetype="External" src="data:image/svg+xml;base64,PHN2ZyB3aWR0aD0iMSIgaGVpZ2h0PSIxIiB4bWxucz0iaHR0cDovL3d3dy53My5vcmcvMjAwMC9zdmciPjwvc3ZnPg==" style="--smush-placeholder-width: 16px; --smush-placeholder-aspect-ratio: 16/16;" /></span> museu@alzira.es.</div>
<div dir="auto"></div>
</div>
<div class="x_x11i5rnm x_xat24cr x_x1mh8g0r x_x1vvkbs x_xtlvy1s x_x126k92a">
<div class="x_ContentPasted0" dir="auto">
<div dir="auto"><span class="x3nfvp2 x1j61x8r x1fcty0u xdj266r xhhsvwb xat24cr xgzva0m xxymvpz xlup9mm x1kky2od"><img decoding="async" data-src="https://static.xx.fbcdn.net/images/emoji.php/v9/t5b/2/16/1f4e5.png" alt="📥" width="16" height="16" src="data:image/svg+xml;base64,PHN2ZyB3aWR0aD0iMSIgaGVpZ2h0PSIxIiB4bWxucz0iaHR0cDovL3d3dy53My5vcmcvMjAwMC9zdmciPjwvc3ZnPg==" class="lazyload" style="--smush-placeholder-width: 16px; --smush-placeholder-aspect-ratio: 16/16;" /></span>Descàrrega ací el full d&#8217;inscripció de majors d&#8217;edat: <a class="x1i10hfl xjbqb8w x6umtig x1b1mbwd xaqea5y xav7gou x9f619 x1ypdohk xt0psk2 xe8uvvx xdj266r x11i5rnm xat24cr x1mh8g0r xexx8yu x4uap5 x18d9i69 xkhd6sd x16tdsg8 x1hl2dhg xggy1nq x1a2a7pz xt0b8zv x1fey0fg" tabindex="0" role="link" href="https://alzira.es/wp-content/uploads/2023/05/Pecart-2-20232.pdf?fbclid=IwAR3jXodV6JF_0nbV2QZMu8pW22i7RmlQxzky6CX2JYsrW9WoUifPsESi-jM" target="_blank" rel="nofollow noopener">https://alzira.es/&#8230;/uploads/2023/05/Pecart-2-20232.pdf</a></div>
<div dir="auto"><span class="x3nfvp2 x1j61x8r x1fcty0u xdj266r xhhsvwb xat24cr xgzva0m xxymvpz xlup9mm x1kky2od"><img decoding="async" data-src="https://static.xx.fbcdn.net/images/emoji.php/v9/t5b/2/16/1f4e5.png" alt="📥" width="16" height="16" src="data:image/svg+xml;base64,PHN2ZyB3aWR0aD0iMSIgaGVpZ2h0PSIxIiB4bWxucz0iaHR0cDovL3d3dy53My5vcmcvMjAwMC9zdmciPjwvc3ZnPg==" class="lazyload" style="--smush-placeholder-width: 16px; --smush-placeholder-aspect-ratio: 16/16;" /></span>Descàrrega ací el full d&#8217;inscripció de menor autoritzat/a: <a class="x1i10hfl xjbqb8w x6umtig x1b1mbwd xaqea5y xav7gou x9f619 x1ypdohk xt0psk2 xe8uvvx xdj266r x11i5rnm xat24cr x1mh8g0r xexx8yu x4uap5 x18d9i69 xkhd6sd x16tdsg8 x1hl2dhg xggy1nq x1a2a7pz xt0b8zv x1fey0fg" tabindex="0" role="link" href="https://alzira.es/wp-content/uploads/2023/05/Pecart-3-2023.pdf?fbclid=IwAR27VdDFF0dRGUkvt4tKgIQof2HKW7l9TWYoBOUVZ8rSGKIRdVvXOEvkZws" target="_blank" rel="nofollow noopener">https://alzira.es/&#8230;/uploads/2023/05/Pecart-3-2023.pdf</a></div>
</div>
</div>
<div class="x_x11i5rnm x_xat24cr x_x1mh8g0r x_x1vvkbs x_xtlvy1s x_x126k92a">
<div class="x_ContentPasted0" dir="auto"></div>
<div class="x_ContentPasted0" dir="auto"><span class="x_x3nfvp2 x_x1j61x8r x_x1fcty0u x_xdj266r x_xhhsvwb x_xat24cr x_xgzva0m x_xxymvpz x_xlup9mm x_x1kky2od"><img decoding="async" class="x_ContentPasted0 lazyload" data-src="https://static.xx.fbcdn.net/images/emoji.php/v9/tf/2/16/2139.png" alt="ℹ️" width="16" height="16" data-imagetype="External" src="data:image/svg+xml;base64,PHN2ZyB3aWR0aD0iMSIgaGVpZ2h0PSIxIiB4bWxucz0iaHR0cDovL3d3dy53My5vcmcvMjAwMC9zdmciPjwvc3ZnPg==" style="--smush-placeholder-width: 16px; --smush-placeholder-aspect-ratio: 16/16;" /></span>La participació es gratuïta, tant per a menuts/des, a partir de 4 anys, com per adults, en un total de 25 persones per grup.</div>
<div dir="auto"><img decoding="async" class="aligncenter size-full wp-image-136967 lazyload" data-src="https://alzira.es/wp-content/uploads/2023/05/Pecart-1-2023.jpg" alt="TALLERS PEÇART" width="1012" height="1383" data-srcset="https://alzira.es/wp-content/uploads/2023/05/Pecart-1-2023.jpg 1012w, https://alzira.es/wp-content/uploads/2023/05/Pecart-1-2023-373x510.jpg 373w, https://alzira.es/wp-content/uploads/2023/05/Pecart-1-2023-784x1072.jpg 784w, https://alzira.es/wp-content/uploads/2023/05/Pecart-1-2023-768x1050.jpg 768w" data-sizes="(max-width: 706px) 89vw, (max-width: 767px) 82vw, 740px" src="data:image/svg+xml;base64,PHN2ZyB3aWR0aD0iMSIgaGVpZ2h0PSIxIiB4bWxucz0iaHR0cDovL3d3dy53My5vcmcvMjAwMC9zdmciPjwvc3ZnPg==" style="--smush-placeholder-width: 1012px; --smush-placeholder-aspect-ratio: 1012/1383;" /></div>
</div>

<p>Els dies 5, 19 i 26 de maig Víctor Boscá realitzarà un taller sobre peces de construcció LEGO. Divendres 5 de maig a la Biblioteca Municipal d&#8217;Alzira Divendres 19 i 26 de maig MUMA &#8211; Museu Municipal d&#8217;Alzira  a les 17.30 i a les 18.30 hores Tota aquella persona interessada en participar pot enviar la inscripció al &hellip; </p>
<p class="link-more"><a href="https://alzira.es/es/agenda-alzira/tallers-pecart-lego/" class="more-link">Continuar leyendo<span class="screen-reader-text"> «Tallers Peçart (Lego)»</span></a></p>
