{"id":134543,"date":"2023-03-03T10:33:31","date_gmt":"2023-03-03T09:33:31","guid":{"rendered":"https:\/\/alzira.es\/?post_type=mec-events&#038;p=134543"},"modified":"2023-03-24T10:19:42","modified_gmt":"2023-03-24T09:19:42","slug":"exposicio-tota-peca-fa-paret","status":"publish","type":"mec-events","link":"https:\/\/alzira.es\/es\/agenda-alzira\/exposicio-tota-peca-fa-paret\/","title":{"rendered":"EXPOSICI\u00d3 \u201cTOTA PE\u00c7A FA PARET\u201d"},"content":{"rendered":"<p><img fetchpriority=\"high\" decoding=\"async\" class=\"alignleft size-full wp-image-134544\" src=\"https:\/\/alzira.es\/wp-content\/uploads\/2023\/03\/TOTA-PECA-FA-PARET.png\" alt=\"EXPOSICI\u00d3 \u201cTOTA PE\u00c7A FA PARET\u201d\" width=\"276\" height=\"276\" srcset=\"https:\/\/alzira.es\/wp-content\/uploads\/2023\/03\/TOTA-PECA-FA-PARET.png 276w, https:\/\/alzira.es\/wp-content\/uploads\/2023\/03\/TOTA-PECA-FA-PARET-100x100.png 100w\" sizes=\"(max-width: 276px) 100vw, 276px\" \/><strong>Del 3 d\u2019abril al 28 de maig,<\/strong><br \/>\n<span style=\"color: #3366ff;\"><strong>EXPOSICI\u00d3 \u201cTOTA PE\u00c7A FA PARET\u201d,<\/strong><\/span> per V\u00edctor Bosc\u00e1. Associaci\u00f3 Cultural Falla Pla\u00e7a Germanies i Junta de Germandats i Confraries de Setmana Santa.<br \/>\nBIBLIOTECA: Dilluns a divendres, 9 a 14 i 16 a 20:30;<br \/>\nDijous Sant 6 d\u2019abril, 9 a 14 h.<br \/>\nDissabte, 10 a 13:30 (Dissabte Sant 8 d\u2019abril, tancat).<br \/>\nMUMA, sales temporals I i II.<\/p>\n","protected":false},"excerpt":{"rendered":"<p>Del 3 d\u2019abril al 28 de maig, EXPOSICI\u00d3 \u201cTOTA PE\u00c7A FA PARET\u201d, per V\u00edctor Bosc\u00e1. Associaci\u00f3 Cultural Falla Pla\u00e7a Germanies i Junta de Germandats i Confraries de Setmana Santa. BIBLIOTECA: Dilluns a divendres, 9 a 14 i 16 a 20:30; Dijous Sant 6 d\u2019abril, 9 a 14 h. Dissabte, 10 a 13:30 (Dissabte Sant 8 &hellip; <\/p>\n<p class=\"link-more\"><a href=\"https:\/\/alzira.es\/es\/agenda-alzira\/exposicio-tota-peca-fa-paret\/\" class=\"more-link\">Continuar leyendo<span class=\"screen-reader-text\"> \u00abEXPOSICI\u00d3 \u201cTOTA PE\u00c7A FA PARET\u201d\u00bb<\/span><\/a><\/p>\n","protected":false},"author":29,"featured_media":134544,"comment_status":"closed","ping_status":"closed","template":"","tags":[],"mec_category":[5018],"class_list":["post-134543","mec-events","type-mec-events","status-publish","has-post-thumbnail","hentry","mec_category-exposicions"],"acf":[],"_links":{"self":[{"href":"https:\/\/alzira.es\/es\/wp-json\/wp\/v2\/mec-events\/134543","targetHints":{"allow":["GET"]}}],"collection":[{"href":"https:\/\/alzira.es\/es\/wp-json\/wp\/v2\/mec-events"}],"about":[{"href":"https:\/\/alzira.es\/es\/wp-json\/wp\/v2\/types\/mec-events"}],"author":[{"embeddable":true,"href":"https:\/\/alzira.es\/es\/wp-json\/wp\/v2\/users\/29"}],"replies":[{"embeddable":true,"href":"https:\/\/alzira.es\/es\/wp-json\/wp\/v2\/comments?post=134543"}],"wp:featuredmedia":[{"embeddable":true,"href":"https:\/\/alzira.es\/es\/wp-json\/wp\/v2\/media\/134544"}],"wp:attachment":[{"href":"https:\/\/alzira.es\/es\/wp-json\/wp\/v2\/media?parent=134543"}],"wp:term":[{"taxonomy":"post_tag","embeddable":true,"href":"https:\/\/alzira.es\/es\/wp-json\/wp\/v2\/tags?post=134543"},{"taxonomy":"mec_category","embeddable":true,"href":"https:\/\/alzira.es\/es\/wp-json\/wp\/v2\/mec_category?post=134543"}],"curies":[{"name":"wp","href":"https:\/\/api.w.org\/{rel}","templated":true}]}}

EXPOSICIÓ “TOTA PEÇA FA PARET”

<p><img fetchpriority="high" decoding="async" class="alignleft size-full wp-image-134544" src="https://alzira.es/wp-content/uploads/2023/03/TOTA-PECA-FA-PARET.png" alt="EXPOSICIÓ “TOTA PEÇA FA PARET”" width="276" height="276" srcset="https://alzira.es/wp-content/uploads/2023/03/TOTA-PECA-FA-PARET.png 276w, https://alzira.es/wp-content/uploads/2023/03/TOTA-PECA-FA-PARET-100x100.png 100w" sizes="(max-width: 276px) 100vw, 276px" /><strong>Del 3 d’abril al 28 de maig,</strong><br />
<span style="color: #3366ff;"><strong>EXPOSICIÓ “TOTA PEÇA FA PARET”,</strong></span> per Víctor Boscá. Associació Cultural Falla Plaça Germanies i Junta de Germandats i Confraries de Setmana Santa.<br />
BIBLIOTECA: Dilluns a divendres, 9 a 14 i 16 a 20:30;<br />
Dijous Sant 6 d’abril, 9 a 14 h.<br />
Dissabte, 10 a 13:30 (Dissabte Sant 8 d’abril, tancat).<br />
MUMA, sales temporals I i II.</p>

<p>Del 3 d’abril al 28 de maig, EXPOSICIÓ “TOTA PEÇA FA PARET”, per Víctor Boscá. Associació Cultural Falla Plaça Germanies i Junta de Germandats i Confraries de Setmana Santa. BIBLIOTECA: Dilluns a divendres, 9 a 14 i 16 a 20:30; Dijous Sant 6 d’abril, 9 a 14 h. Dissabte, 10 a 13:30 (Dissabte Sant 8 &hellip; </p>
<p class="link-more"><a href="https://alzira.es/es/agenda-alzira/exposicio-tota-peca-fa-paret/" class="more-link">Continuar leyendo<span class="screen-reader-text"> «EXPOSICIÓ “TOTA PEÇA FA PARET”»</span></a></p>
