{"id":133139,"date":"2023-01-25T12:36:54","date_gmt":"2023-01-25T11:36:54","guid":{"rendered":"https:\/\/alzira.es\/?post_type=mec-events&#038;p=133139"},"modified":"2023-01-25T12:36:54","modified_gmt":"2023-01-25T11:36:54","slug":"acte-homenatge-victimes-holocaust","status":"publish","type":"mec-events","link":"https:\/\/alzira.es\/es\/agenda-alzira\/acte-homenatge-victimes-holocaust\/","title":{"rendered":"ACTE HOMENATGE V\u00cdCTIMES HOLOCAUST"},"content":{"rendered":"<p>Vos convoquem a l&#8217;acte homenatge a les v\u00edctimes alzirenyes de l&#8217;holocaust el proper <strong>divendres 27 de gener de 2023 a les 12 hores<\/strong>.<br \/>\nLectura del manifest i ofrena d&#8217;una corona de llorer en mem\u00f2ria de les v\u00edctimes.<\/p>\n<p><strong>DIA<\/strong>: 27 de gener de 2023<br \/>\n<strong>LLOC<\/strong>: Pla\u00e7a Herois de Mauthausen (enfront de la gasolinera Masoil)<br \/>\n<strong>HORA<\/strong>: 12.00 hores<br \/>\n<strong>ASSISTIR\u00c0<\/strong>: Diego G\u00f3mez, alcalde d&#8217;Alzira, junt a altres membres de la corporaci\u00f3<\/p>\n<p><img fetchpriority=\"high\" decoding=\"async\" class=\"aligncenter wp-image-133140 size-full\" src=\"https:\/\/alzira.es\/wp-content\/uploads\/2023\/01\/holocaust-scaled.jpg\" alt=\"ACTE HOMENATGE V\u00cdCTIMES HOLOCAUST\" width=\"1810\" height=\"2560\" srcset=\"https:\/\/alzira.es\/wp-content\/uploads\/2023\/01\/holocaust-scaled.jpg 1810w, https:\/\/alzira.es\/wp-content\/uploads\/2023\/01\/holocaust-361x510.jpg 361w, https:\/\/alzira.es\/wp-content\/uploads\/2023\/01\/holocaust-758x1072.jpg 758w, https:\/\/alzira.es\/wp-content\/uploads\/2023\/01\/holocaust-768x1086.jpg 768w, https:\/\/alzira.es\/wp-content\/uploads\/2023\/01\/holocaust-1086x1536.jpg 1086w, https:\/\/alzira.es\/wp-content\/uploads\/2023\/01\/holocaust-1448x2048.jpg 1448w\" sizes=\"(max-width: 706px) 89vw, (max-width: 767px) 82vw, 740px\" \/><\/p>\n","protected":false},"excerpt":{"rendered":"<p>Vos convoquem a l&#8217;acte homenatge a les v\u00edctimes alzirenyes de l&#8217;holocaust el proper divendres 27 de gener de 2023 a les 12 hores. Lectura del manifest i ofrena d&#8217;una corona de llorer en mem\u00f2ria de les v\u00edctimes. DIA: 27 de gener de 2023 LLOC: Pla\u00e7a Herois de Mauthausen (enfront de la gasolinera Masoil) HORA: 12.00 &hellip; <\/p>\n<p class=\"link-more\"><a href=\"https:\/\/alzira.es\/es\/agenda-alzira\/acte-homenatge-victimes-holocaust\/\" class=\"more-link\">Continuar leyendo<span class=\"screen-reader-text\"> \u00abACTE HOMENATGE V\u00cdCTIMES HOLOCAUST\u00bb<\/span><\/a><\/p>\n","protected":false},"author":29,"featured_media":133140,"comment_status":"closed","ping_status":"closed","template":"","tags":[],"mec_category":[5178],"class_list":["post-133139","mec-events","type-mec-events","status-publish","has-post-thumbnail","hentry","mec_category-homenatge"],"acf":[],"_links":{"self":[{"href":"https:\/\/alzira.es\/es\/wp-json\/wp\/v2\/mec-events\/133139","targetHints":{"allow":["GET"]}}],"collection":[{"href":"https:\/\/alzira.es\/es\/wp-json\/wp\/v2\/mec-events"}],"about":[{"href":"https:\/\/alzira.es\/es\/wp-json\/wp\/v2\/types\/mec-events"}],"author":[{"embeddable":true,"href":"https:\/\/alzira.es\/es\/wp-json\/wp\/v2\/users\/29"}],"replies":[{"embeddable":true,"href":"https:\/\/alzira.es\/es\/wp-json\/wp\/v2\/comments?post=133139"}],"wp:featuredmedia":[{"embeddable":true,"href":"https:\/\/alzira.es\/es\/wp-json\/wp\/v2\/media\/133140"}],"wp:attachment":[{"href":"https:\/\/alzira.es\/es\/wp-json\/wp\/v2\/media?parent=133139"}],"wp:term":[{"taxonomy":"post_tag","embeddable":true,"href":"https:\/\/alzira.es\/es\/wp-json\/wp\/v2\/tags?post=133139"},{"taxonomy":"mec_category","embeddable":true,"href":"https:\/\/alzira.es\/es\/wp-json\/wp\/v2\/mec_category?post=133139"}],"curies":[{"name":"wp","href":"https:\/\/api.w.org\/{rel}","templated":true}]}}

ACTE HOMENATGE VÍCTIMES HOLOCAUST

<p>Vos convoquem a l&#8217;acte homenatge a les víctimes alzirenyes de l&#8217;holocaust el proper <strong>divendres 27 de gener de 2023 a les 12 hores</strong>.<br />
Lectura del manifest i ofrena d&#8217;una corona de llorer en memòria de les víctimes.</p>
<p><strong>DIA</strong>: 27 de gener de 2023<br />
<strong>LLOC</strong>: Plaça Herois de Mauthausen (enfront de la gasolinera Masoil)<br />
<strong>HORA</strong>: 12.00 hores<br />
<strong>ASSISTIRÀ</strong>: Diego Gómez, alcalde d&#8217;Alzira, junt a altres membres de la corporació</p>
<p><img fetchpriority="high" decoding="async" class="aligncenter wp-image-133140 size-full" src="https://alzira.es/wp-content/uploads/2023/01/holocaust-scaled.jpg" alt="ACTE HOMENATGE VÍCTIMES HOLOCAUST" width="1810" height="2560" srcset="https://alzira.es/wp-content/uploads/2023/01/holocaust-scaled.jpg 1810w, https://alzira.es/wp-content/uploads/2023/01/holocaust-361x510.jpg 361w, https://alzira.es/wp-content/uploads/2023/01/holocaust-758x1072.jpg 758w, https://alzira.es/wp-content/uploads/2023/01/holocaust-768x1086.jpg 768w, https://alzira.es/wp-content/uploads/2023/01/holocaust-1086x1536.jpg 1086w, https://alzira.es/wp-content/uploads/2023/01/holocaust-1448x2048.jpg 1448w" sizes="(max-width: 706px) 89vw, (max-width: 767px) 82vw, 740px" /></p>

<p>Vos convoquem a l&#8217;acte homenatge a les víctimes alzirenyes de l&#8217;holocaust el proper divendres 27 de gener de 2023 a les 12 hores. Lectura del manifest i ofrena d&#8217;una corona de llorer en memòria de les víctimes. DIA: 27 de gener de 2023 LLOC: Plaça Herois de Mauthausen (enfront de la gasolinera Masoil) HORA: 12.00 &hellip; </p>
<p class="link-more"><a href="https://alzira.es/es/agenda-alzira/acte-homenatge-victimes-holocaust/" class="more-link">Continuar leyendo<span class="screen-reader-text"> «ACTE HOMENATGE VÍCTIMES HOLOCAUST»</span></a></p>
