{"id":131300,"date":"2022-11-29T10:34:07","date_gmt":"2022-11-29T09:34:07","guid":{"rendered":"https:\/\/alzira.es\/?post_type=mec-events&#038;p=131300"},"modified":"2022-12-12T11:49:56","modified_gmt":"2022-12-12T10:49:56","slug":"rapunzel-un-musical-muy-peliagudo","status":"publish","type":"mec-events","link":"https:\/\/alzira.es\/es\/agenda-alzira\/rapunzel-un-musical-muy-peliagudo\/","title":{"rendered":"RAPUNZEL. Un musical muy peliagudo"},"content":{"rendered":"<div>\n<p><b><span lang=\"ca\">TEATRE FAMILIAR AL NADAL\u00a0<\/span><\/b><span lang=\"ca\">\u00a0<\/span><\/p>\n<p><u><span lang=\"ca\">Divendres 30 de desembre de 2022\u00a0<\/span><\/u><\/p>\n<p><span lang=\"ca\">Gran Teatre d\u2019Alzira, a les 19 h\u00a0<\/span><\/p>\n<p><span lang=\"ca\">Espect\u00e1culos M\u00c1S i EVENTIME Teatro presenten<\/span><\/p>\n<p><b><i><span lang=\"ca\">RAPUNZEL. Un musical muy peliagudo<\/span><span lang=\"ca\">\u00a0<\/span><\/i><\/b><\/p>\n<p><span lang=\"ca\">Musical original i direcci\u00f3 de Victor Lucas.\u00a0<\/span><\/p>\n<p><span lang=\"ca\">Amb: Marta G\u00e1lvez, Javier Barbi\u00e9, Silvia Rico, Tom\u00e1s Verd\u00fa i Ana Dayo.\u00a0<\/span><b><span lang=\"ca\">\u00a0<\/span><\/b><\/p>\n<p><span lang=\"ca\">Rapunzel, una jove amb ganes de veure m\u00f3n, es troba tancada en una alta torre amb la seua mare, una bruixa que la va arrabassar de les mans dels seus pares quan va n\u00e0ixer. Un dia, Flynn, un lladregot sense llar, intenta ocultar-se d&#8217;uns v\u00e0ndals i escala la torre. Este coneix Rapunzel i la vida d&#8217;ambd\u00f3s canvia des d&#8217;eixe mateix instant.\u00a0<\/span><b><span lang=\"ca\">\u00a0<\/span><\/b><\/p>\n<p><span lang=\"ca\">Espectacle musical en castell\u00e0 recomanat per a partir dels 4 anys. Durada de 70 min.\u00a0<\/span><\/p>\n<p><span lang=\"ca\">Entrada \u00fanica de 5 \u20ac.\u00a0<\/span><\/p>\n<p><a href=\"https:\/\/alzira.es\/wp-content\/uploads\/2022\/09\/ALZIRA-VIU-EL-NADAL-PROGRAMA-2022_2023_compressed.pdf\" target=\"_blank\" rel=\"noopener\"><img fetchpriority=\"high\" decoding=\"async\" class=\"aligncenter wp-image-131305 size-full\" src=\"https:\/\/alzira.es\/wp-content\/uploads\/2022\/11\/NADAL_ALICIA-scaled.jpg\" alt=\"RAPUNZEL\" width=\"1810\" height=\"2560\" srcset=\"https:\/\/alzira.es\/wp-content\/uploads\/2022\/11\/NADAL_ALICIA-scaled.jpg 1810w, https:\/\/alzira.es\/wp-content\/uploads\/2022\/11\/NADAL_ALICIA-361x510.jpg 361w, https:\/\/alzira.es\/wp-content\/uploads\/2022\/11\/NADAL_ALICIA-758x1072.jpg 758w, https:\/\/alzira.es\/wp-content\/uploads\/2022\/11\/NADAL_ALICIA-768x1086.jpg 768w, https:\/\/alzira.es\/wp-content\/uploads\/2022\/11\/NADAL_ALICIA-1086x1536.jpg 1086w, https:\/\/alzira.es\/wp-content\/uploads\/2022\/11\/NADAL_ALICIA-1448x2048.jpg 1448w\" sizes=\"(max-width: 706px) 89vw, (max-width: 767px) 82vw, 740px\" \/><\/a><\/p>\n<\/div>\n<div>_______________________<\/div>\n<div><\/div>\n<div>Venda d&#8217;entrades:<br aria-hidden=\"true\" \/>&#8211; taquilla del Gran Teatre: dimarts i dijous de 19.30 a 21 hores<br aria-hidden=\"true\" \/>&#8211; internet:\u00a0<a href=\"https:\/\/outlook.office.com\/mail\/granteatre@alzira.es\/www.notikumi.com\" target=\"_blank\" rel=\"noopener noreferrer\" data-auth=\"NotApplicable\" data-safelink=\"true\" data-linkindex=\"0\">www.notikumi.com<\/a><\/div>\n","protected":false},"excerpt":{"rendered":"<p>TEATRE FAMILIAR AL NADAL\u00a0\u00a0 Divendres 30 de desembre de 2022\u00a0 Gran Teatre d\u2019Alzira, a les 19 h\u00a0 Espect\u00e1culos M\u00c1S i EVENTIME Teatro presenten RAPUNZEL. Un musical muy peliagudo\u00a0 Musical original i direcci\u00f3 de Victor Lucas.\u00a0 Amb: Marta G\u00e1lvez, Javier Barbi\u00e9, Silvia Rico, Tom\u00e1s Verd\u00fa i Ana Dayo.\u00a0\u00a0 Rapunzel, una jove amb ganes de veure m\u00f3n, &hellip; <\/p>\n<p class=\"link-more\"><a href=\"https:\/\/alzira.es\/es\/agenda-alzira\/rapunzel-un-musical-muy-peliagudo\/\" class=\"more-link\">Continuar leyendo<span class=\"screen-reader-text\"> \u00abRAPUNZEL. Un musical muy peliagudo\u00bb<\/span><\/a><\/p>\n","protected":false},"author":29,"featured_media":131305,"comment_status":"closed","ping_status":"closed","template":"","tags":[],"mec_category":[5092],"class_list":["post-131300","mec-events","type-mec-events","status-publish","has-post-thumbnail","hentry","mec_category-teatre-musical"],"acf":[],"_links":{"self":[{"href":"https:\/\/alzira.es\/es\/wp-json\/wp\/v2\/mec-events\/131300","targetHints":{"allow":["GET"]}}],"collection":[{"href":"https:\/\/alzira.es\/es\/wp-json\/wp\/v2\/mec-events"}],"about":[{"href":"https:\/\/alzira.es\/es\/wp-json\/wp\/v2\/types\/mec-events"}],"author":[{"embeddable":true,"href":"https:\/\/alzira.es\/es\/wp-json\/wp\/v2\/users\/29"}],"replies":[{"embeddable":true,"href":"https:\/\/alzira.es\/es\/wp-json\/wp\/v2\/comments?post=131300"}],"wp:featuredmedia":[{"embeddable":true,"href":"https:\/\/alzira.es\/es\/wp-json\/wp\/v2\/media\/131305"}],"wp:attachment":[{"href":"https:\/\/alzira.es\/es\/wp-json\/wp\/v2\/media?parent=131300"}],"wp:term":[{"taxonomy":"post_tag","embeddable":true,"href":"https:\/\/alzira.es\/es\/wp-json\/wp\/v2\/tags?post=131300"},{"taxonomy":"mec_category","embeddable":true,"href":"https:\/\/alzira.es\/es\/wp-json\/wp\/v2\/mec_category?post=131300"}],"curies":[{"name":"wp","href":"https:\/\/api.w.org\/{rel}","templated":true}]}}

<div>
<p><b><span lang="ca">TEATRE FAMILIAR AL NADAL </span></b><span lang="ca"> </span></p>
<p><u><span lang="ca">Divendres 30 de desembre de 2022 </span></u></p>
<p><span lang="ca">Gran Teatre d’Alzira, a les 19 h </span></p>
<p><span lang="ca">Espectáculos MÁS i EVENTIME Teatro presenten</span></p>
<p><b><i><span lang="ca">RAPUNZEL. Un musical muy peliagudo</span><span lang="ca"> </span></i></b></p>
<p><span lang="ca">Musical original i direcció de Victor Lucas. </span></p>
<p><span lang="ca">Amb: Marta Gálvez, Javier Barbié, Silvia Rico, Tomás Verdú i Ana Dayo. </span><b><span lang="ca"> </span></b></p>
<p><span lang="ca">Rapunzel, una jove amb ganes de veure món, es troba tancada en una alta torre amb la seua mare, una bruixa que la va arrabassar de les mans dels seus pares quan va nàixer. Un dia, Flynn, un lladregot sense llar, intenta ocultar-se d&#8217;uns vàndals i escala la torre. Este coneix Rapunzel i la vida d&#8217;ambdós canvia des d&#8217;eixe mateix instant. </span><b><span lang="ca"> </span></b></p>
<p><span lang="ca">Espectacle musical en castellà recomanat per a partir dels 4 anys. Durada de 70 min. </span></p>
<p><span lang="ca">Entrada única de 5 €. </span></p>
<p><a href="https://alzira.es/wp-content/uploads/2022/09/ALZIRA-VIU-EL-NADAL-PROGRAMA-2022_2023_compressed.pdf" target="_blank" rel="noopener"><img fetchpriority="high" decoding="async" class="aligncenter wp-image-131305 size-full" src="https://alzira.es/wp-content/uploads/2022/11/NADAL_ALICIA-scaled.jpg" alt="RAPUNZEL" width="1810" height="2560" srcset="https://alzira.es/wp-content/uploads/2022/11/NADAL_ALICIA-scaled.jpg 1810w, https://alzira.es/wp-content/uploads/2022/11/NADAL_ALICIA-361x510.jpg 361w, https://alzira.es/wp-content/uploads/2022/11/NADAL_ALICIA-758x1072.jpg 758w, https://alzira.es/wp-content/uploads/2022/11/NADAL_ALICIA-768x1086.jpg 768w, https://alzira.es/wp-content/uploads/2022/11/NADAL_ALICIA-1086x1536.jpg 1086w, https://alzira.es/wp-content/uploads/2022/11/NADAL_ALICIA-1448x2048.jpg 1448w" sizes="(max-width: 706px) 89vw, (max-width: 767px) 82vw, 740px" /></a></p>
</div>
<div>_______________________</div>
<div></div>
<div>Venda d&#8217;entrades:<br aria-hidden="true" />&#8211; taquilla del Gran Teatre: dimarts i dijous de 19.30 a 21 hores<br aria-hidden="true" />&#8211; internet: <a href="https://outlook.office.com/mail/granteatre@alzira.es/www.notikumi.com" target="_blank" rel="noopener noreferrer" data-auth="NotApplicable" data-safelink="true" data-linkindex="0">www.notikumi.com</a></div>

<p>TEATRE FAMILIAR AL NADAL   Divendres 30 de desembre de 2022  Gran Teatre d’Alzira, a les 19 h  Espectáculos MÁS i EVENTIME Teatro presenten RAPUNZEL. Un musical muy peliagudo  Musical original i direcció de Victor Lucas.  Amb: Marta Gálvez, Javier Barbié, Silvia Rico, Tomás Verdú i Ana Dayo.   Rapunzel, una jove amb ganes de veure món, &hellip; </p>
<p class="link-more"><a href="https://alzira.es/es/agenda-alzira/rapunzel-un-musical-muy-peliagudo/" class="more-link">Continuar leyendo<span class="screen-reader-text"> «RAPUNZEL. Un musical muy peliagudo»</span></a></p>
