{"id":129920,"date":"2022-10-28T08:49:08","date_gmt":"2022-10-28T06:49:08","guid":{"rendered":"https:\/\/alzira.es\/agenda-alzira\/xiii-fira-dassociacions\/"},"modified":"2023-07-19T10:02:38","modified_gmt":"2023-07-19T08:02:38","slug":"xiii-fira-dassociacions","status":"publish","type":"mec-events","link":"https:\/\/alzira.es\/es\/agenda-alzira\/xiii-fira-dassociacions\/","title":{"rendered":"XIII FIRA D&#8217;ASSOCIACIONS"},"content":{"rendered":"<div class=\"x11i5rnm xat24cr x1mh8g0r x1vvkbs xtlvy1s x126k92a\">\n<div dir=\"auto\">\n<p>\ud83d\udce3\ud83d\udce3 XIII FIRA D&#8217;ASSOCIACIONS<\/p>\n<p>\u27a1\ufe0fTorna la Fira d&#8217;Associacions.<\/p>\n<p>\ud83d\uddd3\ufe0f El pr\u00f2xim dissabte 5 de novembre un total de 24 associacions i entitats es donaran a con\u00e9ixer en esta edici\u00f3 de la fira.<\/p>\n<p>\ud83d\udccdCom ja ve sent habitual estarem a la pla\u00e7a Major de la nostra ciutat.<\/p>\n<p>\u27a1\ufe0fDes de les 10.30 h del mat\u00ed fins a les 21 h de la nit podrem gaudir de tallers, activitats, actuacions i moltes m\u00e9s coses \ud83e\udd29<\/p>\n<p>Vos esperem\ud83e\udd38\ud83c\udffb\ud83e\udd38\u200d\u2640\ufe0f<\/p>\n<\/div>\n<\/div>\n<div class=\"x11i5rnm xat24cr x1mh8g0r x1vvkbs xtlvy1s x126k92a\">\n<div dir=\"auto\"><\/div>\n<\/div>\n<div class=\"x11i5rnm xat24cr x1mh8g0r x1vvkbs xtlvy1s x126k92a\"><a href=\"https:\/\/alzira.es\/wp-content\/uploads\/2022\/10\/313287574_446936447564831_3793145441509963227_n.jpeg\" target=\"_blank\" rel=\"noopener\"><img fetchpriority=\"high\" decoding=\"async\" class=\"alignnone wp-image-129918 size-full\" src=\"https:\/\/alzira.es\/wp-content\/uploads\/2022\/10\/313287574_446936447564831_3793145441509963227_n.jpeg\" alt=\"\" width=\"1080\" height=\"1350\" srcset=\"https:\/\/alzira.es\/wp-content\/uploads\/2022\/10\/313287574_446936447564831_3793145441509963227_n.jpeg 1080w, https:\/\/alzira.es\/wp-content\/uploads\/2022\/10\/313287574_446936447564831_3793145441509963227_n-408x510.jpeg 408w, https:\/\/alzira.es\/wp-content\/uploads\/2022\/10\/313287574_446936447564831_3793145441509963227_n-858x1072.jpeg 858w, https:\/\/alzira.es\/wp-content\/uploads\/2022\/10\/313287574_446936447564831_3793145441509963227_n-768x960.jpeg 768w\" sizes=\"(max-width: 706px) 89vw, (max-width: 767px) 82vw, 740px\" \/><\/a> <a href=\"https:\/\/alzira.es\/wp-content\/uploads\/2022\/10\/311603103_446936450898164_3945563892944797296_n.jpeg\" target=\"_blank\" rel=\"noopener\"><img decoding=\"async\" class=\"alignleft wp-image-129916 size-full lazyload\" data-src=\"https:\/\/alzira.es\/wp-content\/uploads\/2022\/10\/311603103_446936450898164_3945563892944797296_n.jpeg\" alt=\"\" width=\"1080\" height=\"1350\" data-srcset=\"https:\/\/alzira.es\/wp-content\/uploads\/2022\/10\/311603103_446936450898164_3945563892944797296_n.jpeg 1080w, https:\/\/alzira.es\/wp-content\/uploads\/2022\/10\/311603103_446936450898164_3945563892944797296_n-408x510.jpeg 408w, https:\/\/alzira.es\/wp-content\/uploads\/2022\/10\/311603103_446936450898164_3945563892944797296_n-858x1072.jpeg 858w, https:\/\/alzira.es\/wp-content\/uploads\/2022\/10\/311603103_446936450898164_3945563892944797296_n-768x960.jpeg 768w\" data-sizes=\"(max-width: 706px) 89vw, (max-width: 767px) 82vw, 740px\" src=\"data:image\/svg+xml;base64,PHN2ZyB3aWR0aD0iMSIgaGVpZ2h0PSIxIiB4bWxucz0iaHR0cDovL3d3dy53My5vcmcvMjAwMC9zdmciPjwvc3ZnPg==\" style=\"--smush-placeholder-width: 1080px; --smush-placeholder-aspect-ratio: 1080\/1350;\" \/><\/a><\/div>\n","protected":false},"excerpt":{"rendered":"<p>\ud83d\udce3\ud83d\udce3 XIII FIRA D&#8217;ASSOCIACIONS \u27a1\ufe0fTorna la Fira d&#8217;Associacions. \ud83d\uddd3\ufe0f El pr\u00f2xim dissabte 5 de novembre un total de 24 associacions i entitats es donaran a con\u00e9ixer en esta edici\u00f3 de la fira. \ud83d\udccdCom ja ve sent habitual estarem a la pla\u00e7a Major de la nostra ciutat. \u27a1\ufe0fDes de les 10.30 h del mat\u00ed fins a &hellip; <\/p>\n<p class=\"link-more\"><a href=\"https:\/\/alzira.es\/es\/agenda-alzira\/xiii-fira-dassociacions\/\" class=\"more-link\">Continuar leyendo<span class=\"screen-reader-text\"> \u00abXIII FIRA D&#8217;ASSOCIACIONS\u00bb<\/span><\/a><\/p>\n","protected":false},"author":36,"featured_media":129918,"comment_status":"closed","ping_status":"closed","template":"","tags":[],"mec_category":[],"class_list":["post-129920","mec-events","type-mec-events","status-publish","has-post-thumbnail","hentry"],"acf":[],"_links":{"self":[{"href":"https:\/\/alzira.es\/es\/wp-json\/wp\/v2\/mec-events\/129920","targetHints":{"allow":["GET"]}}],"collection":[{"href":"https:\/\/alzira.es\/es\/wp-json\/wp\/v2\/mec-events"}],"about":[{"href":"https:\/\/alzira.es\/es\/wp-json\/wp\/v2\/types\/mec-events"}],"author":[{"embeddable":true,"href":"https:\/\/alzira.es\/es\/wp-json\/wp\/v2\/users\/36"}],"replies":[{"embeddable":true,"href":"https:\/\/alzira.es\/es\/wp-json\/wp\/v2\/comments?post=129920"}],"wp:featuredmedia":[{"embeddable":true,"href":"https:\/\/alzira.es\/es\/wp-json\/wp\/v2\/media\/129918"}],"wp:attachment":[{"href":"https:\/\/alzira.es\/es\/wp-json\/wp\/v2\/media?parent=129920"}],"wp:term":[{"taxonomy":"post_tag","embeddable":true,"href":"https:\/\/alzira.es\/es\/wp-json\/wp\/v2\/tags?post=129920"},{"taxonomy":"mec_category","embeddable":true,"href":"https:\/\/alzira.es\/es\/wp-json\/wp\/v2\/mec_category?post=129920"}],"curies":[{"name":"wp","href":"https:\/\/api.w.org\/{rel}","templated":true}]}}

<div class="x11i5rnm xat24cr x1mh8g0r x1vvkbs xtlvy1s x126k92a">
<div dir="auto">
<p>📣📣 XIII FIRA D&#8217;ASSOCIACIONS</p>
<p>➡️Torna la Fira d&#8217;Associacions.</p>
<p>🗓️ El pròxim dissabte 5 de novembre un total de 24 associacions i entitats es donaran a conéixer en esta edició de la fira.</p>
<p>📍Com ja ve sent habitual estarem a la plaça Major de la nostra ciutat.</p>
<p>➡️Des de les 10.30 h del matí fins a les 21 h de la nit podrem gaudir de tallers, activitats, actuacions i moltes més coses 🤩</p>
<p>Vos esperem🤸🏻🤸‍♀️</p>
</div>
</div>
<div class="x11i5rnm xat24cr x1mh8g0r x1vvkbs xtlvy1s x126k92a">
<div dir="auto"></div>
</div>
<div class="x11i5rnm xat24cr x1mh8g0r x1vvkbs xtlvy1s x126k92a"><a href="https://alzira.es/wp-content/uploads/2022/10/313287574_446936447564831_3793145441509963227_n.jpeg" target="_blank" rel="noopener"><img fetchpriority="high" decoding="async" class="alignnone wp-image-129918 size-full" src="https://alzira.es/wp-content/uploads/2022/10/313287574_446936447564831_3793145441509963227_n.jpeg" alt="" width="1080" height="1350" srcset="https://alzira.es/wp-content/uploads/2022/10/313287574_446936447564831_3793145441509963227_n.jpeg 1080w, https://alzira.es/wp-content/uploads/2022/10/313287574_446936447564831_3793145441509963227_n-408x510.jpeg 408w, https://alzira.es/wp-content/uploads/2022/10/313287574_446936447564831_3793145441509963227_n-858x1072.jpeg 858w, https://alzira.es/wp-content/uploads/2022/10/313287574_446936447564831_3793145441509963227_n-768x960.jpeg 768w" sizes="(max-width: 706px) 89vw, (max-width: 767px) 82vw, 740px" /></a> <a href="https://alzira.es/wp-content/uploads/2022/10/311603103_446936450898164_3945563892944797296_n.jpeg" target="_blank" rel="noopener"><img decoding="async" class="alignleft wp-image-129916 size-full lazyload" data-src="https://alzira.es/wp-content/uploads/2022/10/311603103_446936450898164_3945563892944797296_n.jpeg" alt="" width="1080" height="1350" data-srcset="https://alzira.es/wp-content/uploads/2022/10/311603103_446936450898164_3945563892944797296_n.jpeg 1080w, https://alzira.es/wp-content/uploads/2022/10/311603103_446936450898164_3945563892944797296_n-408x510.jpeg 408w, https://alzira.es/wp-content/uploads/2022/10/311603103_446936450898164_3945563892944797296_n-858x1072.jpeg 858w, https://alzira.es/wp-content/uploads/2022/10/311603103_446936450898164_3945563892944797296_n-768x960.jpeg 768w" data-sizes="(max-width: 706px) 89vw, (max-width: 767px) 82vw, 740px" src="data:image/svg+xml;base64,PHN2ZyB3aWR0aD0iMSIgaGVpZ2h0PSIxIiB4bWxucz0iaHR0cDovL3d3dy53My5vcmcvMjAwMC9zdmciPjwvc3ZnPg==" style="--smush-placeholder-width: 1080px; --smush-placeholder-aspect-ratio: 1080/1350;" /></a></div>

<p>📣📣 XIII FIRA D&#8217;ASSOCIACIONS ➡️Torna la Fira d&#8217;Associacions. 🗓️ El pròxim dissabte 5 de novembre un total de 24 associacions i entitats es donaran a conéixer en esta edició de la fira. 📍Com ja ve sent habitual estarem a la plaça Major de la nostra ciutat. ➡️Des de les 10.30 h del matí fins a &hellip; </p>
<p class="link-more"><a href="https://alzira.es/es/agenda-alzira/xiii-fira-dassociacions/" class="more-link">Continuar leyendo<span class="screen-reader-text"> «XIII FIRA D&#8217;ASSOCIACIONS»</span></a></p>
