{"id":129679,"date":"2022-10-26T13:58:11","date_gmt":"2022-10-26T11:58:11","guid":{"rendered":"https:\/\/alzira.es\/?post_type=mec-events&#038;p=129679"},"modified":"2022-12-12T10:56:42","modified_gmt":"2022-12-12T09:56:42","slug":"la-colla-en-ruta-2","status":"publish","type":"mec-events","link":"https:\/\/alzira.es\/es\/agenda-alzira\/la-colla-en-ruta-2\/","title":{"rendered":"LA COLLA EN RUTA"},"content":{"rendered":"<p>Dissabte 17 de desembre de 2022<\/p>\n<p>\ud83d\udc49\ud83d\udc49\ud83d\udc49LA COLLA EN RUTA d\u00b4\u00c0 Punt.<br \/>\nEs comunica que la Colla en ruta passa al dissabte 17 de desembre.<br \/>\nActuaci\u00f3 de Dani Miquel a les 12.30, La Banda de Les Feretes i els presentadors Pau i Laia de La Colla.<\/p>\n<p>\ud83d\udccd Pla\u00e7a Major<br \/>\n\u23f0 a partir de les 10.30 hores<br \/>\n\ud83c\udfab Entrada lliure<br \/>\n\ud83d\udcc5Dissabte 17 de desembre de 2022<\/p>\n<p>A m\u00e9s podr\u00e0s gaudir de moltes m\u00e9s activitats<br \/>\n\ud83d\udc69\u200d\ud83c\udf73\ud83e\uddd1\u200d\ud83c\udf73Taller de cuina demostratiu infantil<br \/>\n\ud83d\udcf7Anamorfosis, fes-te la teua foto en 3D<br \/>\n\ud83d\udc5bMercat solidari de C\u00e1ritas<br \/>\n\ud83e\udd57Tast de cuines del M\u00f3n (dins de ls Setmana de la Cooperaci\u00f3 i la solidaritat)<\/p>\n<p><a href=\"https:\/\/alzira.es\/wp-content\/uploads\/2022\/09\/ALZIRA-VIU-EL-NADAL-PROGRAMA-2022_2023_compressed.pdf\" target=\"_blank\" rel=\"noopener\"><img fetchpriority=\"high\" decoding=\"async\" class=\"aligncenter wp-image-129680 size-full\" src=\"https:\/\/alzira.es\/wp-content\/uploads\/2022\/10\/fullet-Programacio-Cultural-tardor-2022-bona-qualitat_Pagina_17.png\" alt=\"\" width=\"3046\" height=\"2127\" srcset=\"https:\/\/alzira.es\/wp-content\/uploads\/2022\/10\/fullet-Programacio-Cultural-tardor-2022-bona-qualitat_Pagina_17.png 3046w, https:\/\/alzira.es\/wp-content\/uploads\/2022\/10\/fullet-Programacio-Cultural-tardor-2022-bona-qualitat_Pagina_17-680x475.png 680w, https:\/\/alzira.es\/wp-content\/uploads\/2022\/10\/fullet-Programacio-Cultural-tardor-2022-bona-qualitat_Pagina_17-1430x999.png 1430w, https:\/\/alzira.es\/wp-content\/uploads\/2022\/10\/fullet-Programacio-Cultural-tardor-2022-bona-qualitat_Pagina_17-768x536.png 768w, https:\/\/alzira.es\/wp-content\/uploads\/2022\/10\/fullet-Programacio-Cultural-tardor-2022-bona-qualitat_Pagina_17-1536x1073.png 1536w, https:\/\/alzira.es\/wp-content\/uploads\/2022\/10\/fullet-Programacio-Cultural-tardor-2022-bona-qualitat_Pagina_17-2048x1430.png 2048w\" sizes=\"(max-width: 706px) 89vw, (max-width: 767px) 82vw, 740px\" \/><\/a><\/p>\n","protected":false},"excerpt":{"rendered":"<p>Dissabte 17 de desembre de 2022 \ud83d\udc49\ud83d\udc49\ud83d\udc49LA COLLA EN RUTA d\u00b4\u00c0 Punt. Es comunica que la Colla en ruta passa al dissabte 17 de desembre. Actuaci\u00f3 de Dani Miquel a les 12.30, La Banda de Les Feretes i els presentadors Pau i Laia de La Colla. \ud83d\udccd Pla\u00e7a Major \u23f0 a partir de les 10.30 &hellip; <\/p>\n<p class=\"link-more\"><a href=\"https:\/\/alzira.es\/es\/agenda-alzira\/la-colla-en-ruta-2\/\" class=\"more-link\">Continuar leyendo<span class=\"screen-reader-text\"> \u00abLA COLLA EN RUTA\u00bb<\/span><\/a><\/p>\n","protected":false},"author":29,"featured_media":129862,"comment_status":"closed","ping_status":"closed","template":"","tags":[],"mec_category":[5092],"class_list":["post-129679","mec-events","type-mec-events","status-publish","has-post-thumbnail","hentry","mec_category-teatre-musical"],"acf":[],"_links":{"self":[{"href":"https:\/\/alzira.es\/es\/wp-json\/wp\/v2\/mec-events\/129679","targetHints":{"allow":["GET"]}}],"collection":[{"href":"https:\/\/alzira.es\/es\/wp-json\/wp\/v2\/mec-events"}],"about":[{"href":"https:\/\/alzira.es\/es\/wp-json\/wp\/v2\/types\/mec-events"}],"author":[{"embeddable":true,"href":"https:\/\/alzira.es\/es\/wp-json\/wp\/v2\/users\/29"}],"replies":[{"embeddable":true,"href":"https:\/\/alzira.es\/es\/wp-json\/wp\/v2\/comments?post=129679"}],"wp:featuredmedia":[{"embeddable":true,"href":"https:\/\/alzira.es\/es\/wp-json\/wp\/v2\/media\/129862"}],"wp:attachment":[{"href":"https:\/\/alzira.es\/es\/wp-json\/wp\/v2\/media?parent=129679"}],"wp:term":[{"taxonomy":"post_tag","embeddable":true,"href":"https:\/\/alzira.es\/es\/wp-json\/wp\/v2\/tags?post=129679"},{"taxonomy":"mec_category","embeddable":true,"href":"https:\/\/alzira.es\/es\/wp-json\/wp\/v2\/mec_category?post=129679"}],"curies":[{"name":"wp","href":"https:\/\/api.w.org\/{rel}","templated":true}]}}

<p>Dissabte 17 de desembre de 2022</p>
<p>👉👉👉LA COLLA EN RUTA d´À Punt.<br />
Es comunica que la Colla en ruta passa al dissabte 17 de desembre.<br />
Actuació de Dani Miquel a les 12.30, La Banda de Les Feretes i els presentadors Pau i Laia de La Colla.</p>
<p>📍 Plaça Major<br />
⏰ a partir de les 10.30 hores<br />
🎫 Entrada lliure<br />
📅Dissabte 17 de desembre de 2022</p>
<p>A més podràs gaudir de moltes més activitats<br />
👩‍🍳🧑‍🍳Taller de cuina demostratiu infantil<br />
📷Anamorfosis, fes-te la teua foto en 3D<br />
👛Mercat solidari de Cáritas<br />
🥗Tast de cuines del Món (dins de ls Setmana de la Cooperació i la solidaritat)</p>
<p><a href="https://alzira.es/wp-content/uploads/2022/09/ALZIRA-VIU-EL-NADAL-PROGRAMA-2022_2023_compressed.pdf" target="_blank" rel="noopener"><img fetchpriority="high" decoding="async" class="aligncenter wp-image-129680 size-full" src="https://alzira.es/wp-content/uploads/2022/10/fullet-Programacio-Cultural-tardor-2022-bona-qualitat_Pagina_17.png" alt="" width="3046" height="2127" srcset="https://alzira.es/wp-content/uploads/2022/10/fullet-Programacio-Cultural-tardor-2022-bona-qualitat_Pagina_17.png 3046w, https://alzira.es/wp-content/uploads/2022/10/fullet-Programacio-Cultural-tardor-2022-bona-qualitat_Pagina_17-680x475.png 680w, https://alzira.es/wp-content/uploads/2022/10/fullet-Programacio-Cultural-tardor-2022-bona-qualitat_Pagina_17-1430x999.png 1430w, https://alzira.es/wp-content/uploads/2022/10/fullet-Programacio-Cultural-tardor-2022-bona-qualitat_Pagina_17-768x536.png 768w, https://alzira.es/wp-content/uploads/2022/10/fullet-Programacio-Cultural-tardor-2022-bona-qualitat_Pagina_17-1536x1073.png 1536w, https://alzira.es/wp-content/uploads/2022/10/fullet-Programacio-Cultural-tardor-2022-bona-qualitat_Pagina_17-2048x1430.png 2048w" sizes="(max-width: 706px) 89vw, (max-width: 767px) 82vw, 740px" /></a></p>

<p>Dissabte 17 de desembre de 2022 👉👉👉LA COLLA EN RUTA d´À Punt. Es comunica que la Colla en ruta passa al dissabte 17 de desembre. Actuació de Dani Miquel a les 12.30, La Banda de Les Feretes i els presentadors Pau i Laia de La Colla. 📍 Plaça Major ⏰ a partir de les 10.30 &hellip; </p>
<p class="link-more"><a href="https://alzira.es/es/agenda-alzira/la-colla-en-ruta-2/" class="more-link">Continuar leyendo<span class="screen-reader-text"> «LA COLLA EN RUTA»</span></a></p>
