{"version":"1.0","provider_name":"Ajuntament d&#039;Alzira","provider_url":"https:\/\/alzira.es\/es\/","title":"BOSCOLETA D'ESTIU &#187; Ajuntament d&#039;Alzira","type":"rich","width":600,"height":338,"html":"<blockquote class=\"wp-embedded-content\" data-secret=\"giky7dO00Y\"><a href=\"https:\/\/alzira.es\/es\/agenda-alzira\/boscoleta-destiu\/\">BOSCOLETA D&#8217;ESTIU<\/a><\/blockquote><iframe sandbox=\"allow-scripts\" security=\"restricted\" src=\"https:\/\/alzira.es\/es\/agenda-alzira\/boscoleta-destiu\/embed\/#?secret=giky7dO00Y\" width=\"600\" height=\"338\" title=\"\u00abBOSCOLETA D&#8217;ESTIU\u00bb \u2014 Ajuntament d&#039;Alzira\" data-secret=\"giky7dO00Y\" frameborder=\"0\" marginwidth=\"0\" marginheight=\"0\" scrolling=\"no\" class=\"wp-embedded-content\"><\/iframe><script>\n\/*! This file is auto-generated *\/\n!function(d,l){\"use strict\";l.querySelector&&d.addEventListener&&\"undefined\"!=typeof URL&&(d.wp=d.wp||{},d.wp.receiveEmbedMessage||(d.wp.receiveEmbedMessage=function(e){var t=e.data;if((t||t.secret||t.message||t.value)&&!\/[^a-zA-Z0-9]\/.test(t.secret)){for(var s,r,n,a=l.querySelectorAll('iframe[data-secret=\"'+t.secret+'\"]'),o=l.querySelectorAll('blockquote[data-secret=\"'+t.secret+'\"]'),c=new RegExp(\"^https?:$\",\"i\"),i=0;i<o.length;i++)o[i].style.display=\"none\";for(i=0;i<a.length;i++)s=a[i],e.source===s.contentWindow&&(s.removeAttribute(\"style\"),\"height\"===t.message?(1e3<(r=parseInt(t.value,10))?r=1e3:~~r<200&&(r=200),s.height=r):\"link\"===t.message&&(r=new URL(s.getAttribute(\"src\")),n=new URL(t.value),c.test(n.protocol))&&n.host===r.host&&l.activeElement===s&&(d.top.location.href=t.value))}},d.addEventListener(\"message\",d.wp.receiveEmbedMessage,!1),l.addEventListener(\"DOMContentLoaded\",function(){for(var e,t,s=l.querySelectorAll(\"iframe.wp-embedded-content\"),r=0;r<s.length;r++)(t=(e=s[r]).getAttribute(\"data-secret\"))||(t=Math.random().toString(36).substring(2,12),e.src+=\"#?secret=\"+t,e.setAttribute(\"data-secret\",t)),e.contentWindow.postMessage({message:\"ready\",secret:t},\"*\")},!1)))}(window,document);\n\/\/# sourceURL=https:\/\/alzira.es\/wp-includes\/js\/wp-embed.min.js\n<\/script>\n","thumbnail_url":"https:\/\/alzira.es\/wp-content\/uploads\/2023\/06\/boscoleta-d-estiu.jpeg","thumbnail_width":1131,"thumbnail_height":1600,"description":"BOSCOLETA D\u2019ESTIU AL PARATGE NATURAL DE LA MURTA JULIOL 2023 &nbsp; Vols guadir de la Murta i convertir-te en tot un\/a guardi\u00e0\/na de la Natura? Apr\u00e8n sobre aus aut\u00f2ctones, com rastrejar mam\u00edfers, a diferenciar insectes i protegir als pol\u00b7linitzadors. Converteix-te en un\/a reconegut bot\u00e0nic\/a i ajuda a conservar la joia d\u2019Alzira. PROGRAMACI\u00d3 \u2014\u00a0BON DIA ESTUSIASME\u2014 &hellip; Continuar leyendo \"\""}

BOSCOLETA D’ESTIU AL PARATGE NATURAL DE LA MURTA JULIOL 2023 &nbsp; Vols guadir de la Murta i convertir-te en tot un/a guardià/na de la Natura? Aprèn sobre aus autòctones, com rastrejar mamífers, a diferenciar insectes i protegir als pol·linitzadors. Converteix-te en un/a reconegut botànic/a i ajuda a conservar la joia d’Alzira. PROGRAMACIÓ — BON DIA ESTUSIASME— &hellip; Continuar leyendo ""
