{"version":"1.0","provider_name":"Ajuntament d&#039;Alzira","provider_url":"https:\/\/alzira.es\/es\/","title":"Alzira aposta pel verd &#187; Ajuntament d&#039;Alzira","type":"rich","width":600,"height":338,"html":"<blockquote class=\"wp-embedded-content\" data-secret=\"iUFmYf0g0R\"><a href=\"https:\/\/alzira.es\/es\/agenda-alzira\/alzira-aposta-pel-verd\/\">Alzira aposta pel verd<\/a><\/blockquote><iframe sandbox=\"allow-scripts\" security=\"restricted\" src=\"https:\/\/alzira.es\/es\/agenda-alzira\/alzira-aposta-pel-verd\/embed\/#?secret=iUFmYf0g0R\" width=\"600\" height=\"338\" title=\"\u00abAlzira aposta pel verd\u00bb \u2014 Ajuntament d&#039;Alzira\" data-secret=\"iUFmYf0g0R\" frameborder=\"0\" marginwidth=\"0\" marginheight=\"0\" scrolling=\"no\" class=\"wp-embedded-content\"><\/iframe><script>\n\/*! This file is auto-generated *\/\n!function(d,l){\"use strict\";l.querySelector&&d.addEventListener&&\"undefined\"!=typeof URL&&(d.wp=d.wp||{},d.wp.receiveEmbedMessage||(d.wp.receiveEmbedMessage=function(e){var t=e.data;if((t||t.secret||t.message||t.value)&&!\/[^a-zA-Z0-9]\/.test(t.secret)){for(var s,r,n,a=l.querySelectorAll('iframe[data-secret=\"'+t.secret+'\"]'),o=l.querySelectorAll('blockquote[data-secret=\"'+t.secret+'\"]'),c=new RegExp(\"^https?:$\",\"i\"),i=0;i<o.length;i++)o[i].style.display=\"none\";for(i=0;i<a.length;i++)s=a[i],e.source===s.contentWindow&&(s.removeAttribute(\"style\"),\"height\"===t.message?(1e3<(r=parseInt(t.value,10))?r=1e3:~~r<200&&(r=200),s.height=r):\"link\"===t.message&&(r=new URL(s.getAttribute(\"src\")),n=new URL(t.value),c.test(n.protocol))&&n.host===r.host&&l.activeElement===s&&(d.top.location.href=t.value))}},d.addEventListener(\"message\",d.wp.receiveEmbedMessage,!1),l.addEventListener(\"DOMContentLoaded\",function(){for(var e,t,s=l.querySelectorAll(\"iframe.wp-embedded-content\"),r=0;r<s.length;r++)(t=(e=s[r]).getAttribute(\"data-secret\"))||(t=Math.random().toString(36).substring(2,12),e.src+=\"#?secret=\"+t,e.setAttribute(\"data-secret\",t)),e.contentWindow.postMessage({message:\"ready\",secret:t},\"*\")},!1)))}(window,document);\n\/\/# sourceURL=https:\/\/alzira.es\/wp-includes\/js\/wp-embed.min.js\n<\/script>\n","thumbnail_url":"https:\/\/alzira.es\/wp-content\/uploads\/2025\/05\/jornades.png","thumbnail_width":1083,"thumbnail_height":1531,"description":"\u267b\ufe0f \ud835\uddd4\ud835\uddf9\ud835\ude07\ud835\uddf6\ud835\uddff\ud835\uddee \ud835\uddee\ud835\uddfd\ud835\uddfc\ud835\ude00\ud835\ude01\ud835\uddee \ud835\uddfd\ud835\uddf2\ud835\uddf9 \ud835\ude03\ud835\uddf2\ud835\uddff\ud835\uddf1: en la nova edici\u00f3 de la Biosfira 2.0 i la segona edici\u00f3 de les Jornades Alzira en Verd, per a una Transici\u00f3 Ecol\u00f2gica Justa \ud83d\udcc5 Del19 al 25 de maig es concentren m\u00e9s de 70 \ud835\uddee\ud835\uddf0\ud835\ude01\ud835\uddf6\ud835\ude03\ud835\uddf6\ud835\ude01\ud835\uddee\ud835\ude01\ud835\ude00 entre xarrades, tallers, taules redones, m\u00fasica, expositors o mercat de la terra \ud83d\udfe2 Comen\u00e7arem &hellip; Continuar leyendo \"\""}

♻️ 𝗔𝗹𝘇𝗶𝗿𝗮 𝗮𝗽𝗼𝘀𝘁𝗮 𝗽𝗲𝗹 𝘃𝗲𝗿𝗱: en la nova edició de la Biosfira 2.0 i la segona edició de les Jornades Alzira en Verd, per a una Transició Ecològica Justa 📅 Del19 al 25 de maig es concentren més de 70 𝗮𝗰𝘁𝗶𝘃𝗶𝘁𝗮𝘁𝘀 entre xarrades, tallers, taules redones, música, expositors o mercat de la terra 🟢 Començarem &hellip; Continuar leyendo ""
